{"id":4387,"date":"2023-07-11T22:20:14","date_gmt":"2023-07-11T22:20:14","guid":{"rendered":"https:\/\/menagers-holding.fr\/?post_type=product&#038;p=4387"},"modified":"2025-09-23T16:04:44","modified_gmt":"2025-09-23T16:04:44","slug":"trotec-ttr-200-deshumidificateur-1110000010","status":"publish","type":"product","link":"https:\/\/menagers-holding.fr\/?product=trotec-ttr-200-deshumidificateur-1110000010","title":{"rendered":"TROTEC TTR 200 D\u00e9shumidificateur 1110000010 Split"},"content":{"rendered":"<p>D\u00e9shumidificateur d&rsquo;air ADSORPTION TTR 200.<\/p>\n<p>Le poids l\u00e9ger des d\u00e9shumidificateurs de qualit\u00e9 : Le TTR 200 extr\u00eamement compact et mobile<\/p>\n<p>Le TTR 200 est un d\u00e9shumidificateur d&rsquo;air extr\u00eamement compact et l\u00e9ger de qualit\u00e9 pour maintenir l&rsquo;air sec en continu ou pour les op\u00e9rations de s\u00e9chage mobiles lors de la restauration des d\u00e9g\u00e2ts de l&rsquo;eau.<\/p>\n<p>En s\u00e9rie, vous pouvez b\u00e9n\u00e9ficier de la r\u00e9gulation \u00e9lectronique avanc\u00e9e du d\u00e9bit d&rsquo;air Monoventic du TTR 200, qui permet un r\u00e9glage en continu de la quantit\u00e9 d&rsquo;air sec n\u00e9cessaire.<\/p>\n<p>De cette fa\u00e7on, vous pouvez d\u00e9finir la puissance de d\u00e9shumidification et la consommation d&rsquo;\u00e9nergie ainsi que le bruit du TTR 200 \u00e0 tout moment.<\/p>\n<p>De plus, une prise DIN pour circuits externes est d\u00e9j\u00e0 int\u00e9gr\u00e9e dans la version standard, ce qui permet le contr\u00f4le du TTR 200 via hygrostat, minuterie ou autres appareils de commutation externes avec prise DIN correspondante.<\/p>\n<p>De plus, les nombreux accessoires de syst\u00e8me TRR offrent des possibilit\u00e9s d&rsquo;utilisation flexibles qui permettent de fixer des raccords de tuyau ou de tuyau \u00e0 l&rsquo;entr\u00e9e d&rsquo;air r\u00e9g\u00e9n\u00e9rant du TTR 200 ou d&rsquo;utiliser diff\u00e9rents filtres Z-Line de diff\u00e9rentes cat\u00e9gories de filtres avec le d\u00e9shumidificateur.<\/p>\n<div class=\"celwidget aplus-module module-2 aplus-standard\" data-csa-c-id=\"3xe0tc-8swkbi-99qf90-d698pp\" data-cel-widget=\"aplus-m-module-2\">\n<div class=\"aplus-module-wrapper apm-spacing apm-floatnone\">\n<h3 class=\"a-spacing-mini\">Produit con\u00e7u en Allemagne par Trotec.<\/h3>\n<p>Ses possibilit\u00e9s d&rsquo;utilisation variables, combin\u00e9es au faible encombrement et \u00e0 une d\u00e9shumidification s\u00fbre, m\u00eame en cas de point de ros\u00e9e faible, font du d\u00e9shumidificateur TTR 200 une solution optimale pour le maintien au sec des petites salles de stockage ou des salles de production, pour la d\u00e9shumidification permanente dans les installations hydrographiques ou pour les op\u00e9rations de d\u00e9shumidification dans le b\u00e2timent.<\/p>\n<p>Le d\u00e9shumidificateur TTR 200 dispose d&rsquo;un c\u00f4t\u00e9 aspirant d&rsquo;un couvercle de filtre \u00e0 clipser avec fermeture \u00e0 clip pratique pour un changement rapide du filtre sans avoir \u00e0 ouvrir l&rsquo;appareil.<\/p>\n<\/div>\n<\/div>\n<div class=\"celwidget aplus-module module-3 aplus-standard\" data-csa-c-id=\"2z9t2z-1o52d0-nl1st3-7dalwl\" data-cel-widget=\"aplus-m-module-3\">\n<div class=\"aplus-module-wrapper apm-spacing apm-floatnone\">\n<div class=\"apm-sidemodule\">\n<p>Le d\u00e9shumidificateur d&rsquo;air d&rsquo;adsorption TTR 200 comprend \u00e9galement un chauffage \u00e0 air r\u00e9g\u00e9n\u00e9rant autor\u00e9gulant en \u00e9l\u00e9ments de thermistance (PTC), qui d\u00e9pend de la temp\u00e9rature d&rsquo;entr\u00e9e de l&rsquo;air et du volume d&rsquo;air de r\u00e9g\u00e9n\u00e9ration.<\/p>\n<p>L&rsquo;avantage de cette solution r\u00e9side d&rsquo;une part dans l&rsquo;adaptation optimale de la puissance, d&rsquo;autre part, une surchauffe n&rsquo;est pas possible, de sorte qu&rsquo;aucun thermostat de s\u00e9curit\u00e9 n&rsquo;est n\u00e9cessaire.<\/p>\n<p>Ce d\u00e9shumidificateur d&rsquo;adsorption robuste est con\u00e7u pour des quantit\u00e9s d&rsquo;air sec jusqu&rsquo;\u00e0 120 m\u00b3\/h. Gr\u00e2ce \u00e0 ses dimensions compactes et \u00e0 son poids l\u00e9ger, il est id\u00e9al pour les utilisations mobiles.<\/p>\n<h3 class=\"a-spacing-mini\">Avantages pour la pratique :<\/h3>\n<p>D\u00e9bit d&rsquo;air &#8211; R\u00e9glable en continu &#8211; Changement de filtre rapide et facile &#8211; Construction facile \u00e0 entretenir et \u00e0 entretenir &#8211; Convient pour les installations dans les faux plafonds &#8211; Bo\u00eetier en t\u00f4le d&rsquo;acier, galvanis\u00e9 et rev\u00eatu par pulv\u00e9risation &#8211; Peu encombrant &#8211; Composants de qualit\u00e9 sup\u00e9rieure &#8211; Design industriel allemand optimis\u00e9 &#8211; Raccordement hygrostat prot\u00e9g\u00e9 &#8211; Durable, robuste et fiable.<\/p>\n<div id=\"aplus_feature_div\" class=\"celwidget\" data-feature-name=\"aplus\" data-csa-c-type=\"widget\" data-csa-c-content-id=\"aplus\" data-csa-c-slot-id=\"aplus_feature_div\" data-csa-c-asin=\"\" data-csa-c-is-in-initial-active-row=\"false\" data-csa-c-id=\"gkp90f-2ndo29-mzd4ya-rc4zzo\" data-cel-widget=\"aplus_feature_div\">\n<div class=\"a-cardui-deck dp-widget-card-deck celwidget\" data-a-remove-bottom-gutter=\"\" data-csa-c-id=\"1ywr14-llhw5a-jiccfq-uis0cj\" data-cel-widget=\"\">\n<div class=\"a-cardui feature\" data-a-card-type=\"basic\" data-cel-widget=\"\">\n<div class=\"aplus-v2 mobile celwidget\" data-csa-c-id=\"jmweif-ebzvt4-ganllf-ygw6gy\" data-cel-widget=\"m-aplus\">\n<div class=\"celwidget aplus-module module-3 aplus-standard\" data-csa-c-id=\"xo4soo-9nruo8-35gqg8-s0kjn3\" data-cel-widget=\"aplus-m-module-3\">\n<div class=\"aplus-module-wrapper apm-spacing apm-floatnone\">\n<div class=\"apm-sidemodule\">\n<p>D\u00e9shumidification \u00e0 l&rsquo;air sec : 8,4 kg\/24 h. D\u00e9bit d&rsquo;air : 120 m\u00b3\/h. D\u00e9bit d&rsquo;air r\u00e9g\u00e9n\u00e9rant : 15 m\u00b3\/h &#8211; Raccordement au r\u00e9seau : 230 V \/ 50 &#8211; 60 Hz &#8211; Consommation nominale : 1,8 &#8211; Puissance : 0,45 kW Valeurs acoustiques : 60 dB &#8211; Poids : 9 kg.<\/p>\n<\/div>\n<\/div>\n<\/div>\n<\/div>\n<\/div>\n<\/div>\n<\/div>\n<ol>\n<li id=\"aplusSustainabilityStory_feature_div\" class=\"celwidget\" data-feature-name=\"aplusSustainabilityStory\" data-csa-c-type=\"widget\" data-csa-c-content-id=\"aplusSustainabilityStory\" data-csa-c-slot-id=\"aplusSustainabilityStory_feature_div\" data-csa-c-is-in-initial-active-row=\"false\" data-csa-c-id=\"z8ch7y-8p7e1w-wzzk4q-w9bql8\" data-cel-widget=\"aplusSustainabilityStory_feature_div\"><\/li>\n<\/ol>\n<div id=\"featureBulletsAndDetailBullets_feature_div\" class=\"celwidget\" data-feature-name=\"featureBulletsAndDetailBullets_RI_with_hoc_wdgs\" data-csa-c-type=\"widget\" data-csa-c-content-id=\"featureBulletsAndDetailBullets_RI_with_hoc_wdgs\" data-csa-c-slot-id=\"featureBulletsAndDetailBullets_feature_div\" data-csa-c-asin=\"\" data-csa-c-is-in-initial-active-row=\"false\" data-csa-c-id=\"y2s3ym-ekm3bg-30joyl-jwuwxv\" data-cel-widget=\"featureBulletsAndDetailBullets_feature_div\">\n<div class=\"a-cardui-deck dp-widget-card-deck celwidget\" data-a-remove-bottom-gutter=\"\" data-csa-c-id=\"l791be-21si5f-i7f32m-n4ydk0\" data-cel-widget=\"\">\n<div class=\"a-cardui feature\" data-a-card-type=\"basic\" data-cel-widget=\"\">\n<div class=\"a-section a-spacing-none\" data-feature-name=\"featureBulletsAndDetailBullets\" data-template-name=\"featureBulletsAndDetailBullets\">\n<div id=\"productDetails_secondary_view_div\" class=\"a-section\">\n<h3>Informations sur le produit<\/h3>\n<div id=\"productDetails_techSpec_sections\" class=\"a-section\">\n<h4><\/h4>\n<table id=\"productDetails_techSpec_section_1\" class=\"a-keyvalue prodDetTable\" role=\"presentation\">\n<tbody>\n<tr>\n<th class=\"a-span3 prodDetSectionEntry\">Fabricant<\/th>\n<td class=\"a-span9 a-align-center prodDetSectionEntry\">\u200eTROTEC<\/td>\n<\/tr>\n<tr>\n<th class=\"a-span3 prodDetSectionEntry\">Dimensions du produit (L x l x h)<\/th>\n<td class=\"a-span9 a-align-center prodDetSectionEntry\">\u200e30,5 x 26 x 28,5 cm; 10,03 kilogrammes<\/td>\n<\/tr>\n<tr>\n<th class=\"a-span3 prodDetSectionEntry\">R\u00e9f\u00e9rence<\/th>\n<td class=\"a-span9 a-align-center prodDetSectionEntry\">\u200e1110000010<\/td>\n<\/tr>\n<tr>\n<th class=\"a-span3 prodDetSectionEntry\">Couleur<\/th>\n<td class=\"a-span9 a-align-center prodDetSectionEntry\">\u200eNoir<\/td>\n<\/tr>\n<tr>\n<th class=\"a-span3 prodDetSectionEntry\">Quantit\u00e9 d&rsquo;articles<\/th>\n<td class=\"a-span9 a-align-center prodDetSectionEntry\">\u200e1<\/td>\n<\/tr>\n<tr>\n<th class=\"a-span3 prodDetSectionEntry\">Nombre de pi\u00e8ces<\/th>\n<td class=\"a-span9 a-align-center prodDetSectionEntry\">\u200e1<\/td>\n<\/tr>\n<tr>\n<th class=\"a-span3 prodDetSectionEntry\">Composants inclus<\/th>\n<td class=\"a-span9 a-align-center prodDetSectionEntry\">\u200eD\u00e9shumidificateur<\/td>\n<\/tr>\n<tr>\n<th class=\"a-span3 prodDetSectionEntry\">Piles incluses ?<\/th>\n<td class=\"a-span9 a-align-center prodDetSectionEntry\">\u200eNon<\/td>\n<\/tr>\n<tr>\n<th class=\"a-span3 prodDetSectionEntry\">Batterie(s) \/ Pile(s) requise(s)<\/th>\n<td class=\"a-span9 a-align-center prodDetSectionEntry\">\u200eNon<\/td>\n<\/tr>\n<tr>\n<th class=\"a-span3 prodDetSectionEntry\">Disponibilit\u00e9 des pi\u00e8ces d\u00e9tach\u00e9es<\/th>\n<td class=\"a-span9 a-align-center prodDetSectionEntry\">\u200eInformation indisponible sur les pi\u00e8ces d\u00e9tach\u00e9es<\/td>\n<\/tr>\n<\/tbody>\n<\/table>\n<\/div>\n<div class=\"a-section\">\n<h4>Informations compl\u00e9mentaires<\/h4>\n<ul id=\"productDetails_detailBullets_sections\" class=\"a-unordered-list a-nostyle a-vertical a-spacing-none\">\n<li><span class=\"a-list-item\"><span class=\"a-text-bold\">ASIN :<\/span> B00NFFFA2A<\/span><\/li>\n<\/ul>\n<\/div>\n<\/div>\n<\/div>\n<\/div>\n<\/div>\n<\/div>\n<\/div>\n<\/div>\n<\/div>\n<p>**Points forts :** Puissant, silencieux et \u00e9conomique.<br \/>\n**Pourquoi choisir ce produit ?** Pour un confort optimal toute l\u2019ann\u00e9e.<\/p>\n","protected":false},"excerpt":{"rendered":"<div id=\"productOverview_feature_div\" class=\"a-section a-spacing-none celwidget t-prnt t-full\" data-csa-c-asin=\"\" data-csa-c-content-id=\"productOverview_with_hoc_wdgs\" data-csa-c-is-in-initial-active-row=\"false\" data-csa-c-slot-id=\"productOverview_feature_div\" data-csa-c-type=\"widget\" data-feature-name=\"productOverview_with_hoc_wdgs\" data-template-name=\"productOverview_with_hoc_wdgs\" data-csa-c-id=\"8irqfq-gk6u1k-a9zx2i-495n1s\" data-cel-widget=\"productOverview_feature_div\">\n<div class=\"a-cardui-deck dp-widget-card-deck\" data-a-remove-bottom-gutter=\"\">\n<div class=\"a-cardui\" data-a-card-type=\"basic\">\n<div class=\"a-cardui-header\">\n<div class=\"a-cardui-title\">\n<h3 class=\"a-size-medium a-cardui-title-text\"><span class=\"a-truncate\" data-a-word-break=\"normal\" data-a-max-rows=\"3\" data-a-overflow-marker=\"&amp;hellip;\" data-a-recalculate=\"false\" data-a-updated=\"true\"><span class=\"a-truncate-cut\" aria-hidden=\"true\">D\u00e9tails du produit<\/span><\/span><\/h3>\n<\/div>\n<\/div>\n<div class=\"a-cardui-body\">\n<div class=\"a-row po-brand\">\n<div class=\"a-column a-span5\"><span class=\"a-size-base a-color-tertiary\">Marque<\/span><\/div>\n<div class=\"a-column a-span7 a-span-last\"><span class=\"a-size-base a-color-base\">TROTEC<\/span><\/div>\n<\/div>\n<div class=\"a-row a-spacing-top-base po-color\">\n<div class=\"a-column a-span5\"><span class=\"a-size-base a-color-tertiary\">Couleur<\/span><\/div>\n<div class=\"a-column a-span7 a-span-last\"><span class=\"a-size-base a-color-base\">Noir<\/span><\/div>\n<\/div>\n<div class=\"a-row a-spacing-top-base po-number_of_speeds\">\n<div class=\"a-column a-span5\"><span class=\"a-size-base a-color-tertiary\">Nombre de vitesses<\/span><\/div>\n<div class=\"a-column a-span7 a-span-last\"><span class=\"a-size-base a-color-base\">1<\/span><\/div>\n<\/div>\n<div class=\"a-row a-spacing-top-base po-included_components\">\n<div class=\"a-column a-span5\"><span class=\"a-size-base a-color-tertiary\">Composants inclus<\/span><\/div>\n<div class=\"a-column a-span7 a-span-last\"><span class=\"a-size-base a-color-base\">D\u00e9shumidificateur<\/span><\/div>\n<\/div>\n<div class=\"a-row a-spacing-top-base po-operation_mode\">\n<div class=\"a-column a-span5\"><span class=\"a-size-base a-color-tertiary\">Mode de fonctionnement<\/span><\/div>\n<div class=\"a-column a-span7 a-span-last\"><span class=\"a-size-base a-color-base\">Continu<\/span><\/div>\n<\/div>\n<\/div>\n<\/div>\n<\/div>\n<hr class=\"a-divider-normal\" aria-hidden=\"true\" \/>\n<\/div>\n<div id=\"aboutThisItem_atf_hardlines_feature_div\" class=\"a-section a-spacing-none celwidget t-prnt t-full\" data-csa-c-asin=\"\" data-csa-c-content-id=\"featureBulletsAndDescription_with_hoc_wdgs\" data-csa-c-is-in-initial-active-row=\"false\" data-csa-c-slot-id=\"aboutThisItem_atf_hardlines_feature_div\" data-csa-c-type=\"widget\" data-feature-name=\"featureBulletsAndDescription_with_hoc_wdgs\" data-template-name=\"featureBulletsAndDescription_with_hoc_wdgs\" data-csa-c-id=\"7s68m8-k4mm5q-b7iax8-eonxwj\" data-cel-widget=\"aboutThisItem_atf_hardlines_feature_div\">\n<div id=\"featureBulletsAndDescription_feature_div\" class=\"a-section a-spacing-none\" data-feature-name=\"featureBulletsAndDescription\" data-template-name=\"featureBulletsAndDescription\">\n<div id=\"aboutThisItem-content-featureBulletsAndDescription\"><\/div>\n<div class=\"a-expander-collapsed-height a-row a-expander-container a-spacing-base a-expander-partial-collapse-container\" data-collapse-scroll-anchor-id=\"aboutThisItem-content-featureBulletsAndDescription\" data-feature=\"featureBulletsAndDescription\" data-a-expander-name=\"aboutThisItemExpander\" data-a-expander-collapsed-height=\"144\">\n<div id=\"featureBulletsAndDescription-expander-content\" class=\"a-expander-content a-expander-partial-collapse-content\" aria-expanded=\"false\">\n<div id=\"featurebullets_feature_div\" class=\"a-section\">\n<div id=\"feature-bullets\" class=\"a-section a-spacing-small\">\n<ul class=\"a-unordered-list a-vertical a-spacing-none\">\n<li class=\"a-spacing-mini\"><span class=\"a-list-item\">Capacit\u00e9 de d\u00e9shumidification\u202f: Max.: 0,35\u00a0kg\/h<\/span><\/li>\n<li class=\"a-spacing-mini\"><span class=\"a-list-item\">R\u00e9glable avec d\u00e9bit d&rsquo;air\u202f: 40\u2013120\u00a0m\u00b3\/h<\/span><\/li>\n<li class=\"a-spacing-mini\"><span class=\"a-list-item\">Espace de travail temp\u00e9rature de fonctionnement\u202f: 15\u00a0\u00b0\u00a0\u2013\u00a0+ 35\u00a0\u00b0C<\/span><\/li>\n<li class=\"a-spacing-mini\"><span class=\"a-list-item\">Humidit\u00e9 n\u00e9cessaire au bon fonctionnement\u202f: 0\u00a0\u00e0100%<\/span><\/li>\n<li class=\"a-spacing-mini\"><span class=\"a-list-item\">Puissance absorb\u00e9e max.: 0,45\u00a0kW<\/span><\/li>\n<li>Livraison gratuite en 48 heures<\/li>\n<\/ul>\n<\/div>\n<\/div>\n<\/div>\n<\/div>\n<\/div>\n<\/div>\n<p>Con\u00e7u pour le confort, la puissance et la faible consommation.<\/p>\n","protected":false},"featured_media":4960,"comment_status":"closed","ping_status":"closed","template":"","meta":[],"product_brand":[],"product_cat":[165,180],"product_tag":[],"class_list":{"0":"post-4387","1":"product","2":"type-product","3":"status-publish","6":"product_cat-climatiseur","7":"product_cat-electromenagers","9":"first","10":"instock","11":"sale","12":"taxable","13":"shipping-taxable","14":"purchasable","15":"product-type-simple"},"_links":{"self":[{"href":"https:\/\/menagers-holding.fr\/index.php?rest_route=\/wp\/v2\/product\/4387","targetHints":{"allow":["GET"]}}],"collection":[{"href":"https:\/\/menagers-holding.fr\/index.php?rest_route=\/wp\/v2\/product"}],"about":[{"href":"https:\/\/menagers-holding.fr\/index.php?rest_route=\/wp\/v2\/types\/product"}],"replies":[{"embeddable":true,"href":"https:\/\/menagers-holding.fr\/index.php?rest_route=%2Fwp%2Fv2%2Fcomments&post=4387"}],"wp:featuredmedia":[{"embeddable":true,"href":"https:\/\/menagers-holding.fr\/index.php?rest_route=\/wp\/v2\/media\/4960"}],"wp:attachment":[{"href":"https:\/\/menagers-holding.fr\/index.php?rest_route=%2Fwp%2Fv2%2Fmedia&parent=4387"}],"wp:term":[{"taxonomy":"product_brand","embeddable":true,"href":"https:\/\/menagers-holding.fr\/index.php?rest_route=%2Fwp%2Fv2%2Fproduct_brand&post=4387"},{"taxonomy":"product_cat","embeddable":true,"href":"https:\/\/menagers-holding.fr\/index.php?rest_route=%2Fwp%2Fv2%2Fproduct_cat&post=4387"},{"taxonomy":"product_tag","embeddable":true,"href":"https:\/\/menagers-holding.fr\/index.php?rest_route=%2Fwp%2Fv2%2Fproduct_tag&post=4387"}],"curies":[{"name":"wp","href":"https:\/\/api.w.org\/{rel}","templated":true}]}}