{"id":4159,"date":"2023-03-30T03:55:34","date_gmt":"2023-03-30T03:55:34","guid":{"rendered":"https:\/\/menagers-holding.fr\/?post_type=product&#038;p=4159"},"modified":"2025-09-23T08:32:09","modified_gmt":"2025-09-23T08:32:09","slug":"appareil-a-charge-libre-xtreme-2-se","status":"publish","type":"product","link":"https:\/\/menagers-holding.fr\/?product=appareil-a-charge-libre-xtreme-2-se","title":{"rendered":"Appareil \u00e0 Charge Libre Xtreme 2 SE"},"content":{"rendered":"<p>R\u00e9f\u00e9rence : MESFR20170508<br \/>\nMarque : Bowflex.<br \/>\nBowflex.<br \/>\nLa station de musculation Xtreme 2SE de Bowflex est dot\u00e9 d\u2019un syste\u0300me de re\u0301sistance brevete\u0301, le Power Rod, en fibre de carbone, qui garantit une charge progressive et offre une re\u0301sistance aussi agre\u0301able que les poids libres mais sans l\u2019inertie qui leur est associe\u0301e.<br \/>\nCette presse \u00e0 charge propose plus de 70 exercices : passez des squats aux exercices de jambes sans changer de ca\u0302bles, travaillez dos et e\u0301paules gra\u0302ce aux lat tower.<br \/>\nL&rsquo;appareil de musculation Bowflex offre une r\u00e9sistance de 95 kg maximum. Ce type de r\u00e9sistance \u00e0 la particularit\u00e9 d\u2019\u00eatre d\u2019une aussi bonne qualit\u00e9 que les poids libres, mais sans inertie et sans douleurs articulaires qui peuvent \u00eatres li\u00e9es \u00e0 la charge des poids libres.<br \/>\nPour vous fournir des exercices complets et vari\u00e9s, l&rsquo;Xtreme 2SE comprend :<br \/>\nune barre Lat inclin\u00e9e pour travailler les muscles des \u00e9paules<br \/>\nune station squat \u00e0 4 positions pour les fessiers, ischion-jambiers et squats<br \/>\nun harnais d\u2019\u00e9paule ab et barre de poulie pour d\u00e9velopper les abdominaux<br \/>\nun si\u00e8ge r\u00e9glable pour les exercices de jambes et de genoux<br \/>\nune poign\u00e9e ergonomique pour plus de flexibilit\u00e9 et de performance<br \/>\nCet appareil \u00e0 charge domestique mesure 147 x 124,5 x 210 cm (L,l,h) et p\u00e8se 84 kg.<br \/>\nLe poids de l&rsquo;utilisateur ne doit pas d\u00e9passer les 136 kg au maximum. Le Xtreme 2 SE est garanti 2 ans.<\/p>\n<p>**Points forts :** Fiabilit\u00e9, praticit\u00e9 et prix abordable.<br \/>\n**Pourquoi choisir ce produit ?** Convient \u00e0 divers besoins du quotidien.<\/p>\n","protected":false},"excerpt":{"rendered":"<p>Informations<br \/>\nCode produit 100348<br \/>\nCaracteristiques<br \/>\nNom Fabricant Appareil \u00e0 Charge Libre Xtreme 2 SE<br \/>\nPoids 84 Kg<br \/>\nGarantie 2 ans<br \/>\nPour qui Pour Tous<br \/>\nMuscles travaill\u00e9s Multifonction<br \/>\nCharge maximum 136 Kg<br \/>\nPliable Non<br \/>\nFr\u00e9quence Intensif<br \/>\nNombre d&rsquo;exercices Plus de 70<br \/>\nDimensions<br \/>\nLargeur 124 cm<br \/>\nLongueur 135 cm<br \/>\nHauteur 208 cm<br \/>\nLogistique<br \/>\nTransport inclus en france (autres pays, nous consulter)<br \/>\nD\u00e9lai de Livraison 48 Heures<br \/>\nConditionnement Carton<br \/>\nType de livraison Messagerie<\/p>\n<p>&nbsp;<\/p>\n<p>Cet appareil \u00e0 charge domestique vous offre des entrainements vari\u00e9s et en tout simplicit\u00e9. Plus de 70 exercices sont possibles pour travailler tout votre corps. Fiable et adapt\u00e9 \u00e0 vos besoins quotidiens.<\/p>\n","protected":false},"featured_media":4160,"comment_status":"closed","ping_status":"closed","template":"","meta":[],"product_brand":[],"product_cat":[181],"product_tag":[],"class_list":{"0":"post-4159","1":"product","2":"type-product","3":"status-publish","6":"product_cat-sport","8":"first","9":"instock","10":"sale","11":"taxable","12":"shipping-taxable","13":"purchasable","14":"product-type-simple"},"_links":{"self":[{"href":"https:\/\/menagers-holding.fr\/index.php?rest_route=\/wp\/v2\/product\/4159","targetHints":{"allow":["GET"]}}],"collection":[{"href":"https:\/\/menagers-holding.fr\/index.php?rest_route=\/wp\/v2\/product"}],"about":[{"href":"https:\/\/menagers-holding.fr\/index.php?rest_route=\/wp\/v2\/types\/product"}],"replies":[{"embeddable":true,"href":"https:\/\/menagers-holding.fr\/index.php?rest_route=%2Fwp%2Fv2%2Fcomments&post=4159"}],"wp:featuredmedia":[{"embeddable":true,"href":"https:\/\/menagers-holding.fr\/index.php?rest_route=\/wp\/v2\/media\/4160"}],"wp:attachment":[{"href":"https:\/\/menagers-holding.fr\/index.php?rest_route=%2Fwp%2Fv2%2Fmedia&parent=4159"}],"wp:term":[{"taxonomy":"product_brand","embeddable":true,"href":"https:\/\/menagers-holding.fr\/index.php?rest_route=%2Fwp%2Fv2%2Fproduct_brand&post=4159"},{"taxonomy":"product_cat","embeddable":true,"href":"https:\/\/menagers-holding.fr\/index.php?rest_route=%2Fwp%2Fv2%2Fproduct_cat&post=4159"},{"taxonomy":"product_tag","embeddable":true,"href":"https:\/\/menagers-holding.fr\/index.php?rest_route=%2Fwp%2Fv2%2Fproduct_tag&post=4159"}],"curies":[{"name":"wp","href":"https:\/\/api.w.org\/{rel}","templated":true}]}}