{"id":4021,"date":"2023-03-27T15:54:21","date_gmt":"2023-03-27T15:54:21","guid":{"rendered":"https:\/\/menagers-holding.fr\/?post_type=product&#038;p=4021"},"modified":"2025-09-24T02:03:52","modified_gmt":"2025-09-24T02:03:52","slug":"kit-piscine-enterree-cash-bloc-urban-5x5-m-escalier-reference-kit-0100","status":"publish","type":"product","link":"https:\/\/menagers-holding.fr\/?product=kit-piscine-enterree-cash-bloc-urban-5x5-m-escalier-reference-kit-0100","title":{"rendered":"KIT PISCINE ENTERREE CASH BLOC URBAN 5&#215;5 M + ESCALIER R\u00e9f\u00e9rence : KIT-0100"},"content":{"rendered":"<p>CARACT\u00c9RISTIQUES PRODUIT<\/p>\n<p>Dimensions : 5 x 5 m<br \/>\nFiltration : 10 m3\/h<br \/>\nForme : rectangle<br \/>\nSurface de nage : 25 m\u00b2<br \/>\nVolume d&rsquo;eau estim\u00e9 : 35 m3<br \/>\nRev\u00eatement : liner 75\/100 Serenity<\/p>\n<p>**Points forts :** R\u00e9sistant aux conditions ext\u00e9rieures, facile d\u2019entretien.<br \/>\n**Pourquoi choisir ce produit ?** Parfait pour profiter de votre ext\u00e9rieur en toute s\u00e9r\u00e9nit\u00e9.<\/p>\n","protected":false},"excerpt":{"rendered":"<p>OBTENEZ D\u00c8S MAINTENANT LA PISCINE DE VOS R\u00caVES<\/p>\n<p>Pour que vous puissez acqu\u00e9rir votre piscine plus facilement, Cash Piscines vous propose des facilit\u00e9s de paiement gr\u00e2ce \u00e0 son partenaire Oney. Ainsi, vous pourrez \u00e9chelonner le paiement sur plusieurs mensualit\u00e9s. Pour ce faire, vous n&rsquo;avez qu&rsquo;\u00e0 compl\u00e9ter un formulaire avant d&rsquo;obtenir votre r\u00e9ponse quasi-imm\u00e9diatement.<\/p>\n<p>Caract\u00e9ristiques<br \/>\nPr\u00e9cision(s) Prix pour l\u2019ensemble du mat\u00e9riel, hors b\u00e9ton et ferraillage. Terrassement, transport et main d\u2019\u0153uvre non inclus<br \/>\nRevetement liner 75\/100 Serenity<br \/>\nDimensions 5&#215;5 m<br \/>\nForme Carr\u00e9e<br \/>\nSurface de nage 25 m\u00b2<br \/>\nVolume d&rsquo;eau 35 m3<br \/>\nType de filtration Ensemble pompe de filtration + filtre \u00e0 sable<br \/>\nD\u00e9bit filtration 10 m3\/h<br \/>\nAccessoire(s) inclus<br \/>\nBlocs \u00e0 coffrer<br \/>\nSyst\u00e8me de filtration<br \/>\nPi\u00e8ces \u00e0 sceller<br \/>\nLiner<br \/>\nEscalier<br \/>\nTuyaux &amp; Raccords<br \/>\nPack \u00e9lectrique &amp; \u00c9clairage<\/p>\n<p>&nbsp;<\/p>\n<p>D\u00c9COUVREZ LA PISCINE URBAN 5X5M EN EXCLUSIVIT\u00c9 CHEZ CASH PISCINES<br \/>\nVous pensez qu\u2019habiter en ville ne vous donne pas le droit d\u2019obtenir une piscine enterr\u00e9e ? Vous serez content d\u2019apprendre que votre terrain exigu pourra quand m\u00eame accueillir une piscine enterr\u00e9e, et cela gr\u00e2ce aux kits Cash Bloc de Cash Piscines ! La gamme Urban a \u00e9t\u00e9 d\u00e9velopp\u00e9 dans le but de proposer des bassins adapt\u00e9s aux contraintes urbaines comme le manque d\u2019espace.<\/p>\n<p>En choisissant la piscine Urban 5x5m, vous obtiendrez un bassin tout \u00e9quip\u00e9 \u00e0 monter vous-m\u00eame, le tout en un temps record. En effet, nos blocs en polystyr\u00e8ne sont bien plus faciles \u00e0 manipuler et \u00e0 assembler que des parpaings classiques.<\/p>\n<p>L\u2019auto-construction vous permet \u00e9galement de ne pas avoir recours \u00e0 un pisciniste. Par cons\u00e9quent, vous r\u00e9aliserez des \u00e9conomies non-n\u00e9gligeables pour l\u2019obtention de votre piscine Robuste, pratique et adapt\u00e9 \u00e0 l\u2019ext\u00e9rieur.<\/p>\n","protected":false},"featured_media":4981,"comment_status":"closed","ping_status":"closed","template":"","meta":[],"product_brand":[],"product_cat":[158,157],"product_tag":[],"class_list":{"0":"post-4021","1":"product","2":"type-product","3":"status-publish","6":"product_cat-piscine","7":"product_cat-terrasse-et-jardin","9":"first","10":"instock","11":"sale","12":"taxable","13":"shipping-taxable","14":"purchasable","15":"product-type-simple"},"_links":{"self":[{"href":"https:\/\/menagers-holding.fr\/index.php?rest_route=\/wp\/v2\/product\/4021","targetHints":{"allow":["GET"]}}],"collection":[{"href":"https:\/\/menagers-holding.fr\/index.php?rest_route=\/wp\/v2\/product"}],"about":[{"href":"https:\/\/menagers-holding.fr\/index.php?rest_route=\/wp\/v2\/types\/product"}],"replies":[{"embeddable":true,"href":"https:\/\/menagers-holding.fr\/index.php?rest_route=%2Fwp%2Fv2%2Fcomments&post=4021"}],"wp:featuredmedia":[{"embeddable":true,"href":"https:\/\/menagers-holding.fr\/index.php?rest_route=\/wp\/v2\/media\/4981"}],"wp:attachment":[{"href":"https:\/\/menagers-holding.fr\/index.php?rest_route=%2Fwp%2Fv2%2Fmedia&parent=4021"}],"wp:term":[{"taxonomy":"product_brand","embeddable":true,"href":"https:\/\/menagers-holding.fr\/index.php?rest_route=%2Fwp%2Fv2%2Fproduct_brand&post=4021"},{"taxonomy":"product_cat","embeddable":true,"href":"https:\/\/menagers-holding.fr\/index.php?rest_route=%2Fwp%2Fv2%2Fproduct_cat&post=4021"},{"taxonomy":"product_tag","embeddable":true,"href":"https:\/\/menagers-holding.fr\/index.php?rest_route=%2Fwp%2Fv2%2Fproduct_tag&post=4021"}],"curies":[{"name":"wp","href":"https:\/\/api.w.org\/{rel}","templated":true}]}}