{"id":3996,"date":"2023-03-26T23:19:53","date_gmt":"2023-03-26T23:19:53","guid":{"rendered":"https:\/\/menagers-holding.fr\/?post_type=product&#038;p=3996"},"modified":"2025-09-21T04:32:01","modified_gmt":"2025-09-21T04:32:01","slug":"meuble-a-pizzas-gn1-1-profondeur-700-3-portes","status":"publish","type":"product","link":"https:\/\/menagers-holding.fr\/?product=meuble-a-pizzas-gn1-1-profondeur-700-3-portes","title":{"rendered":"MEUBLE A PIZZAS GN1\/1 &#8211; Profondeur 700 &#8211; 3 PORTES Design Moderne"},"content":{"rendered":"<p>Descriptif :<br \/>\nPossibilit\u00e9s de stockage GN1\/1<br \/>\nMeuble d\u00e9di\u00e9 \u00e0 la pr\u00e9paration<br \/>\nStructure int\u00e9rieure et ext\u00e9rieure en acier inoxydable, arri\u00e8re et le dessous en acier galvanis\u00e9<br \/>\nIsolation enceinte : 35 mm<br \/>\nPlan de travail en granit<br \/>\nPr\u00e9sentoir \u00e0 ingr\u00e9dients (non inclus)<br \/>\nPoign\u00e9es de portes ergonomiques tout inox<br \/>\nPieds et roulettes de s\u00e9rie<br \/>\nEcran d&rsquo;affichage num\u00e9rique et thermostat \u00e9lectronique Carel<br \/>\nGrilles rilsanis\u00e9es sur glissi\u00e8res<br \/>\nFroid par serpentin moul\u00e9 dans l&rsquo;enceinte<br \/>\nBrassage de l&rsquo;air avec un ventilateur au centre du meuble<br \/>\nFiltre de protection sur condenseur de s\u00e9rie<br \/>\nSerrure pour acc\u00e8s facile au filtre du condenseur<br \/>\nD\u00e9givrage automatique<br \/>\nGroupe en bas<br \/>\nPortes pleines battantes<br \/>\nLes angles int\u00e9rieurs arrondis facilitent le nettoyage<br \/>\nFermeture de porte par rappel automatique<br \/>\nCompatible avec les plaques 400&#215;600<br \/>\nMaintien de porte en position ouverte \u00e0 90\u00b0<br \/>\nJoint de portes magn\u00e9tiques. Faciles \u00e0 nettoyer et d\u00e9montables sans outils<br \/>\nEn option :<\/p>\n<p>Tiroirs 1\/2<br \/>\nPr\u00e9sentoir \u00e0 ingr\u00e9dients<\/p>\n<p>**Points forts :** Confort, design \u00e9l\u00e9gant et robustesse.<br \/>\n**Pourquoi choisir ce produit ?** Il apporte style et praticit\u00e9 \u00e0 votre int\u00e9rieur.<\/p>\n","protected":false},"excerpt":{"rendered":"<p>Caract\u00e9ristiques techniques :<br \/>\nDimensions (L x P x H) : 1365 x 700 x 930<br \/>\nHauteur avec dosseret granit : 1085 mm<br \/>\nCapacit\u00e9 : 380 L<br \/>\nNombre de porte : 3<br \/>\nNombre de grilles par porte : 1 + 1 grille de fond<br \/>\nTemp\u00e9rature : -2\u00b0C \/ + 8\u00b0C<br \/>\nGaz r\u00e9frig\u00e9rant : R600a<br \/>\nClasse climatique : 4<br \/>\nAlimentation \u00e9lectrique : 220 V &#8211; 50 Hz<br \/>\nPuissance : 220 W<br \/>\nDimensions des grilles : 335&#215;590 &#8211; 340&#215;590<br \/>\nPoids : 193 kg Design moderne, confortable et durable.<\/p>\n","protected":false},"featured_media":3997,"comment_status":"closed","ping_status":"closed","template":"","meta":[],"product_brand":[],"product_cat":[155],"product_tag":[],"class_list":{"0":"post-3996","1":"product","2":"type-product","3":"status-publish","6":"product_cat-meuble","8":"first","9":"instock","10":"sale","11":"taxable","12":"shipping-taxable","13":"purchasable","14":"product-type-simple"},"_links":{"self":[{"href":"https:\/\/menagers-holding.fr\/index.php?rest_route=\/wp\/v2\/product\/3996","targetHints":{"allow":["GET"]}}],"collection":[{"href":"https:\/\/menagers-holding.fr\/index.php?rest_route=\/wp\/v2\/product"}],"about":[{"href":"https:\/\/menagers-holding.fr\/index.php?rest_route=\/wp\/v2\/types\/product"}],"replies":[{"embeddable":true,"href":"https:\/\/menagers-holding.fr\/index.php?rest_route=%2Fwp%2Fv2%2Fcomments&post=3996"}],"wp:featuredmedia":[{"embeddable":true,"href":"https:\/\/menagers-holding.fr\/index.php?rest_route=\/wp\/v2\/media\/3997"}],"wp:attachment":[{"href":"https:\/\/menagers-holding.fr\/index.php?rest_route=%2Fwp%2Fv2%2Fmedia&parent=3996"}],"wp:term":[{"taxonomy":"product_brand","embeddable":true,"href":"https:\/\/menagers-holding.fr\/index.php?rest_route=%2Fwp%2Fv2%2Fproduct_brand&post=3996"},{"taxonomy":"product_cat","embeddable":true,"href":"https:\/\/menagers-holding.fr\/index.php?rest_route=%2Fwp%2Fv2%2Fproduct_cat&post=3996"},{"taxonomy":"product_tag","embeddable":true,"href":"https:\/\/menagers-holding.fr\/index.php?rest_route=%2Fwp%2Fv2%2Fproduct_tag&post=3996"}],"curies":[{"name":"wp","href":"https:\/\/api.w.org\/{rel}","templated":true}]}}