{"id":3934,"date":"2023-03-24T01:05:46","date_gmt":"2023-03-24T01:05:46","guid":{"rendered":"https:\/\/menagers-holding.fr\/?post_type=product&#038;p=3934"},"modified":"2025-09-23T08:52:14","modified_gmt":"2025-09-23T08:52:14","slug":"piscine-tubulaire-teck-o427-x107m-summer-waves","status":"publish","type":"product","link":"https:\/\/menagers-holding.fr\/?product=piscine-tubulaire-teck-o427-x107m-summer-waves","title":{"rendered":"Piscine tubulaire teck \u00f84,27 x1,07m SUMMER WAVES"},"content":{"rendered":"<p>Description<br \/>\nPiscine hors-sol con\u00e7ue pour que toute la famille puisse s&rsquo;amuser en plein air. Construite avec des mat\u00e9riaux r\u00e9sistants et test\u00e9s, de qualit\u00e9. Elle est construite avec des cadres m\u00e9talliques inoxydables et du Duraplus, un mat\u00e9riau \u00e0 trois couches r\u00e9sistant \u00e0 la perforation. L&rsquo;ext\u00e9rieur est imprim\u00e9 d&rsquo;un motif de pierre r\u00e9aliste pour ajouter une touche d&rsquo;\u00e9l\u00e9gance \u00e0 votre jardin. Ce mod\u00e8le comprend un \u00e9purateur \u00e0 cartouche de 9 463 litres\/heure, une \u00e9chelle pour faciliter l&rsquo;acc\u00e8s \u00e0 la piscine en toute s\u00e9curit\u00e9 et une vanne de vidange. Elle a une capacit\u00e9 de 20 241 litres et des dimensions de 610 x 366 x 122 cm.<\/p>\n<p>Caract\u00e9ristiques :<br \/>\n&#8211; Dimensions : 610x366x122 cm<br \/>\n&#8211; Forme : Ovale.<br \/>\n&#8211; Couleur : Imitation pierre.<br \/>\n&#8211; Capacit\u00e9 d&rsquo;eau : 20.241 L.<br \/>\n&#8211; \u00c9purateur \u00e0 cartouche 9.463 L\/H.<br \/>\n&#8211; La lumi\u00e8re LED magn\u00e9tique incluse alterne entre 7 couleurs<br \/>\n&#8211; \u00c2ge recommand\u00e9 : + 5 ans.<br \/>\n&#8211; Structure m\u00e9tallique r\u00e9sistante \u00e0 la corrosion.<br \/>\n&#8211; Mat\u00e9riau : Tritech avec PVC \u00e0 3 couches et parois lat\u00e9rales en polyester haute r\u00e9sistance.<br \/>\n&#8211; Comprend : 1 piscine, 1 \u00e9purateur \u00e0 cartouche, 1 \u00e9chelle, 1 lumi\u00e8re LED et 1 patch de r\u00e9paration.<br \/>\n&#8211; Facile \u00e0 installer.<br \/>\n&#8211; Facile \u00e0 stocker hors saison.<\/p>\n<p>Recommandations pour l&rsquo;utilisation des piscines (peuvent affecter la garantie du produit) :<br \/>\n* Installer sur une surface solide et plane. \u00c9vitez les surfaces de sable ou d&rsquo;asphalte.<br \/>\n** Ne pas installer la piscine sur des balcons \/ terrasses en hauteur.<br \/>\n*** Installer \u00e0 proximit\u00e9 des points d&rsquo;eau, d&rsquo;\u00e9lectricit\u00e9 et de drainage<\/p>\n<p>**Points forts :** R\u00e9sistant aux conditions ext\u00e9rieures, facile d\u2019entretien.<br \/>\n**Pourquoi choisir ce produit ?** Parfait pour profiter de votre ext\u00e9rieur en toute s\u00e9r\u00e9nit\u00e9.<\/p>\n","protected":false},"excerpt":{"rendered":"<p>Caract\u00e9ristiques<br \/>\nForme<br \/>\nOvale<br \/>\nHauteur<br \/>\n1.22 m<br \/>\nPoids<br \/>\n1.0 kg<br \/>\nVolume<br \/>\n0.02024 m\u00b3<br \/>\nMati\u00e8res<br \/>\nM\u00e9tal, Pierre<br \/>\nCouleur<br \/>\nBleu<br \/>\nType de filtre eau<br \/>\nFiltre cartouche, Filtre magn\u00e9tique<br \/>\nCouleur du liner<br \/>\nBleu<br \/>\nLongueur<br \/>\n6.1 m<br \/>\nLargeur<br \/>\n3.66 m<br \/>\nR\u00e9f. ManoMano<br \/>\nME18385050<br \/>\nGarantie<br \/>\n2 ann\u00e9es<br \/>\nR\u00e9f. fabricant<br \/>\n43478 Robuste, pratique et adapt\u00e9 \u00e0 l\u2019ext\u00e9rieur.<\/p>\n","protected":false},"featured_media":3935,"comment_status":"closed","ping_status":"closed","template":"","meta":[],"product_brand":[],"product_cat":[158,157],"product_tag":[],"class_list":{"0":"post-3934","1":"product","2":"type-product","3":"status-publish","6":"product_cat-piscine","7":"product_cat-terrasse-et-jardin","9":"first","10":"instock","11":"sale","12":"taxable","13":"shipping-taxable","14":"purchasable","15":"product-type-simple"},"_links":{"self":[{"href":"https:\/\/menagers-holding.fr\/index.php?rest_route=\/wp\/v2\/product\/3934","targetHints":{"allow":["GET"]}}],"collection":[{"href":"https:\/\/menagers-holding.fr\/index.php?rest_route=\/wp\/v2\/product"}],"about":[{"href":"https:\/\/menagers-holding.fr\/index.php?rest_route=\/wp\/v2\/types\/product"}],"replies":[{"embeddable":true,"href":"https:\/\/menagers-holding.fr\/index.php?rest_route=%2Fwp%2Fv2%2Fcomments&post=3934"}],"wp:featuredmedia":[{"embeddable":true,"href":"https:\/\/menagers-holding.fr\/index.php?rest_route=\/wp\/v2\/media\/3935"}],"wp:attachment":[{"href":"https:\/\/menagers-holding.fr\/index.php?rest_route=%2Fwp%2Fv2%2Fmedia&parent=3934"}],"wp:term":[{"taxonomy":"product_brand","embeddable":true,"href":"https:\/\/menagers-holding.fr\/index.php?rest_route=%2Fwp%2Fv2%2Fproduct_brand&post=3934"},{"taxonomy":"product_cat","embeddable":true,"href":"https:\/\/menagers-holding.fr\/index.php?rest_route=%2Fwp%2Fv2%2Fproduct_cat&post=3934"},{"taxonomy":"product_tag","embeddable":true,"href":"https:\/\/menagers-holding.fr\/index.php?rest_route=%2Fwp%2Fv2%2Fproduct_tag&post=3934"}],"curies":[{"name":"wp","href":"https:\/\/api.w.org\/{rel}","templated":true}]}}