{"id":3788,"date":"2023-02-14T22:59:05","date_gmt":"2023-02-14T22:59:05","guid":{"rendered":"https:\/\/menagers-holding.fr\/?post_type=product&#038;p=3788"},"modified":"2025-09-23T08:42:01","modified_gmt":"2025-09-23T08:42:01","slug":"design-de-luxe-msz-ln-mitsubishi-electric","status":"publish","type":"product","link":"https:\/\/menagers-holding.fr\/?product=design-de-luxe-msz-ln-mitsubishi-electric","title":{"rendered":"Design de Luxe MSZ-LN Mitsubishi Electric Split"},"content":{"rendered":"<p>Description<br \/>\nChauffant en hiver et rafraichissant en \u00e9t\u00e9 \u00e0 hautes performances, la pompe \u00e0 chaleur air-air Design De Luxe MSZ-LN de Mitsubishi est l\u2019alli\u00e9e de votre confort. \u00c9quip\u00e9e de la technologie Hyper Heating, elle est capable de conserver sa temp\u00e9rature de chauffe m\u00eame par climats extr\u00eames (jusqu\u2019\u00e0 -25 \u00b0C ext\u00e9rieurs). Dot\u00e9e de la connectivit\u00e9 sans fil de s\u00e9rie, elle est contr\u00f4lable \u00e0 distance pour une utilisation simplifi\u00e9e. Elle dispose \u00e9galement d\u2019une filtration Plasma Quad Plus qui am\u00e9liorera la qualit\u00e9 de l\u2019air souffl\u00e9. Quatre couleurs sont disponibles : Rouge rubis, Blanc pur, Noir onyx et Blanc perle.<\/p>\n<p>Point fort : Afin d\u2019optimiser le confort quotidien, la Design De Luxe scanne en temps r\u00e9el son environnement pour adapter son fonctionnement. Selon les r\u00e9glages, l\u2019air est dirig\u00e9 sur les personnes pr\u00e9sentes ou non dans le logement.<\/p>\n<p>**Points forts :** Puissant, silencieux et \u00e9conomique.<br \/>\n**Pourquoi choisir ce produit ?** Pour un confort optimal toute l\u2019ann\u00e9e.<\/p>\n","protected":false},"excerpt":{"rendered":"<p>Un prix avantageux<\/p>\n<p>En vous procurant la pompe \u00e0 chaleur Design De Luxe MSZ-LN \u00e0 nos c\u00f4t\u00e9s, profitez d\u2019une remise sur son tarif public.<\/p>\n<p>De tr\u00e8s hautes performances \u00e9nerg\u00e9tiques<\/p>\n<p>\u00c9conome et \u00e9cologique par la m\u00eame occasion, la pompe \u00e0 chaleur Air-Air Design De Luxe MSZ-LN est un mod\u00e8le de vertu. Que ce soit pour la climatisation ou le chauffage, elle se cat\u00e9gorise dans le top d\u2019un point de vue \u00e9nerg\u00e9tique. Ses performances sont de A+++ dans les deux domaines.<\/p>\n<p>Un tel r\u00e9sultat permet de b\u00e9n\u00e9ficier d\u2019\u00e9conomies sur la consommation de l\u2019appareil et d\u2019obtenir rapidement un retour sur investissement.<\/p>\n<p>Un design pens\u00e9 pour s\u2019int\u00e9grer<\/p>\n<p>Loin d\u2019un bloc envahissant dans une pi\u00e8ce de vie, la Design De Luxe MSZ-LN se permet de sublimer le foyer. Con\u00e7ue dans 4 coloris (Rouge rubis, Blanc pur, Noir onyx et Blanc perle), elle s\u2019adapte aux diff\u00e9rents go\u00fbts du march\u00e9.<br \/>\nD\u00e9sormais l\u2019int\u00e9rieur de la maison profite \u00e0 la fois d\u2019un confort sans \u00e9gal et d\u2019un visuel agr\u00e9able.<\/p>\n<p>Aussi silencieuse qu\u2019une chute de feuilles mortes<\/p>\n<p>Mitsubishi est connue pour \u00eatre particuli\u00e8rement attentif sur la discr\u00e9tion de ses pompes \u00e0 chaleur. La Design De Luxe ne fait pas exception, et \u00e9met seulement 19 dB \u00e0 1 m. Une chute de feuilles depuis un arbre correspond, elle, \u00e0 20 dB.<\/p>\n<p>On peut ainsi profiter d\u2019un calme sonore semblable \u00e0 un jardin ou une for\u00eat, tout en b\u00e9n\u00e9ficiant d\u2019un confort de temp\u00e9rature en restant chez soi.<\/p>\n<p>La filtration de l\u2019air pour un meilleur confort<\/p>\n<p>Bien plus qu\u2019un outil qui permet de chauffer ou rafraichir l\u2019air d\u2019une pi\u00e8ce, la Design De Luxe MSZ-LN l\u2019assainit. Elle profite d\u2019une filtration bien plus pouss\u00e9e que les autres appareils de la gamme : la filtration Plasma Quad Plus.<\/p>\n<p>Un tel ajout r\u00e9duit tr\u00e8s grandement bact\u00e9ries, poussi\u00e8res, moisissures et particules fines. C\u2019est un avantage non n\u00e9gligeable pour des personnes souffrant d\u2019asthme, d\u2019allergies ou soucieuses de la qualit\u00e9 de l\u2019air.<\/p>\n<p>Un contr\u00f4le par t\u00e9l\u00e9commande ou smartphone<\/p>\n<p>Atteindre sa pompe \u00e0 chaleur air-air pour changer un param\u00e8tre n\u2019est pas un exercice facile. C\u2019est pourquoi une t\u00e9l\u00e9commande avec thermostat est fournie afin de r\u00e9guler au mieux la Design De Luxe.<br \/>\nLe design de cette derni\u00e8re s\u2019accorde avec la couleur choisie pour l\u2019appareil.<br \/>\nIl est \u00e9galement possible de contr\u00f4ler les diff\u00e9rentes fonctionnalit\u00e9s via son smartphone et une application d\u00e9di\u00e9e : MELCloud. C\u2019est un outil complet qui permet la gestion de tout le mat\u00e9riel Mitsubishi connect\u00e9 de la maison Con\u00e7u pour le confort, la puissance et la faible consommation.<\/p>\n","protected":false},"featured_media":3789,"comment_status":"closed","ping_status":"closed","template":"","meta":[],"product_brand":[],"product_cat":[165,180],"product_tag":[],"class_list":{"0":"post-3788","1":"product","2":"type-product","3":"status-publish","6":"product_cat-climatiseur","7":"product_cat-electromenagers","9":"first","10":"instock","11":"sale","12":"taxable","13":"shipping-taxable","14":"purchasable","15":"product-type-simple"},"_links":{"self":[{"href":"https:\/\/menagers-holding.fr\/index.php?rest_route=\/wp\/v2\/product\/3788","targetHints":{"allow":["GET"]}}],"collection":[{"href":"https:\/\/menagers-holding.fr\/index.php?rest_route=\/wp\/v2\/product"}],"about":[{"href":"https:\/\/menagers-holding.fr\/index.php?rest_route=\/wp\/v2\/types\/product"}],"replies":[{"embeddable":true,"href":"https:\/\/menagers-holding.fr\/index.php?rest_route=%2Fwp%2Fv2%2Fcomments&post=3788"}],"wp:featuredmedia":[{"embeddable":true,"href":"https:\/\/menagers-holding.fr\/index.php?rest_route=\/wp\/v2\/media\/3789"}],"wp:attachment":[{"href":"https:\/\/menagers-holding.fr\/index.php?rest_route=%2Fwp%2Fv2%2Fmedia&parent=3788"}],"wp:term":[{"taxonomy":"product_brand","embeddable":true,"href":"https:\/\/menagers-holding.fr\/index.php?rest_route=%2Fwp%2Fv2%2Fproduct_brand&post=3788"},{"taxonomy":"product_cat","embeddable":true,"href":"https:\/\/menagers-holding.fr\/index.php?rest_route=%2Fwp%2Fv2%2Fproduct_cat&post=3788"},{"taxonomy":"product_tag","embeddable":true,"href":"https:\/\/menagers-holding.fr\/index.php?rest_route=%2Fwp%2Fv2%2Fproduct_tag&post=3788"}],"curies":[{"name":"wp","href":"https:\/\/api.w.org\/{rel}","templated":true}]}}