{"id":3767,"date":"2023-02-14T17:16:21","date_gmt":"2023-02-14T17:16:21","guid":{"rendered":"https:\/\/menagers-holding.fr\/?post_type=product&#038;p=3767"},"modified":"2025-09-24T03:41:00","modified_gmt":"2025-09-24T03:41:00","slug":"salon-de-jardin-papouasie-5-places-polyester-acacia-certifie-fsc","status":"publish","type":"product","link":"https:\/\/menagers-holding.fr\/?product=salon-de-jardin-papouasie-5-places-polyester-acacia-certifie-fsc","title":{"rendered":"Salon de jardin Papouasie 5 places &#8211; Polyester, Acacia certifi\u00e9 FSC\u00ae"},"content":{"rendered":"<p>DESCRIPTION DU PRODUIT<br \/>\nLignes graphiques et d\u00e9tails \u00e9l\u00e9gants, le salon de jardin \u00ab\u00a0Papouasie\u00a0\u00bb Hesp\u00e9ride a tout pour plaire.<\/p>\n<p>Ambiance safari<br \/>\n\u00c0 installer dans votre jardin ou sur votre terrasse, ce salon d\u2019ext\u00e9rieur sera aussi agr\u00e9able que votre salon int\u00e9rieur gr\u00e2ce \u00e0 ses 5 assises confortables et sa table basse en acacia.<\/p>\n<p>Un espace de r\u00e9ception accueillant<br \/>\nId\u00e9al pour recevoir famille et amis ou cocon cosy pour s\u2019y d\u00e9lasser, il y a fort \u00e0 parier pour que ce salon de jardin \u00ab\u00a0Papouasie\u00a0\u00bb devienne votre salon principal tout au long de la belle saison.<\/p>\n<p>A remiser en hiver<br \/>\nFacile d\u2019entretien gr\u00e2ce \u00e0 ses coussins enti\u00e8rement d\u00e9houssables et son tissu d\u00e9perlant, pensez \u00e0 recouvrir votre salon de jardin \u00ab\u00a0Papouasie\u00a0\u00bb avec notre housse pour le prot\u00e9ger du soleil et des intemp\u00e9ries.<br \/>\nPersonnalisez votre nouveau salon de jardin en le pla\u00e7ant sous un parasol Hesp\u00e9ride.<br \/>\nR\u00e9f\u00e9rence :<br \/>\n165664<\/p>\n<p>**Points forts :** R\u00e9sistant aux conditions ext\u00e9rieures, facile d\u2019entretien.<br \/>\n**Pourquoi choisir ce produit ?** Parfait pour profiter de votre ext\u00e9rieur en toute s\u00e9r\u00e9nit\u00e9.<\/p>\n","protected":false},"excerpt":{"rendered":"<p>SP\u00c9CIFICIT\u00c9S TECHNIQUES<br \/>\nHauteur d&rsquo;assise (cm)<br \/>\n31,2\/44<br \/>\nFauteuil (cm)<br \/>\nL. 69 x P. 79.5 x H. 68.5<br \/>\nDossier (cm)<br \/>\nL. 65 x P. 38 x H. 20.5<br \/>\nAssise (cm)<br \/>\nL. 65 x P. 65 x H 15 \/ L. 60 x P.66 x H.15<br \/>\nHauteur des accoudoirs (cm)<br \/>\n58<br \/>\nCanap\u00e9 3 places (cm)<br \/>\nL. 203 x P. 79,5 x H. 68,5<br \/>\nHauteur d&rsquo;eau (m)<br \/>\n14<br \/>\nTable basse (cm)<br \/>\nL. 120 x P. 65 x H. 33.8<br \/>\nCoussin du dossier du fauteuil (cm)<br \/>\nL. 60 x P. 38 x H. 22<br \/>\nMati\u00e8re de la structure<br \/>\nAcacia<br \/>\nMati\u00e8re de l&rsquo;habillage<br \/>\nPolyester<br \/>\nMati\u00e8re du\/des coussin(s)<br \/>\nPolyester<br \/>\nMati\u00e8re des accoudoirs<br \/>\nAcacia<br \/>\nNombre de places<br \/>\n5<br \/>\nPoids (kg)<br \/>\n72<br \/>\nA monter soi-m\u00eame<br \/>\nOui<br \/>\nNotice fournie<br \/>\nOui<br \/>\nCertification<br \/>\nFSC\u00ae<br \/>\nNombre de colis<br \/>\n2 Robuste, pratique et adapt\u00e9 \u00e0 l\u2019ext\u00e9rieur.<\/p>\n","protected":false},"featured_media":5016,"comment_status":"closed","ping_status":"closed","template":"","meta":[],"product_brand":[],"product_cat":[157],"product_tag":[],"class_list":{"0":"post-3767","1":"product","2":"type-product","3":"status-publish","6":"product_cat-terrasse-et-jardin","8":"first","9":"instock","10":"sale","11":"taxable","12":"shipping-taxable","13":"purchasable","14":"product-type-simple"},"_links":{"self":[{"href":"https:\/\/menagers-holding.fr\/index.php?rest_route=\/wp\/v2\/product\/3767","targetHints":{"allow":["GET"]}}],"collection":[{"href":"https:\/\/menagers-holding.fr\/index.php?rest_route=\/wp\/v2\/product"}],"about":[{"href":"https:\/\/menagers-holding.fr\/index.php?rest_route=\/wp\/v2\/types\/product"}],"replies":[{"embeddable":true,"href":"https:\/\/menagers-holding.fr\/index.php?rest_route=%2Fwp%2Fv2%2Fcomments&post=3767"}],"wp:featuredmedia":[{"embeddable":true,"href":"https:\/\/menagers-holding.fr\/index.php?rest_route=\/wp\/v2\/media\/5016"}],"wp:attachment":[{"href":"https:\/\/menagers-holding.fr\/index.php?rest_route=%2Fwp%2Fv2%2Fmedia&parent=3767"}],"wp:term":[{"taxonomy":"product_brand","embeddable":true,"href":"https:\/\/menagers-holding.fr\/index.php?rest_route=%2Fwp%2Fv2%2Fproduct_brand&post=3767"},{"taxonomy":"product_cat","embeddable":true,"href":"https:\/\/menagers-holding.fr\/index.php?rest_route=%2Fwp%2Fv2%2Fproduct_cat&post=3767"},{"taxonomy":"product_tag","embeddable":true,"href":"https:\/\/menagers-holding.fr\/index.php?rest_route=%2Fwp%2Fv2%2Fproduct_tag&post=3767"}],"curies":[{"name":"wp","href":"https:\/\/api.w.org\/{rel}","templated":true}]}}