{"id":3754,"date":"2023-02-13T03:02:14","date_gmt":"2023-02-13T03:02:14","guid":{"rendered":"https:\/\/menagers-holding.fr\/?post_type=product&#038;p=3754"},"modified":"2025-09-24T03:51:16","modified_gmt":"2025-09-24T03:51:16","slug":"velo-a-assistance-electrique-essentielb-urban-400-vert-deau","status":"publish","type":"product","link":"https:\/\/menagers-holding.fr\/?product=velo-a-assistance-electrique-essentielb-urban-400-vert-deau","title":{"rendered":"V\u00e9lo \u00e0 assistance \u00e9lectrique Essentielb URBAN 400 vert d\u2019eau"},"content":{"rendered":"<p>Caract\u00e9ristiques g\u00e9n\u00e9rales<br \/>\nType de v\u00e9lo : V\u00e9lo \u00e9lectrique<br \/>\nTaille du v\u00e9lo : M convient pour une personne de 1,65\/1,74 m<br \/>\nVitesse maximale : 25 km\/h<br \/>\nAutonomie (+ d\u2019infos) : Jusqu\u2019\u00e0 45 km<br \/>\nEnvironnement : V\u00e9lo de ville<br \/>\nTemps de charge : 4,0 h<br \/>\nMoteur : 250 W<br \/>\nTemps de charge : Charge standard (4h)<br \/>\nMat\u00e9riau : Acier<br \/>\nCouple moteur : 45 Nm<br \/>\nType de moteur : Roue arri\u00e8re<br \/>\nEclairage : Avant et arri\u00e8re<br \/>\nColoris : Vert d\u2019eau<br \/>\nTaille des roues : 26,0 pouces<br \/>\nType de batterie (+ d\u2019infos) : Lithium Ion<br \/>\nCapacit\u00e9 de la batterie (en AH) : 7.80<br \/>\nPliable : Non<\/p>\n<p>**Points forts :** Autonomie renforc\u00e9e, cadre robuste, s\u00e9curit\u00e9 optimale.<br \/>\n**Pourquoi choisir ce produit ?** Id\u00e9al pour les trajets quotidiens comme les balades.<\/p>\n","protected":false},"excerpt":{"rendered":"<p>Les points cl\u00e9s<\/p>\n<p>Taille du v\u00e9lo M convient pour une personne de 1,65\/1,74 m<br \/>\nConfort et vitesse (26\u2032) \u2013 Autonomie Jusqu\u2019\u00e0 45 km<br \/>\nPoids standard (23,8 kg)<br \/>\nCharge standard (4h)<br \/>\nLe + : Moteur arri\u00e8re : confort de conduite, id\u00e9al pour de longs trajets en ville ou \u00e0 la campagne<br \/>\nLes + de ce mod\u00e8le<br \/>\nAvantages : Compteur \u00e0 LED, 3 modes d\u2019assistance pour la portie \u00e9l\u00e9ectrique Allie performance, autonomie et s\u00e9curit\u00e9.<\/p>\n","protected":false},"featured_media":5023,"comment_status":"closed","ping_status":"closed","template":"","meta":[],"product_brand":[],"product_cat":[169],"product_tag":[],"class_list":{"0":"post-3754","1":"product","2":"type-product","3":"status-publish","6":"product_cat-velo","8":"first","9":"instock","10":"sale","11":"taxable","12":"shipping-taxable","13":"purchasable","14":"product-type-simple"},"_links":{"self":[{"href":"https:\/\/menagers-holding.fr\/index.php?rest_route=\/wp\/v2\/product\/3754","targetHints":{"allow":["GET"]}}],"collection":[{"href":"https:\/\/menagers-holding.fr\/index.php?rest_route=\/wp\/v2\/product"}],"about":[{"href":"https:\/\/menagers-holding.fr\/index.php?rest_route=\/wp\/v2\/types\/product"}],"replies":[{"embeddable":true,"href":"https:\/\/menagers-holding.fr\/index.php?rest_route=%2Fwp%2Fv2%2Fcomments&post=3754"}],"wp:featuredmedia":[{"embeddable":true,"href":"https:\/\/menagers-holding.fr\/index.php?rest_route=\/wp\/v2\/media\/5023"}],"wp:attachment":[{"href":"https:\/\/menagers-holding.fr\/index.php?rest_route=%2Fwp%2Fv2%2Fmedia&parent=3754"}],"wp:term":[{"taxonomy":"product_brand","embeddable":true,"href":"https:\/\/menagers-holding.fr\/index.php?rest_route=%2Fwp%2Fv2%2Fproduct_brand&post=3754"},{"taxonomy":"product_cat","embeddable":true,"href":"https:\/\/menagers-holding.fr\/index.php?rest_route=%2Fwp%2Fv2%2Fproduct_cat&post=3754"},{"taxonomy":"product_tag","embeddable":true,"href":"https:\/\/menagers-holding.fr\/index.php?rest_route=%2Fwp%2Fv2%2Fproduct_tag&post=3754"}],"curies":[{"name":"wp","href":"https:\/\/api.w.org\/{rel}","templated":true}]}}