{"id":3577,"date":"2023-02-07T09:27:37","date_gmt":"2023-02-07T09:27:37","guid":{"rendered":"https:\/\/menagers-holding.fr\/?post_type=product&#038;p=3577"},"modified":"2025-09-24T05:06:04","modified_gmt":"2025-09-24T05:06:04","slug":"spa-gonflable-octogonal-baltik-6-places-pvc","status":"publish","type":"product","link":"https:\/\/menagers-holding.fr\/?product=spa-gonflable-octogonal-baltik-6-places-pvc","title":{"rendered":"Spa gonflable octogonal Baltik 6 places &#8211; PVC"},"content":{"rendered":"<p>DESCRIPTION DU PRODUIT<br \/>\nVous recherchez un spa qui vous procurera des moments de relaxation absolue ? Optez pour ce spa octogonal Baltik INTEX !<\/p>\n<p>Un spa haut de gamme aux lignes \u00e9l\u00e9gantes<br \/>\nCompos\u00e9 de 170 diffuseurs \u00e0 bulles, le spa octogonal Baltik INTEX se caract\u00e9rise par un design sophistiqu\u00e9 qui rappelle le bois c\u00e9rus\u00e9. Synonyme de confort et de bien-\u00eatre, il est livr\u00e9 avec 2 appuie-t\u00eate Deluxe et une lumi\u00e8re LED color\u00e9e pour une ambiance relaxante.<\/p>\n<p>Un spa \u00e0 la structure rigide<br \/>\nLa technologie Fiber Tech qui compose ce bassin vous assure un spa gonflable ultra r\u00e9sistant.<\/p>\n<p>Des accessoires pratiques pour l&rsquo;entretien<br \/>\nFacile \u00e0 entretenir,ce spa est fourni avec 2 cartouches de filtrations, 1 diffuseur \u00e0 produits ainsi qu&rsquo;un kit d&rsquo;entretien Pure SPA.<br \/>\nPour am\u00e9liorer votre confort, n&rsquo;h\u00e9sitez pas \u00e0 rajouter un banc de jardin Hesp\u00e9ride : il vous permettra de poser vos peignoirs et accessoires non loin de votre spa.<br \/>\nR\u00e9f\u00e9rence interne :<br \/>\nR\u00e9f\u00e9rence :<br \/>\n68028448<\/p>\n<p>**Points forts :** R\u00e9sistant aux conditions ext\u00e9rieures, facile d\u2019entretien.<br \/>\n**Pourquoi choisir ce produit ?** Parfait pour profiter de votre ext\u00e9rieur en toute s\u00e9r\u00e9nit\u00e9.<\/p>\n","protected":false},"excerpt":{"rendered":"<p>Nombre de colis<br \/>\n1<br \/>\nDimensions<br \/>\nD. 218 x H. 71 cm<br \/>\nPoids<br \/>\n42,6 kg<br \/>\nMati\u00e8re<br \/>\nPVC &#8211; Polychlorure de vinyle<br \/>\nInclus<br \/>\nLampe LED d&rsquo;ambiance, 2 Appuies t\u00eates Deluxe, 2 cartouches de filtrations, 1 diffuseur \u00e0 produits, 1 kit d&rsquo;entretien Pure SPA<br \/>\n\u00c0 monter soi-m\u00eame<br \/>\nOui Robuste, pratique et adapt\u00e9 \u00e0 l\u2019ext\u00e9rieur.<\/p>\n","protected":false},"featured_media":5050,"comment_status":"closed","ping_status":"closed","template":"","meta":[],"product_brand":[],"product_cat":[158,157],"product_tag":[],"class_list":{"0":"post-3577","1":"product","2":"type-product","3":"status-publish","6":"product_cat-piscine","7":"product_cat-terrasse-et-jardin","9":"first","10":"instock","11":"sale","12":"taxable","13":"shipping-taxable","14":"purchasable","15":"product-type-simple"},"_links":{"self":[{"href":"https:\/\/menagers-holding.fr\/index.php?rest_route=\/wp\/v2\/product\/3577","targetHints":{"allow":["GET"]}}],"collection":[{"href":"https:\/\/menagers-holding.fr\/index.php?rest_route=\/wp\/v2\/product"}],"about":[{"href":"https:\/\/menagers-holding.fr\/index.php?rest_route=\/wp\/v2\/types\/product"}],"replies":[{"embeddable":true,"href":"https:\/\/menagers-holding.fr\/index.php?rest_route=%2Fwp%2Fv2%2Fcomments&post=3577"}],"wp:featuredmedia":[{"embeddable":true,"href":"https:\/\/menagers-holding.fr\/index.php?rest_route=\/wp\/v2\/media\/5050"}],"wp:attachment":[{"href":"https:\/\/menagers-holding.fr\/index.php?rest_route=%2Fwp%2Fv2%2Fmedia&parent=3577"}],"wp:term":[{"taxonomy":"product_brand","embeddable":true,"href":"https:\/\/menagers-holding.fr\/index.php?rest_route=%2Fwp%2Fv2%2Fproduct_brand&post=3577"},{"taxonomy":"product_cat","embeddable":true,"href":"https:\/\/menagers-holding.fr\/index.php?rest_route=%2Fwp%2Fv2%2Fproduct_cat&post=3577"},{"taxonomy":"product_tag","embeddable":true,"href":"https:\/\/menagers-holding.fr\/index.php?rest_route=%2Fwp%2Fv2%2Fproduct_tag&post=3577"}],"curies":[{"name":"wp","href":"https:\/\/api.w.org\/{rel}","templated":true}]}}