{"id":3452,"date":"2022-10-20T07:22:52","date_gmt":"2022-10-20T07:22:52","guid":{"rendered":"https:\/\/menagers-holding.fr\/?post_type=product&#038;p=3452"},"modified":"2025-09-21T04:31:45","modified_gmt":"2025-09-21T04:31:45","slug":"chauffe-eau-electrique-duralis-vertical-sur-socle-stable-300l","status":"publish","type":"product","link":"https:\/\/menagers-holding.fr\/?product=chauffe-eau-electrique-duralis-vertical-sur-socle-stable-300l","title":{"rendered":"Chauffe-eau \u00e9lectrique Duralis vertical sur socle stable 300L"},"content":{"rendered":"<p><strong>Chauffe-eau \u00e9lectrique DURALIS de Thermor &#8211; Vertical &#8211; Stable -300L &#8211; 3000W &#8211; Blanc ref. 292077.<\/strong><\/p>\n<p>Avec sa technologie ACI Hybride, qui limite la corrosion et l&rsquo;entartrage de l&rsquo;anode, le chauffe-eau Duralis dure jusqu&rsquo;\u00e0 2 fois plus longtemps qu&rsquo;un chauffe-eau classique. Combin\u00e9 \u00e0 une cuve tr\u00e8s bien isol\u00e9e, son thermostat \u00e9lectronique garantit pr\u00e9cision et fiabilit\u00e9 dans le temps.<\/p>\n<ul>\n<li>Pour 5 personnes<\/li>\n<li>Vertical stable<\/li>\n<li>3000W<\/li>\n<li>300L<\/li>\n<\/ul>\n<p>**Points forts :** Puissant, silencieux et \u00e9conomique.<br \/>\n**Pourquoi choisir ce produit ?** Pour un confort optimal toute l\u2019ann\u00e9e.<\/p>\n","protected":false},"excerpt":{"rendered":"<p>Ce\u00a0<strong>chauffe-eau\u00a0<\/strong><strong>Duralis<\/strong>\u00a0\u00e0 accumulation de la marque\u00a0<strong>Thermor<\/strong>\u00a0poss\u00e8de une double protection anti-corrossion permanente\u00a0<strong>ACI hybride<\/strong>, qui le prot\u00e8ge du calcaire et des eaux les plus agressives.<\/p>\n<ul>\n<li><strong>Format<\/strong>\u00a0: vertical sur socle<\/li>\n<li><strong>Capacit\u00e9 (L)\u00a0<\/strong>: 300<\/li>\n<li><strong>Nombre de personnes :<\/strong>\u00a05<\/li>\n<li><strong>Classe \u00e9nerg\u00e9tique :<\/strong>\u00a0C<\/li>\n<\/ul>\n<p> Con\u00e7u pour le confort, la puissance et la faible consommation.<\/p>\n","protected":false},"featured_media":3453,"comment_status":"closed","ping_status":"closed","template":"","meta":[],"product_brand":[],"product_cat":[156],"product_tag":[],"class_list":{"0":"post-3452","1":"product","2":"type-product","3":"status-publish","6":"product_cat-chauffage-et-plomberie","8":"first","9":"instock","10":"taxable","11":"shipping-taxable","12":"purchasable","13":"product-type-simple"},"_links":{"self":[{"href":"https:\/\/menagers-holding.fr\/index.php?rest_route=\/wp\/v2\/product\/3452","targetHints":{"allow":["GET"]}}],"collection":[{"href":"https:\/\/menagers-holding.fr\/index.php?rest_route=\/wp\/v2\/product"}],"about":[{"href":"https:\/\/menagers-holding.fr\/index.php?rest_route=\/wp\/v2\/types\/product"}],"replies":[{"embeddable":true,"href":"https:\/\/menagers-holding.fr\/index.php?rest_route=%2Fwp%2Fv2%2Fcomments&post=3452"}],"wp:featuredmedia":[{"embeddable":true,"href":"https:\/\/menagers-holding.fr\/index.php?rest_route=\/wp\/v2\/media\/3453"}],"wp:attachment":[{"href":"https:\/\/menagers-holding.fr\/index.php?rest_route=%2Fwp%2Fv2%2Fmedia&parent=3452"}],"wp:term":[{"taxonomy":"product_brand","embeddable":true,"href":"https:\/\/menagers-holding.fr\/index.php?rest_route=%2Fwp%2Fv2%2Fproduct_brand&post=3452"},{"taxonomy":"product_cat","embeddable":true,"href":"https:\/\/menagers-holding.fr\/index.php?rest_route=%2Fwp%2Fv2%2Fproduct_cat&post=3452"},{"taxonomy":"product_tag","embeddable":true,"href":"https:\/\/menagers-holding.fr\/index.php?rest_route=%2Fwp%2Fv2%2Fproduct_tag&post=3452"}],"curies":[{"name":"wp","href":"https:\/\/api.w.org\/{rel}","templated":true}]}}