{"id":3426,"date":"2022-10-19T07:33:44","date_gmt":"2022-10-19T07:33:44","guid":{"rendered":"https:\/\/menagers-holding.fr\/?post_type=product&#038;p=3426"},"modified":"2025-09-21T04:31:44","modified_gmt":"2025-09-21T04:31:44","slug":"sunpad-solar-chauffe-eau-solaire-300-litres-monobloc-autonome","status":"publish","type":"product","link":"https:\/\/menagers-holding.fr\/?product=sunpad-solar-chauffe-eau-solaire-300-litres-monobloc-autonome","title":{"rendered":"SUNPAD SOLAR chauffe eau solaire 300 litres monobloc autonome"},"content":{"rendered":"<div class=\"panel\">\n<div id=\"collapseExtra12\" class=\"product-extra-block panel-collapse collapse show\" role=\"tabpanel\" aria-labelledby=\"headingExtra12\">\n<div class=\"panel-content\">\n<div class=\"extra-content typo\">\n<table class=\"table table-bordered\">\n<tbody>\n<tr>\n<td bgcolor=\"#E8E3D0\"><strong>Surface brute \/ surface nette<br \/>\n<\/strong><\/td>\n<td bgcolor=\"#E8E3D0\">2,05 m\u00b2 \/ 1,68 m\u00b2<\/td>\n<\/tr>\n<tr>\n<td bgcolor=\"#eaeaea\"><strong>Dimensions<br \/>\n<\/strong><\/td>\n<td bgcolor=\"#eaeaea\">2220 mm x 920 mm x 190 mm<\/td>\n<\/tr>\n<tr>\n<td bgcolor=\"#E8E3D0\"><strong>Poids \u00e0 vide<br \/>\n<\/strong><\/td>\n<td bgcolor=\"#E8E3D0\">63 kg (verre AR unique)<\/td>\n<\/tr>\n<tr>\n<td bgcolor=\"#eaeaea\"><strong>Boitier collecteur<br \/>\n<\/strong><\/td>\n<td bgcolor=\"#eaeaea\">EPP avec peinture prot\u00e9g\u00e9e contre UVA<\/td>\n<\/tr>\n<tr>\n<td bgcolor=\"#E8E3D0\"><strong>Absorbeur<\/strong><\/td>\n<td bgcolor=\"#E8E3D0\">Acier, enduit s\u00e9lectif<\/td>\n<\/tr>\n<tr>\n<td bgcolor=\"#eaeaea\"><strong>Absorption<\/strong><\/td>\n<td bgcolor=\"#eaeaea\">91 %<\/td>\n<\/tr>\n<tr>\n<td bgcolor=\"#E8E3D0\"><strong>Liaisons<\/strong><\/td>\n<td bgcolor=\"#E8E3D0\">3\/4&Prime;<\/td>\n<\/tr>\n<tr>\n<td bgcolor=\"#eaeaea\"><strong>SUNPAD E<\/strong><\/td>\n<td bgcolor=\"#eaeaea\">R\u00e9sistance \u00e9lectrique 1 kW<\/td>\n<\/tr>\n<tr>\n<td bgcolor=\"#E8E3D0\"><strong>Isolation thermique<\/strong><\/td>\n<td bgcolor=\"#E8E3D0\">0,036 WmK<\/td>\n<\/tr>\n<tr>\n<td bgcolor=\"#eaeaea\"><strong>Volume de stockage accumulateur caloporteur<br \/>\n<\/strong><\/td>\n<td bgcolor=\"#eaeaea\">150 litres<\/td>\n<\/tr>\n<tr>\n<td bgcolor=\"#E8E3D0\"><strong>Sortie d&rsquo;eau chaude sanitaire<\/strong><\/td>\n<td bgcolor=\"#E8E3D0\">Jusqu&rsquo;\u00e0 380 litres d&rsquo;eau chaude mitig\u00e9e \u00e0 40\u00b0C<\/td>\n<\/tr>\n<tr>\n<td bgcolor=\"#eaeaea\"><strong>Volume \u00e9changeur<\/strong><\/td>\n<td bgcolor=\"#eaeaea\">9,2 litres<\/td>\n<\/tr>\n<tr>\n<td bgcolor=\"#E8E3D0\"><strong>Composition \u00e9changeur<\/strong><\/td>\n<td bgcolor=\"#E8E3D0\">Acier inoxydable 1.4404 AISI 316L<\/td>\n<\/tr>\n<tr>\n<td bgcolor=\"#eaeaea\"><strong>Pression de l&rsquo;\u00e9changeur<\/strong><\/td>\n<td bgcolor=\"#eaeaea\">10 bars<\/td>\n<\/tr>\n<tr>\n<td bgcolor=\"#E8E3D0\"><strong>Mat\u00e9riau du r\u00e9servoir de stockage<\/strong><\/td>\n<td bgcolor=\"#E8E3D0\">Acier ST235<\/td>\n<\/tr>\n<\/tbody>\n<\/table>\n<p>&nbsp;<\/p>\n<\/div>\n<\/div>\n<\/div>\n<\/div>\n<div class=\"panel\">\n<div id=\"headingExtra13\" class=\"panel-heading\" role=\"tab\">\n<div class=\"panel-title h5\"><a href=\"httpss:\/\/france-chauffage-solaire.fr\/kit-chauffe-eau-solaire\/chauffe-eau-solaire-sunpad-fcs-1101-240052.html?srsltid=AR5OiO11DR0Hogzh4eYsNWm5_hRw77oaimaH47KqUl36qLFMMLFahG6a5is#collapseExtra13\" data-toggle=\"collapse\" data-parent=\"#productAccordions\" aria-expanded=\"false\" aria-controls=\"collapseExtra13\">Avantages<i class=\"caret-down-icon\"><\/i><\/a><\/div>\n<\/div>\n<div id=\"collapseExtra13\" class=\"product-extra-block panel-collapse collapse show\" role=\"tabpanel\" aria-labelledby=\"headingExtra13\">\n<div class=\"panel-content\">\n<div class=\"extra-content typo\">\n<h3>Avantages du Sunpad le chauffe eau monobloc instantan\u00e9<\/h3>\n<p><strong>Innovant et complet :<\/strong><\/p>\n<p>&#8211; Syst\u00e8me d&rsquo;eau solaire tout-en-un compact<br \/>\n&#8211; Syst\u00e8me d&rsquo;eau douce haute-performance<br \/>\n&#8211; Concept innovant<br \/>\n&#8211; Design unique pour une int\u00e9gration esth\u00e9tique de la toiture<\/p>\n<p><strong>\u00c9conomique et \u00e9conome en \u00e9nergie :<\/strong><\/p>\n<p>&#8211; Excellentes performances<br \/>\n&#8211; Prix de revient bas<br \/>\n&#8211; Temps de retour sur investissement rapide<br \/>\n&#8211; Co\u00fbts de transport r\u00e9duits et emballage optimis\u00e9<\/p>\n<p><strong>Flexible et convivial :<\/strong><\/p>\n<p>&#8211; Rapide et facile \u00e0 installer<br \/>\n&#8211; Syst\u00e8me Plug &amp; Play<br \/>\n&#8211; Montage sur toit plat ou inclin\u00e9<\/p>\n<\/div>\n<\/div>\n<\/div>\n<\/div>\n<div class=\"panel\">\n<div id=\"headingExtra14\" class=\"panel-heading\" role=\"tab\">\n<div class=\"panel-title h5\"><a href=\"httpss:\/\/france-chauffage-solaire.fr\/kit-chauffe-eau-solaire\/chauffe-eau-solaire-sunpad-fcs-1101-240052.html?srsltid=AR5OiO11DR0Hogzh4eYsNWm5_hRw77oaimaH47KqUl36qLFMMLFahG6a5is#collapseExtra14\" data-toggle=\"collapse\" data-parent=\"#productAccordions\" aria-expanded=\"false\" aria-controls=\"collapseExtra14\">Installation<i class=\"caret-down-icon\"><\/i><\/a><\/div>\n<\/div>\n<div id=\"collapseExtra14\" class=\"product-extra-block panel-collapse collapse show\" role=\"tabpanel\" aria-labelledby=\"headingExtra14\">\n<div class=\"panel-content\">\n<div class=\"extra-content typo\">\n<h3>Sch\u00e9ma hydraulique<\/h3>\n<p>En plus de son design attrayant, le SUNPAD poss\u00e8de \u00e9galement une excellente int\u00e9gration hydraulique. La r\u00e9sistance pouvant s&rsquo;\u00e9lever jusqu&rsquo;\u00e0 une pression de 10 bars ouvre de nombreuses possibilit\u00e9s d&rsquo;applications et d&rsquo;installations pour le SUNPAD. Un clapet anti-retour de s\u00e9curit\u00e9 est fournit avec le produit. L&rsquo;illustration suivante montre les composants n\u00e9cessaires \u00e0 l&rsquo;installation du SUNPAD.<\/p>\n<p>&nbsp;<\/p>\n<p>&nbsp;<\/p>\n<p>1 &#8211; Conduite d&rsquo;eau<\/p>\n<p>2 &#8211; Filtre \u00e0 eau<\/p>\n<p>3 &#8211; Soupape de r\u00e9duction de pression<\/p>\n<p>4 &#8211; Soupape d&rsquo;arr\u00eat<\/p>\n<p>5 &#8211; Clapet anti-retour \/ soupape de s\u00e9curit\u00e9 (10 bars)<\/p>\n<p>6 &#8211; Mitigeur thermostatique solaire anti-br\u00fblures (r\u00e9glable de 30 \u00e0 60\u00b0C maximum)<\/p>\n<p>7 &#8211; Thermoplongeur \u00e9lectrique 1 kW garantissant de l\u2019eau chaude les jours de mauvais temps.<\/p>\n<p>&nbsp;<\/p>\n<h3>Principales possibilit\u00e9s de raccordement du SUNPAD monobloc en fonction du type d&rsquo;installation<\/h3>\n<p>Solution de\u00a0<strong>chauffe eau solaire 100% autonome<\/strong>\u00a0sans appoint externe ou avec une r\u00e9sistance d&rsquo;appoint optionnelle pouvant \u00eatre implant\u00e9e dans le SUNPAD.<br \/>\nLe SUNPAD peut \u00eatre\u00a0<strong>connect\u00e9 en s\u00e9rie avec une chaudi\u00e8re \u00e9lectrique, Fioul, Gaz<\/strong>\u00a0qui assure la rel\u00e8ve en cas de manque de soleil.<br \/>\nC&rsquo;est aussi un\u00a0<strong>kit de transformation d&rsquo;un chauffe eau \u00e9lectrique en chauffe eau solaire<\/strong>. Cette solution \u00e9conomique et simple de couplage d\u2019un panneau solaire et d\u2019un chauffe eau \u00e9lectrique est la meilleure alternative pour garder et brancher un cumulus \u00e9lectrique tout en profitant du solaire pour r\u00e9aliser d&rsquo;importantes \u00e9conomies<\/p>\n<p>&nbsp;<\/p>\n<h3>Possibilit\u00e9s d\u2019installation du<\/h3>\n<\/div>\n<\/div>\n<\/div>\n<\/div>\n<p>Sunpad fournit de fa\u00e7on durable de l&rsquo;eau chaude trait\u00e9e au meilleur prix et est la symbiose parfaite de l&rsquo;innovation, du design et de la maniabilit\u00e9.<\/p>\n<p>Nous contribuons \u00e0 influencer de mani\u00e8re significative les habitudes \u00e9nerg\u00e9tiques de la population mondiale avec le Sunpad. Et \u00e0 ouvrir aujourd&rsquo;hui une nouvelle voie pour le syst\u00e8me \u00e9nerg\u00e9tique de demain.<\/p>\n<p>Avec notre solution \u00e9nerg\u00e9tique intelligente pour vos besoins individuels, nous pouvons r\u00e9duire :<\/p>\n<ul>\n<li>les \u00e9mission de CO2 par un Sunpad, ce qui correspond \u00e0 100 arbres immenses plant\u00e9s<\/li>\n<li>vos d\u00e9penses \u00e9nerg\u00e9tiques thermiques jusqu&rsquo;\u00e0 80%, selon votre environnement climatique<\/li>\n<\/ul>\n<p>**Points forts :** Puissant, silencieux et \u00e9conomique.<br \/>\n**Pourquoi choisir ce produit ?** Pour un confort optimal toute l\u2019ann\u00e9e.<\/p>\n","protected":false},"excerpt":{"rendered":"<p>Le chauffe-eau solaire autonome monobloc Sunpad peut produire jusqu&rsquo;\u00e0\u00a0<strong>300 litres d&rsquo;eau chaude<\/strong>\u00a0sanitaire instantan\u00e9e.<\/p>\n<p>Avec sa technologie r\u00e9volutionnaire et son rapport qualit\u00e9-prix imbattable,\u00a0<strong>SUNPAD SOLAR\u00a0<\/strong>se positionne comme une des meilleures alternative id\u00e9ale !<\/p>\n<p>Il est moins cher et plus convivial, novateur et esth\u00e9tique que tout syst\u00e8me de chauffage solaire existant.<\/p>\n<p><strong>Garantie 5 ans<\/strong><\/p>\n<p>Livraison gratuite en 48 heures Con\u00e7u pour le confort, la puissance et la faible consommation.<\/p>\n","protected":false},"featured_media":3427,"comment_status":"closed","ping_status":"closed","template":"","meta":[],"product_brand":[],"product_cat":[156],"product_tag":[],"class_list":{"0":"post-3426","1":"product","2":"type-product","3":"status-publish","6":"product_cat-chauffage-et-plomberie","8":"first","9":"instock","10":"sale","11":"taxable","12":"shipping-taxable","13":"purchasable","14":"product-type-simple"},"_links":{"self":[{"href":"https:\/\/menagers-holding.fr\/index.php?rest_route=\/wp\/v2\/product\/3426","targetHints":{"allow":["GET"]}}],"collection":[{"href":"https:\/\/menagers-holding.fr\/index.php?rest_route=\/wp\/v2\/product"}],"about":[{"href":"https:\/\/menagers-holding.fr\/index.php?rest_route=\/wp\/v2\/types\/product"}],"replies":[{"embeddable":true,"href":"https:\/\/menagers-holding.fr\/index.php?rest_route=%2Fwp%2Fv2%2Fcomments&post=3426"}],"wp:featuredmedia":[{"embeddable":true,"href":"https:\/\/menagers-holding.fr\/index.php?rest_route=\/wp\/v2\/media\/3427"}],"wp:attachment":[{"href":"https:\/\/menagers-holding.fr\/index.php?rest_route=%2Fwp%2Fv2%2Fmedia&parent=3426"}],"wp:term":[{"taxonomy":"product_brand","embeddable":true,"href":"https:\/\/menagers-holding.fr\/index.php?rest_route=%2Fwp%2Fv2%2Fproduct_brand&post=3426"},{"taxonomy":"product_cat","embeddable":true,"href":"https:\/\/menagers-holding.fr\/index.php?rest_route=%2Fwp%2Fv2%2Fproduct_cat&post=3426"},{"taxonomy":"product_tag","embeddable":true,"href":"https:\/\/menagers-holding.fr\/index.php?rest_route=%2Fwp%2Fv2%2Fproduct_tag&post=3426"}],"curies":[{"name":"wp","href":"https:\/\/api.w.org\/{rel}","templated":true}]}}