{"id":3316,"date":"2022-10-16T21:53:29","date_gmt":"2022-10-16T21:53:29","guid":{"rendered":"https:\/\/menagers-holding.fr\/?post_type=product&#038;p=3316"},"modified":"2025-09-23T08:45:23","modified_gmt":"2025-09-23T08:45:23","slug":"la-pavoni-esperto-machine-a-levier-inox-or-62-kg","status":"publish","type":"product","link":"https:\/\/menagers-holding.fr\/?product=la-pavoni-esperto-machine-a-levier-inox-or-62-kg","title":{"rendered":"La Pavoni Esperto machine \u00e0 levier inox or 6,2 kg"},"content":{"rendered":"<div class=\"product-desc-desktop show-more d-none d-sm-none d-md-none d-lg-block\">\n<div class=\"desc\">\n<div class=\"elt\">\n<div class=\"left\">\n<div class=\"elt\">\n<div class=\"left\">EAN<\/div>\n<div class=\"right\">8010072228174<\/div>\n<\/div>\n<div class=\"elt odd\">\n<div class=\"left\">Convient pour<\/div>\n<div class=\"right\">Caf\u00e9 moulu<\/div>\n<\/div>\n<div class=\"elt\">\n<div class=\"left\">Mat\u00e9riaux<\/div>\n<div class=\"right\">Acier inoxydable &amp; Bois<\/div>\n<\/div>\n<div class=\"elt odd\">\n<div class=\"left\">Couleurs<\/div>\n<div class=\"right\">Or &amp; Argent<\/div>\n<\/div>\n<div class=\"elt\">\n<div class=\"left\">Dimensions (LxlxH)<\/div>\n<div class=\"right\">29 x 20 x 36 cm<\/div>\n<\/div>\n<div class=\"elt odd\">\n<div class=\"left\">Livr\u00e9 avec<\/div>\n<div class=\"right\">Filtre classique 1 tasse et 2 tasses<\/div>\n<\/div>\n<div class=\"elt\">\n<div class=\"left\">Poids<\/div>\n<div class=\"right\">6 kg<\/div>\n<\/div>\n<div class=\"elt odd\">\n<div class=\"left\">Volume<\/div>\n<div class=\"right\">1,6 l<\/div>\n<\/div>\n<div class=\"elt\">\n<div class=\"left\">Nb de tasses<\/div>\n<div class=\"right\">16<\/div>\n<\/div>\n<div class=\"elt odd\">\n<div class=\"left\">Garantie<\/div>\n<div class=\"right\">2 ans<\/div>\n<\/div>\n<div class=\"elt\">\n<div class=\"left\">Boisson r\u00e9alisables<\/div>\n<div class=\"right\">Caf\u00e9, Espresso, Cappuccino<\/div>\n<\/div>\n<div class=\"elt odd\">\n<div class=\"left\">Puissance<\/div>\n<div class=\"right\">950 W<\/div>\n<\/div>\n<div class=\"elt\">\n<div class=\"left\">Tension<\/div>\n<div class=\"right\">230 V<\/div>\n<\/div>\n<div class=\"elt odd\">\n<div class=\"left\">Longueur du c\u00e2ble d&rsquo;alimentation<\/div>\n<div class=\"right\">2 m<\/div>\n<\/div>\n<div class=\"elt\">\n<div class=\"left\">Bac \u00e0 grains<\/div>\n<div class=\"right\">Non<\/div>\n<\/div>\n<div class=\"elt odd\">\n<div class=\"left\">Programme de nettoyage<\/div>\n<div class=\"right\">Non<\/div>\n<\/div>\n<div class=\"elt\">\n<div class=\"left\">D\u00e9part programm\u00e9<\/div>\n<div class=\"right\">Non<\/div>\n<\/div>\n<div class=\"elt odd\">\n<div class=\"left\">\u00c9cran int\u00e9gr\u00e9<\/div>\n<div class=\"right\">Non<\/div>\n<\/div>\n<div class=\"elt\">\n<div class=\"left\">Syst\u00e8me boisson lact\u00e9e<\/div>\n<div class=\"right\">Oui<\/div>\n<\/div>\n<div class=\"elt odd\">\n<div class=\"left\">Nettoyage facile<\/div>\n<div class=\"right\">Non<\/div>\n<\/div>\n<div class=\"elt\">\n<div class=\"left\">Plusieurs tailles de tasses<\/div>\n<div class=\"right\">Oui<\/div>\n<\/div>\n<div class=\"elt odd\">\n<div class=\"left\">Nb de tasses simultan\u00e9es<\/div>\n<div class=\"right\">2<\/div>\n<\/div>\n<div class=\"elt\">\n<div class=\"left\">Arr\u00eat automatique<\/div>\n<div class=\"right\">Non<\/div>\n<\/div>\n<div class=\"elt odd\">\n<div class=\"left\">Fonction stop-gouttes<\/div>\n<div class=\"right\">Non<\/div>\n<\/div>\n<div class=\"elt\">\n<div class=\"left\">Nettoyage automatique des buses<\/div>\n<div class=\"right\">Oui<\/div>\n<\/div>\n<div class=\"elt odd\">\n<div class=\"left\">Pression de la pompe<\/div>\n<div class=\"right\">0,8 bars<\/div>\n<\/div>\n<div class=\"elt\">\n<div class=\"left\">Moulin int\u00e9gr\u00e9<\/div>\n<div class=\"right\">Non<\/div>\n<\/div>\n<\/div>\n<\/div>\n<\/div>\n<\/div>\n<p>**Points forts :** Fiabilit\u00e9, praticit\u00e9 et prix abordable.<br \/>\n**Pourquoi choisir ce produit ?** Convient \u00e0 divers besoins du quotidien.<\/p>\n","protected":false},"excerpt":{"rendered":"<div class=\"product-desc-desktop show-more d-none d-sm-none d-md-none d-lg-block\">\n<div class=\"desc\">La machine Esperto est d\u00e9di\u00e9e au sp\u00e9cialistes de l&rsquo;espresso ainsi qu&rsquo;aux comp\u00e9titeurs. Il s&rsquo;agit d&rsquo;un nouveau mod\u00e8le construit avec des mat\u00e9riaux solides. L&rsquo;Esperto est la machine parfaite pour les plus exigeants qui souhaitent personnaliser leur caf\u00e9.<\/div>\n<\/div>\n<div class=\"d-block\"><\/div>\n<div class=\"d-none d-sm-none d-md-none d-lg-block\">\n<div class=\"product-benefits-summary\">\n<div class=\"group\"><\/div>\n<\/div>\n<\/div>\n<p> Fiable et adapt\u00e9 \u00e0 vos besoins quotidiens.<\/p>\n","protected":false},"featured_media":3317,"comment_status":"closed","ping_status":"closed","template":"","meta":[],"product_brand":[],"product_cat":[180,167],"product_tag":[],"class_list":{"0":"post-3316","1":"product","2":"type-product","3":"status-publish","6":"product_cat-electromenagers","7":"product_cat-expresso-et-machine-a-cafe","9":"first","10":"instock","11":"taxable","12":"shipping-taxable","13":"purchasable","14":"product-type-simple"},"_links":{"self":[{"href":"https:\/\/menagers-holding.fr\/index.php?rest_route=\/wp\/v2\/product\/3316","targetHints":{"allow":["GET"]}}],"collection":[{"href":"https:\/\/menagers-holding.fr\/index.php?rest_route=\/wp\/v2\/product"}],"about":[{"href":"https:\/\/menagers-holding.fr\/index.php?rest_route=\/wp\/v2\/types\/product"}],"replies":[{"embeddable":true,"href":"https:\/\/menagers-holding.fr\/index.php?rest_route=%2Fwp%2Fv2%2Fcomments&post=3316"}],"wp:featuredmedia":[{"embeddable":true,"href":"https:\/\/menagers-holding.fr\/index.php?rest_route=\/wp\/v2\/media\/3317"}],"wp:attachment":[{"href":"https:\/\/menagers-holding.fr\/index.php?rest_route=%2Fwp%2Fv2%2Fmedia&parent=3316"}],"wp:term":[{"taxonomy":"product_brand","embeddable":true,"href":"https:\/\/menagers-holding.fr\/index.php?rest_route=%2Fwp%2Fv2%2Fproduct_brand&post=3316"},{"taxonomy":"product_cat","embeddable":true,"href":"https:\/\/menagers-holding.fr\/index.php?rest_route=%2Fwp%2Fv2%2Fproduct_cat&post=3316"},{"taxonomy":"product_tag","embeddable":true,"href":"https:\/\/menagers-holding.fr\/index.php?rest_route=%2Fwp%2Fv2%2Fproduct_tag&post=3316"}],"curies":[{"name":"wp","href":"https:\/\/api.w.org\/{rel}","templated":true}]}}