{"id":3298,"date":"2022-10-16T21:12:14","date_gmt":"2022-10-16T21:12:14","guid":{"rendered":"https:\/\/menagers-holding.fr\/?post_type=product&#038;p=3298"},"modified":"2025-09-23T08:47:27","modified_gmt":"2025-09-23T08:47:27","slug":"kitchenaid-artisan-premium-gris-etain-48l-5ksm185psems","status":"publish","type":"product","link":"https:\/\/menagers-holding.fr\/?product=kitchenaid-artisan-premium-gris-etain-48l-5ksm185psems","title":{"rendered":"KITCHENAID ARTISAN PREMIUM GRIS ETAIN 4,8L- 5KSM185PSEMS"},"content":{"rendered":"<div class=\"f-productProperties__col\">\n<dl class=\"f-productProperties__item\">\n<dt class=\"f-productProperties__term\">Fonctionnalit\u00e9s robot de cuisine \/ blender<\/dt>\n<dd class=\"f-productProperties__definition\">Kit p\u00e2tissier (Fouet, Batteur, P\u00e9trin)<\/dd>\n<\/dl>\n<dl class=\"f-productProperties__item\">\n<dt class=\"f-productProperties__term\">Fonctions robot de cuisine \/ blender<\/dt>\n<dd class=\"f-productProperties__definition\">Batteur<\/p>\n<p>M\u00e9langer<\/p>\n<p>P\u00e9trin<\/p>\n<p>Mixer<\/p>\n<p>Emulsionner<\/p>\n<p>Fouet<\/dd>\n<\/dl>\n<dl class=\"f-productProperties__item\">\n<dt class=\"f-productProperties__term\">Connect\u00e9<\/dt>\n<dd class=\"f-productProperties__definition\">Non<\/dd>\n<\/dl>\n<dl class=\"f-productProperties__item\">\n<dt class=\"f-productProperties__term\">Capacit\u00e9 du bol<\/dt>\n<dd class=\"f-productProperties__definition\">4,8 litres<\/dd>\n<\/dl>\n<dl class=\"f-productProperties__item\">\n<dt class=\"f-productProperties__term\">Nature du bol<\/dt>\n<dd class=\"f-productProperties__definition\">Inox<\/dd>\n<\/dl>\n<dl class=\"f-productProperties__item\">\n<dt class=\"f-productProperties__term\">Capacit\u00e9<\/dt>\n<dd class=\"f-productProperties__definition\">4,8 litres<\/dd>\n<\/dl>\n<dl class=\"f-productProperties__item\">\n<dt class=\"f-productProperties__term\">Mati\u00e8re principale<\/dt>\n<dd class=\"f-productProperties__definition\">M\u00e9tal<\/dd>\n<\/dl>\n<dl class=\"f-productProperties__item\">\n<dt class=\"f-productProperties__term\">Livre de recettes<\/dt>\n<dd class=\"f-productProperties__definition\">Non<\/dd>\n<\/dl>\n<dl class=\"f-productProperties__item\">\n<dt class=\"f-productProperties__term\">Gamme robot de cuisine<\/dt>\n<dd class=\"f-productProperties__definition\">Robot p\u00e2tissier<\/dd>\n<\/dl>\n<dl class=\"f-productProperties__item\">\n<dt class=\"f-productProperties__term\">Nombre de vitesse(s)<\/dt>\n<dd class=\"f-productProperties__definition\">10 Variateur de vitesses<\/dd>\n<\/dl>\n<\/div>\n<div class=\"f-productProperties__col\">\n<dl class=\"f-productProperties__item  f-productProperties__item--long \">\n<dt class=\"f-productProperties__term\">Caract\u00e9ristiques compl\u00e9mentaires<\/dt>\n<dd class=\"f-productProperties__definition\">Longueur du cordon d&rsquo;alimentation : 145 cm, Type de produit: Robot p\u00e2tissier, Fonctions: Robuste et \u00e9quip\u00e9 d&rsquo;un bol en verre ou en inox, d&rsquo;un fouet, d&rsquo;un crochet et d&rsquo;un batteur, il est id\u00e9al pour la p\u00e2tisserie ; M\u00e9lange d\u00e9licat ; Petrir ; Blanc en neige ; Mixer ; Fouetter ; Battre ; Pendant le fonctionnement, l&rsquo;accessoire tourne sur lui-m\u00eame tout en suivant les parois du bol, Nettoyage: Accessoires compatibles lave-vaisselle, Alimentation: AC 220-240 V, 50\/60 Hz<\/dd>\n<\/dl>\n<dl class=\"f-productProperties__item\">\n<dt class=\"f-productProperties__term\">Couleur<\/dt>\n<dd class=\"f-productProperties__definition\">Gris Etain<\/dd>\n<\/dl>\n<dl class=\"f-productProperties__item\">\n<dt class=\"f-productProperties__term\">Coloris<\/dt>\n<dd class=\"f-productProperties__definition\">Gris<\/dd>\n<\/dl>\n<dl class=\"f-productProperties__item\">\n<dt class=\"f-productProperties__term\">Largeur du produit<\/dt>\n<dd class=\"f-productProperties__definition\">37 cm<\/dd>\n<\/dl>\n<dl class=\"f-productProperties__item\">\n<dt class=\"f-productProperties__term\">Profondeur<\/dt>\n<dd class=\"f-productProperties__definition\">24 cm<\/dd>\n<\/dl>\n<dl class=\"f-productProperties__item\">\n<dt class=\"f-productProperties__term\">Hauteur du produit<\/dt>\n<dd class=\"f-productProperties__definition\">36 cm<\/dd>\n<\/dl>\n<dl class=\"f-productProperties__item\">\n<dt class=\"f-productProperties__term\">Poids du produit<\/dt>\n<dd class=\"f-productProperties__definition\">11,1 g<\/dd>\n<\/dl>\n<dl class=\"f-productProperties__item\">\n<dt class=\"f-productProperties__term\">Disponibilit\u00e9 des pi\u00e8ces d\u00e9tach\u00e9es<\/dt>\n<dd class=\"f-productProperties__definition\">5 ANS<\/dd>\n<\/dl>\n<dl class=\"f-productProperties__item\">\n<dd class=\"f-productProperties__definition\">&nbsp;<\/dd>\n<\/dl>\n<dl class=\"f-productProperties__item\">\n<dt class=\"f-productProperties__term\">EAN<\/dt>\n<dd class=\"f-productProperties__definition\">5413184120948<\/dd>\n<\/dl>\n<\/div>\n<p>**Points forts :** Technologie moderne, faible consommation, praticit\u00e9.<br \/>\n**Pourquoi choisir ce produit ?** Id\u00e9al pour un usage quotidien avec un excellent rapport qualit\u00e9-prix.<\/p>\n","protected":false},"excerpt":{"rendered":"<ul class=\"product_details_items font-2-l\">\n<li class=\"product_details_item\">Capacit\u00e9 brute du bol 4,8 litres<\/li>\n<li class=\"product_details_item\">Moteur 300 watts transmission directe &#8211; poign\u00e9e ergonomique<\/li>\n<li class=\"product_details_item\">Variateur de vitesses 10 positions &#8211; couvercle anti-projections<\/li>\n<li class=\"product_details_item\">Kit p\u00e2tisserie : Batteur plat, crochet p\u00e9trisseur, fouet \u00e0 fils<\/li>\n<\/ul>\n<p> Compact, \u00e9co-\u00e9nerg\u00e9tique et facile \u00e0 utiliser.<\/p>\n","protected":false},"featured_media":3299,"comment_status":"closed","ping_status":"closed","template":"","meta":[],"product_brand":[],"product_cat":[180,166],"product_tag":[],"class_list":{"0":"post-3298","1":"product","2":"type-product","3":"status-publish","6":"product_cat-electromenagers","7":"product_cat-robot-cuisine","9":"first","10":"instock","11":"taxable","12":"shipping-taxable","13":"purchasable","14":"product-type-simple"},"_links":{"self":[{"href":"https:\/\/menagers-holding.fr\/index.php?rest_route=\/wp\/v2\/product\/3298","targetHints":{"allow":["GET"]}}],"collection":[{"href":"https:\/\/menagers-holding.fr\/index.php?rest_route=\/wp\/v2\/product"}],"about":[{"href":"https:\/\/menagers-holding.fr\/index.php?rest_route=\/wp\/v2\/types\/product"}],"replies":[{"embeddable":true,"href":"https:\/\/menagers-holding.fr\/index.php?rest_route=%2Fwp%2Fv2%2Fcomments&post=3298"}],"wp:featuredmedia":[{"embeddable":true,"href":"https:\/\/menagers-holding.fr\/index.php?rest_route=\/wp\/v2\/media\/3299"}],"wp:attachment":[{"href":"https:\/\/menagers-holding.fr\/index.php?rest_route=%2Fwp%2Fv2%2Fmedia&parent=3298"}],"wp:term":[{"taxonomy":"product_brand","embeddable":true,"href":"https:\/\/menagers-holding.fr\/index.php?rest_route=%2Fwp%2Fv2%2Fproduct_brand&post=3298"},{"taxonomy":"product_cat","embeddable":true,"href":"https:\/\/menagers-holding.fr\/index.php?rest_route=%2Fwp%2Fv2%2Fproduct_cat&post=3298"},{"taxonomy":"product_tag","embeddable":true,"href":"https:\/\/menagers-holding.fr\/index.php?rest_route=%2Fwp%2Fv2%2Fproduct_tag&post=3298"}],"curies":[{"name":"wp","href":"https:\/\/api.w.org\/{rel}","templated":true}]}}