{"id":3277,"date":"2022-10-16T20:17:20","date_gmt":"2022-10-16T20:17:20","guid":{"rendered":"https:\/\/menagers-holding.fr\/?post_type=product&#038;p=3277"},"modified":"2025-09-23T08:47:28","modified_gmt":"2025-09-23T08:47:28","slug":"robot-patissier-kitchenaid-5ksm175pseib-300-w-bleu-et-argent","status":"publish","type":"product","link":"https:\/\/menagers-holding.fr\/?product=robot-patissier-kitchenaid-5ksm175pseib-300-w-bleu-et-argent","title":{"rendered":"Robot p\u00e2tissier KitchenAid 5KSM175PSEIB 300 W Bleu et Argent"},"content":{"rendered":"<div class=\"f-productProperties__col\">\n<dl class=\"f-productProperties__item\">\n<dt class=\"f-productProperties__term\">Fonctions robot de cuisine \/ blender<\/dt>\n<dd class=\"f-productProperties__definition\">Batteur<\/p>\n<p>M\u00e9langer<\/p>\n<p>Presse-agrumes<\/p>\n<p>Mixer<\/dd>\n<\/dl>\n<dl class=\"f-productProperties__item\">\n<dt class=\"f-productProperties__term\">Connect\u00e9<\/dt>\n<dd class=\"f-productProperties__definition\">Non<\/dd>\n<\/dl>\n<dl class=\"f-productProperties__item\">\n<dt class=\"f-productProperties__term\">Capacit\u00e9 du bol<\/dt>\n<dd class=\"f-productProperties__definition\">4,8 litres<\/dd>\n<\/dl>\n<dl class=\"f-productProperties__item\">\n<dt class=\"f-productProperties__term\">Nature du bol<\/dt>\n<dd class=\"f-productProperties__definition\">Acier<\/dd>\n<\/dl>\n<dl class=\"f-productProperties__item\">\n<dt class=\"f-productProperties__term\">Capacit\u00e9<\/dt>\n<dd class=\"f-productProperties__definition\">4,8 litres<\/dd>\n<\/dl>\n<dl class=\"f-productProperties__item\">\n<dt class=\"f-productProperties__term\">Mati\u00e8re principale<\/dt>\n<dd class=\"f-productProperties__definition\">M\u00e9tal<\/dd>\n<\/dl>\n<dl class=\"f-productProperties__item\">\n<dt class=\"f-productProperties__term\">Livre de recettes<\/dt>\n<dd class=\"f-productProperties__definition\">Non<\/dd>\n<\/dl>\n<dl class=\"f-productProperties__item\">\n<dt class=\"f-productProperties__term\">Gamme robot de cuisine<\/dt>\n<dd class=\"f-productProperties__definition\">Robot p\u00e2tissier<\/dd>\n<\/dl>\n<dl class=\"f-productProperties__item\">\n<dt class=\"f-productProperties__term\">Recettes pr\u00e9programm\u00e9es<\/dt>\n<dd class=\"f-productProperties__definition\">non<\/dd>\n<\/dl>\n<dl class=\"f-productProperties__item  f-productProperties__item--long \">\n<dt class=\"f-productProperties__term\">Nettoyage robot de cuisine<\/dt>\n<dd class=\"f-productProperties__definition\">Lave-Vaisselle les accessoires sont compatibles lave-vaisselle (sauf verseur\/protecteur , fouet \u00e0 6 fils)<\/dd>\n<\/dl>\n<dl class=\"f-productProperties__item\">\n<dt class=\"f-productProperties__term\">Type de moteur<\/dt>\n<dd class=\"f-productProperties__definition\">Moteur \u00e0 transmission directe haute performance<\/dd>\n<\/dl>\n<dl class=\"f-productProperties__item\">\n<dt class=\"f-productProperties__term\">Type de bol<\/dt>\n<dd class=\"f-productProperties__definition\">Bol \u00e0 m\u00e9langer<\/dd>\n<\/dl>\n<\/div>\n<div class=\"f-productProperties__col\">\n<dl class=\"f-productProperties__item\">\n<dt class=\"f-productProperties__term\">Nombre de vitesse(s)<\/dt>\n<dd class=\"f-productProperties__definition\">10<\/dd>\n<\/dl>\n<dl class=\"f-productProperties__item  f-productProperties__item--long \">\n<dt class=\"f-productProperties__term\">Caract\u00e9ristiques compl\u00e9mentaires<\/dt>\n<dd class=\"f-productProperties__definition\">Solide, stable et durable ; Action de m\u00e9lange \u00e0 mouvement plan\u00e9taire ; M\u00e9lange rapide et homog\u00e8ne ; Moteur \u00e0 transmission directe haute performance ; Pour r\u00e9aliser des pr\u00e9parations en grande ou petite quantit\u00e9 avec des produits frais, simplement et rapidement ; Aucune perte de puissance entre le moteur et les accessoires ; Moyeu de fixation polyvalent unique ; Large choix d\u2019accessoires en option ; Polyvalent et facile \u00e0 utiliser ; Mat\u00e9riau du corps de l\u2019appareil : Zinc coul\u00e9 ; Tension : 220 &#8211; 240 V ; Fr\u00e9quence : 50 \/ 60 Hz ; Tours par minute (Vitesse 1 \u00e0 10) : De 58 \u00e0 220 tr\/min ; Type de s\u00e9lection des vitesses : \u00c9lectronique hybride ; Longueur du cordon : 106,7 cm<\/dd>\n<\/dl>\n<dl class=\"f-productProperties__item\">\n<dt class=\"f-productProperties__term\">Couleur<\/dt>\n<dd class=\"f-productProperties__definition\">Bleu et Argent<\/dd>\n<\/dl>\n<dl class=\"f-productProperties__item\">\n<dt class=\"f-productProperties__term\">Coloris<\/dt>\n<dd class=\"f-productProperties__definition\">Bleu<\/dd>\n<\/dl>\n<dl class=\"f-productProperties__item\">\n<dt class=\"f-productProperties__term\">Largeur du produit<\/dt>\n<dd class=\"f-productProperties__definition\">37 cm<\/dd>\n<\/dl>\n<dl class=\"f-productProperties__item\">\n<dt class=\"f-productProperties__term\">Profondeur<\/dt>\n<dd class=\"f-productProperties__definition\">24 cm<\/dd>\n<\/dl>\n<dl class=\"f-productProperties__item\">\n<dt class=\"f-productProperties__term\">Hauteur du produit<\/dt>\n<dd class=\"f-productProperties__definition\">36 cm<\/dd>\n<\/dl>\n<dl class=\"f-productProperties__item\">\n<dt class=\"f-productProperties__term\">Poids du produit<\/dt>\n<dd class=\"f-productProperties__definition\">11,97 Kg<\/dd>\n<\/dl>\n<dl class=\"f-productProperties__item\">\n<dt class=\"f-productProperties__term\">Dimensions<\/dt>\n<dd class=\"f-productProperties__definition\">36\u00a0\u00d7\u00a024\u00a0\u00d7\u00a037\u00a0cm<\/dd>\n<\/dl>\n<dl class=\"f-productProperties__item\">\n<dt class=\"f-productProperties__term\">Disponibilit\u00e9 des pi\u00e8ces d\u00e9tach\u00e9es<\/dt>\n<dd class=\"f-productProperties__definition\">PCDET_2<\/dd>\n<\/dl>\n<dl class=\"f-productProperties__item\">\n<dd class=\"f-productProperties__definition\">&nbsp;<\/dd>\n<\/dl>\n<dl class=\"f-productProperties__item\">\n<dt class=\"f-productProperties__term\">EAN<\/dt>\n<dd class=\"f-productProperties__definition\">5413184601669<\/dd>\n<\/dl>\n<\/div>\n<p>**Points forts :** Technologie moderne, faible consommation, praticit\u00e9.<br \/>\n**Pourquoi choisir ce produit ?** Id\u00e9al pour un usage quotidien avec un excellent rapport qualit\u00e9-prix.<\/p>\n","protected":false},"excerpt":{"rendered":"<ul class=\"product_details_items font-2-l\">\n<li class=\"product_details_item\">Capacit\u00e9 brute du bol 4,8 litres<\/li>\n<li class=\"product_details_item\">Moteur \u00e0 transmission directe haute performance 300W<\/li>\n<li class=\"product_details_item\">Batteur \u00e0 bord flexible &#8211; Couvercle monobloc transparent<\/li>\n<li class=\"product_details_item\">Conception tout m\u00e9tal<\/li>\n<\/ul>\n<p> Compact, \u00e9co-\u00e9nerg\u00e9tique et facile \u00e0 utiliser.<\/p>\n","protected":false},"featured_media":3278,"comment_status":"closed","ping_status":"closed","template":"","meta":[],"product_brand":[],"product_cat":[180,166],"product_tag":[],"class_list":{"0":"post-3277","1":"product","2":"type-product","3":"status-publish","6":"product_cat-electromenagers","7":"product_cat-robot-cuisine","9":"first","10":"instock","11":"taxable","12":"shipping-taxable","13":"purchasable","14":"product-type-simple"},"_links":{"self":[{"href":"https:\/\/menagers-holding.fr\/index.php?rest_route=\/wp\/v2\/product\/3277","targetHints":{"allow":["GET"]}}],"collection":[{"href":"https:\/\/menagers-holding.fr\/index.php?rest_route=\/wp\/v2\/product"}],"about":[{"href":"https:\/\/menagers-holding.fr\/index.php?rest_route=\/wp\/v2\/types\/product"}],"replies":[{"embeddable":true,"href":"https:\/\/menagers-holding.fr\/index.php?rest_route=%2Fwp%2Fv2%2Fcomments&post=3277"}],"wp:featuredmedia":[{"embeddable":true,"href":"https:\/\/menagers-holding.fr\/index.php?rest_route=\/wp\/v2\/media\/3278"}],"wp:attachment":[{"href":"https:\/\/menagers-holding.fr\/index.php?rest_route=%2Fwp%2Fv2%2Fmedia&parent=3277"}],"wp:term":[{"taxonomy":"product_brand","embeddable":true,"href":"https:\/\/menagers-holding.fr\/index.php?rest_route=%2Fwp%2Fv2%2Fproduct_brand&post=3277"},{"taxonomy":"product_cat","embeddable":true,"href":"https:\/\/menagers-holding.fr\/index.php?rest_route=%2Fwp%2Fv2%2Fproduct_cat&post=3277"},{"taxonomy":"product_tag","embeddable":true,"href":"https:\/\/menagers-holding.fr\/index.php?rest_route=%2Fwp%2Fv2%2Fproduct_tag&post=3277"}],"curies":[{"name":"wp","href":"https:\/\/api.w.org\/{rel}","templated":true}]}}