{"id":3239,"date":"2022-10-16T10:30:11","date_gmt":"2022-10-16T10:30:11","guid":{"rendered":"https:\/\/menagers-holding.fr\/?post_type=product&#038;p=3239"},"modified":"2025-09-24T05:38:30","modified_gmt":"2025-09-24T05:38:30","slug":"delonghi-hs20-2","status":"publish","type":"product","link":"https:\/\/menagers-holding.fr\/?product=delonghi-hs20-2","title":{"rendered":"DELONGHI HS20.2"},"content":{"rendered":"<p>Convecteur &#8211; Puissance : 2000W &#8211; Finitions \u00e9l\u00e9gantes &#8211; Thermostat d\u2019ambiance &#8211; Thermostat de s\u00e9curit\u00e9 &#8211; Double isolation &#8211; Position hors-gel &#8211; Poign\u00e9es pour un d\u00e9placement ais\u00e9.<\/p>\n<p>**Points forts :** Puissant, silencieux et \u00e9conomique.<br \/>\n**Pourquoi choisir ce produit ?** Pour un confort optimal toute l\u2019ann\u00e9e.<\/p>\n","protected":false},"excerpt":{"rendered":"<p>Convecteur &#8211; Puissance : 2000W &#8211; Finitions \u00e9l\u00e9gantes &#8211; Thermostat d\u2019ambiance &#8211; Thermostat de s\u00e9curit\u00e9 &#8211; Double isolation &#8211; Position hors-gel &#8211; Poign\u00e9es pour un d\u00e9placement ais\u00e9. Con\u00e7u pour le confort, la puissance et la faible consommation.<\/p>\n","protected":false},"featured_media":5060,"comment_status":"closed","ping_status":"closed","template":"","meta":[],"product_brand":[],"product_cat":[156],"product_tag":[],"class_list":{"0":"post-3239","1":"product","2":"type-product","3":"status-publish","6":"product_cat-chauffage-et-plomberie","8":"first","9":"instock","10":"taxable","11":"shipping-taxable","12":"purchasable","13":"product-type-simple"},"_links":{"self":[{"href":"https:\/\/menagers-holding.fr\/index.php?rest_route=\/wp\/v2\/product\/3239","targetHints":{"allow":["GET"]}}],"collection":[{"href":"https:\/\/menagers-holding.fr\/index.php?rest_route=\/wp\/v2\/product"}],"about":[{"href":"https:\/\/menagers-holding.fr\/index.php?rest_route=\/wp\/v2\/types\/product"}],"replies":[{"embeddable":true,"href":"https:\/\/menagers-holding.fr\/index.php?rest_route=%2Fwp%2Fv2%2Fcomments&post=3239"}],"wp:featuredmedia":[{"embeddable":true,"href":"https:\/\/menagers-holding.fr\/index.php?rest_route=\/wp\/v2\/media\/5060"}],"wp:attachment":[{"href":"https:\/\/menagers-holding.fr\/index.php?rest_route=%2Fwp%2Fv2%2Fmedia&parent=3239"}],"wp:term":[{"taxonomy":"product_brand","embeddable":true,"href":"https:\/\/menagers-holding.fr\/index.php?rest_route=%2Fwp%2Fv2%2Fproduct_brand&post=3239"},{"taxonomy":"product_cat","embeddable":true,"href":"https:\/\/menagers-holding.fr\/index.php?rest_route=%2Fwp%2Fv2%2Fproduct_cat&post=3239"},{"taxonomy":"product_tag","embeddable":true,"href":"https:\/\/menagers-holding.fr\/index.php?rest_route=%2Fwp%2Fv2%2Fproduct_tag&post=3239"}],"curies":[{"name":"wp","href":"https:\/\/api.w.org\/{rel}","templated":true}]}}