{"id":3218,"date":"2022-10-16T09:58:29","date_gmt":"2022-10-16T09:58:29","guid":{"rendered":"https:\/\/menagers-holding.fr\/?post_type=product&#038;p=3218"},"modified":"2025-09-23T08:44:37","modified_gmt":"2025-09-23T08:44:37","slug":"decowatt-radiateur-electrique-design-beton-3d-60x180-cm","status":"publish","type":"product","link":"https:\/\/menagers-holding.fr\/?product=decowatt-radiateur-electrique-design-beton-3d-60x180-cm","title":{"rendered":"DECOWATT Radiateur \u00c9lectrique Design B\u00e9ton 3d 60&#215;180 Cm"},"content":{"rendered":"<ul>\n<li>\n<ul class=\"details-heading-product\">\n<li>EAN <span class=\"strong\">3279396710078<\/span><\/li>\n<li>Marque <span class=\"strong\">DECOWATT<\/span><\/li>\n<li>Couleur du produit <span class=\"strong\">Gris<\/span><\/li>\n<li>Nombre de produits<span class=\"strong\">1<\/span><\/li>\n<li class=\"titre\">CONSOMMATION ET PUISSANCE<\/li>\n<li>Puissance en watts (W)<span class=\"strong\">1000.0<\/span><\/li>\n<li class=\"titre\">CARACT\u00c9RISTIQUES DU PRODUIT<\/li>\n<li>Type de chauffage <span class=\"strong\">Panneaux rayonnants<\/span><\/li>\n<li>Type de pose <span class=\"strong\">Chauffage fixe<\/span><\/li>\n<\/ul>\n<ul class=\"details-heading-product\">\n<li>Pour la salle de bain <span class=\"strong\">Peut \u00eatre install\u00e9 dans une salle de bain<\/span><\/li>\n<li>Soufflant de Salle de Bain <span class=\"strong\">Oui<\/span><\/li>\n<li class=\"titre\">DIMENSIONS ET POIDS<\/li>\n<li>Longueur en cm <span class=\"strong\">53.00<\/span><\/li>\n<li>Largeur en cm <span class=\"strong\">60.00<\/span><\/li>\n<li>Hauteur en cm <span class=\"strong\">180.00<\/span><\/li>\n<li>Poids en kg <span class=\"strong\">9999.99<\/span><\/li>\n<\/ul>\n<\/li>\n<\/ul>\n<p>**Points forts :** Fiabilit\u00e9, praticit\u00e9 et prix abordable.<br \/>\n**Pourquoi choisir ce produit ?** Convient \u00e0 divers besoins du quotidien.<\/p>\n","protected":false},"excerpt":{"rendered":"<p class=\"t-paragraph\">DESCRIPTION\u00a0PRODUIT<\/p>\n<p>Decowatt est un radiateur \u00e9lectrique d\u00e9coratif dont la finesse et le visuel \u00e0 l&rsquo;aspect ultra design en verre tremp\u00e9 et aux bords polis, viendront parfaire votre d\u00e9coration d&rsquo;int\u00e9rieur. L&rsquo;innovation decowatt fait du radiateur un \u00e9l\u00e9ment de d\u00e9coration \u00e0 part enti\u00e8re. Le radiateur decowatt est pilotable \u00e0 distance gr\u00e2ce \u00e0 son thermostat sans fil (inclus) qui permet de d\u00e9finir vos propres programmes. Obtenez une chaleur douce, saine et homog\u00e8ne dans toute votre pi\u00e8ce pour un confort imm\u00e9diat. Le radiateur d\u00e9coratif decowatt peut se transformer en s\u00e8che-serviettes (norme ip24) pour votre salle de bain gr\u00e2ce \u00e0 des barres en inox chrom\u00e9. Radiateur \u00e9lectrique rayonnant performant (mode hors gel automatique si ouverture de fen\u00eatre et jauge de consommation d&rsquo;\u00e9nergie), decowatt vous permettra de r\u00e9aliser jusqu&rsquo;\u00e0 25% d&rsquo;\u00e9conomie d&rsquo;\u00e9nergie gr\u00e2ce \u00e0 sa r\u00e9gulation incluse. Installation simple et rapide (manuel d&rsquo;installation fourni), il est garanti 5 ans. Fabrication fran\u00e7aise \u00e0 la commande pour \u00e9viter toute surproduction, decowatt est labellis\u00e9 origine france garantie.<\/p>\n<div class=\"table-heading-product\">\n<p>&nbsp;<\/p>\n<\/div>\n<p> Fiable et adapt\u00e9 \u00e0 vos besoins quotidiens.<\/p>\n","protected":false},"featured_media":3219,"comment_status":"closed","ping_status":"closed","template":"","meta":[],"product_brand":[],"product_cat":[153,180],"product_tag":[],"class_list":{"0":"post-3218","1":"product","2":"type-product","3":"status-publish","6":"product_cat-electricite-et-domotique","7":"product_cat-electromenagers","9":"first","10":"instock","11":"taxable","12":"shipping-taxable","13":"purchasable","14":"product-type-simple"},"_links":{"self":[{"href":"https:\/\/menagers-holding.fr\/index.php?rest_route=\/wp\/v2\/product\/3218","targetHints":{"allow":["GET"]}}],"collection":[{"href":"https:\/\/menagers-holding.fr\/index.php?rest_route=\/wp\/v2\/product"}],"about":[{"href":"https:\/\/menagers-holding.fr\/index.php?rest_route=\/wp\/v2\/types\/product"}],"replies":[{"embeddable":true,"href":"https:\/\/menagers-holding.fr\/index.php?rest_route=%2Fwp%2Fv2%2Fcomments&post=3218"}],"wp:featuredmedia":[{"embeddable":true,"href":"https:\/\/menagers-holding.fr\/index.php?rest_route=\/wp\/v2\/media\/3219"}],"wp:attachment":[{"href":"https:\/\/menagers-holding.fr\/index.php?rest_route=%2Fwp%2Fv2%2Fmedia&parent=3218"}],"wp:term":[{"taxonomy":"product_brand","embeddable":true,"href":"https:\/\/menagers-holding.fr\/index.php?rest_route=%2Fwp%2Fv2%2Fproduct_brand&post=3218"},{"taxonomy":"product_cat","embeddable":true,"href":"https:\/\/menagers-holding.fr\/index.php?rest_route=%2Fwp%2Fv2%2Fproduct_cat&post=3218"},{"taxonomy":"product_tag","embeddable":true,"href":"https:\/\/menagers-holding.fr\/index.php?rest_route=%2Fwp%2Fv2%2Fproduct_tag&post=3218"}],"curies":[{"name":"wp","href":"https:\/\/api.w.org\/{rel}","templated":true}]}}