{"id":3199,"date":"2022-10-16T07:42:09","date_gmt":"2022-10-16T07:42:09","guid":{"rendered":"https:\/\/menagers-holding.fr\/?post_type=product&#038;p=3199"},"modified":"2025-09-21T04:31:39","modified_gmt":"2025-09-21T04:31:39","slug":"radiateur-hekla-sauter-horizontal-1000w-anthracite","status":"publish","type":"product","link":"https:\/\/menagers-holding.fr\/?product=radiateur-hekla-sauter-horizontal-1000w-anthracite","title":{"rendered":"Radiateur Hekla sauter horizontal 1000W anthracite"},"content":{"rendered":"<p>M\u00e9lange parfait de design et d&rsquo;innovation, le\u00a0<strong>radiateur Hekla sauter 1000W<\/strong>\u00a0r\u00e9chauffera et illuminera votre quotidien. Vous appr\u00e9cierez sa\u00a0<strong>programmation autonome et libre<\/strong>\u00a0qui vous permettra de consommer et chauffer votre maison juste quand il faut ! Le mode de fonctionnement de ce radiateur autonome se base sur l&rsquo;apprentissage de votre rythme de vie afin de d\u00e9finir la programmation qui vous correspond le mieux. La temp\u00e9rature souhait\u00e9e peut \u00eatre programm\u00e9e \u00e0 l&rsquo;heure souhait\u00e9e gr\u00e2ce \u00e0 son syst\u00e8me d&rsquo;anti-cipation de la chauffe. En cas d&rsquo;impr\u00e9vu de type abaissement ou hausse de la temp\u00e9rature, le radiateur Hekla r\u00e9gule de lui-m\u00eame la temp\u00e9rature \u00e0 0.1\u00b0C pr\u00e8s.<\/p>\n<p><strong>Ce radiateur \u00e9tant connect\u00e9, vous pourrez ais\u00e9ment le piloter \u00e0 distance<\/strong>\u00a0via votre smartphone ou votre tablette gr\u00e2ce au bridge Cozytouch non inclus dans l&#8217;emballage. Vous avez \u00e9galement la possibilit\u00e9 de piloter tous les radiateurs synchronis\u00e9s d&rsquo;une m\u00eame zone \u00e0 partir d&rsquo;un seul gr\u00e2ce au jumelage des appareils entre eux.\u00a0<strong>\u00c9quip\u00e9 d&rsquo;un \u00e9clairage LED int\u00e9gr\u00e9<\/strong>, il vous assure une ambiance chaleureuse dans votre espace de vie toute l&rsquo;ann\u00e9e. Choisissez la dur\u00e9e et la luminosit\u00e9 qui vous convient parmi 4 niveaux d&rsquo;intensit\u00e9 via le bo\u00eetier de commande ou votre smartphone. Le mode nuit en association avec la d\u00e9tection de pr\u00e9sence et d&rsquo;absence vous permettra de vous guider dans le noir dans la mesure o\u00f9 ce radiateur s&rsquo;allume automatiquement sans vous aveugler lors de votre passage dans la zone pr\u00e8s de laquelle il est situ\u00e9.<\/p>\n<p>Ce radiateur diffuse une\u00a0<strong>chaleur douce et imm\u00e9diate<\/strong>\u00a0qui fera de votre maison un lieu o\u00f9 il fait bon vivre. En outre,\u00a0<strong>son design sobre et moderne<\/strong>, gr\u00e2ce \u00e0 sa peinture anthracite mate textur\u00e9e, lui permet de s&rsquo;int\u00e9grer \u00e0 tous styles de d\u00e9coration.<\/p>\n<p><u>Caract\u00e9ristiques techniques :<\/u><\/p>\n<ul>\n<li>Puissance : 1000W<\/li>\n<li>Coloris : anthracite<\/li>\n<li>Dimensions : 63.5 x 62 x 12cm<\/li>\n<\/ul>\n<p>**Points forts :** Puissant, silencieux et \u00e9conomique.<br \/>\n**Pourquoi choisir ce produit ?** Pour un confort optimal toute l\u2019ann\u00e9e.<\/p>\n","protected":false},"excerpt":{"rendered":"<p><strong>Ce radiateur \u00e9tant connect\u00e9, vous pourrez ais\u00e9ment le piloter \u00e0 distance<\/strong>\u00a0via votre smartphone ou votre tablette gr\u00e2ce au bridge Cozytouch non inclus dans l&#8217;emballage. Vous avez \u00e9galement la possibilit\u00e9 de piloter tous les radiateurs synchronis\u00e9s d&rsquo;une m\u00eame zone \u00e0 partir d&rsquo;un seul gr\u00e2ce au jumelage des appareils entre eux.\u00a0<strong>\u00c9quip\u00e9 d&rsquo;un \u00e9clairage LED int\u00e9gr\u00e9<\/strong>, il vous assure une ambiance chaleureuse dans votre espace de vie toute l&rsquo;ann\u00e9e. Choisissez la dur\u00e9e et la luminosit\u00e9 qui vous convient parmi 4 niveaux d&rsquo;intensit\u00e9 via le bo\u00eetier de commande ou votre smartphone. Le mode nuit en association avec la d\u00e9tection de pr\u00e9sence et d&rsquo;absence vous permettra de vous guider dans le noir dans la mesure o\u00f9 ce radiateur s&rsquo;allume automatiquement sans vous aveugler lors de votre passage dans la zone pr\u00e8s de laquelle il est situ\u00e9. Con\u00e7u pour le confort, la puissance et la faible consommation.<\/p>\n","protected":false},"featured_media":3200,"comment_status":"closed","ping_status":"closed","template":"","meta":[],"product_brand":[],"product_cat":[156],"product_tag":[],"class_list":{"0":"post-3199","1":"product","2":"type-product","3":"status-publish","6":"product_cat-chauffage-et-plomberie","8":"first","9":"instock","10":"taxable","11":"shipping-taxable","12":"purchasable","13":"product-type-simple"},"_links":{"self":[{"href":"https:\/\/menagers-holding.fr\/index.php?rest_route=\/wp\/v2\/product\/3199","targetHints":{"allow":["GET"]}}],"collection":[{"href":"https:\/\/menagers-holding.fr\/index.php?rest_route=\/wp\/v2\/product"}],"about":[{"href":"https:\/\/menagers-holding.fr\/index.php?rest_route=\/wp\/v2\/types\/product"}],"replies":[{"embeddable":true,"href":"https:\/\/menagers-holding.fr\/index.php?rest_route=%2Fwp%2Fv2%2Fcomments&post=3199"}],"wp:featuredmedia":[{"embeddable":true,"href":"https:\/\/menagers-holding.fr\/index.php?rest_route=\/wp\/v2\/media\/3200"}],"wp:attachment":[{"href":"https:\/\/menagers-holding.fr\/index.php?rest_route=%2Fwp%2Fv2%2Fmedia&parent=3199"}],"wp:term":[{"taxonomy":"product_brand","embeddable":true,"href":"https:\/\/menagers-holding.fr\/index.php?rest_route=%2Fwp%2Fv2%2Fproduct_brand&post=3199"},{"taxonomy":"product_cat","embeddable":true,"href":"https:\/\/menagers-holding.fr\/index.php?rest_route=%2Fwp%2Fv2%2Fproduct_cat&post=3199"},{"taxonomy":"product_tag","embeddable":true,"href":"https:\/\/menagers-holding.fr\/index.php?rest_route=%2Fwp%2Fv2%2Fproduct_tag&post=3199"}],"curies":[{"name":"wp","href":"https:\/\/api.w.org\/{rel}","templated":true}]}}