{"id":3195,"date":"2022-10-16T07:08:24","date_gmt":"2022-10-16T07:08:24","guid":{"rendered":"https:\/\/menagers-holding.fr\/?post_type=product&#038;p=3195"},"modified":"2025-09-21T04:31:39","modified_gmt":"2025-09-21T04:31:39","slug":"radiateur-a-inertie-malao-connecte-1000w","status":"publish","type":"product","link":"https:\/\/menagers-holding.fr\/?product=radiateur-a-inertie-malao-connecte-1000w","title":{"rendered":"Radiateur \u00e0 inertie malao connect\u00e9 1000W"},"content":{"rendered":"<ul class=\"ProductPage-carac\">\n<li class=\"ProductPage-caracLine\"><strong class=\"ProductPage-caracLabel\">AVANTAGE N\u00b01\u00a0:\u00a0<\/strong><span class=\"ProductPage-caracText\">Radiateur communiquant<\/span><\/li>\n<li class=\"ProductPage-caracLine\"><strong class=\"ProductPage-caracLabel\">AVANTAGE N\u00b02\u00a0:\u00a0<\/strong><span class=\"ProductPage-caracText\">Facile \u00e0 installer et \u00e0 piloter<\/span><\/li>\n<li class=\"ProductPage-caracLine\"><strong class=\"ProductPage-caracLabel\">AVANTAGE N\u00b03\u00a0:\u00a0<\/strong><span class=\"ProductPage-caracText\">Programmation libre<\/span><\/li>\n<li class=\"ProductPage-caracLine\"><strong class=\"ProductPage-caracLabel\">AVANTAGE N\u00b04\u00a0:\u00a0<\/strong><span class=\"ProductPage-caracText\">Pilotable \u00e0 distance<\/span><\/li>\n<li class=\"ProductPage-caracLine\"><strong class=\"ProductPage-caracLabel\">ASTUCE PRODUIT\u00a0:\u00a0<\/strong><span class=\"ProductPage-caracText\">vid\u00e9o aide \u00e0 l&rsquo;installation du produit disponible sur notre site :https:\/\/www.confort-sauter.com\/vous-accompagner-chauffage\/videos-chauffage<\/span><\/li>\n<li class=\"ProductPage-caracLine\"><strong class=\"ProductPage-caracLabel\">LARGEUR UC D\u00c9BALL\u00c9 (EN CM)\u00a0:\u00a0<\/strong><span class=\"ProductPage-caracText\">63.50<\/span><\/li>\n<li class=\"ProductPage-caracLine\"><strong class=\"ProductPage-caracLabel\">VOLUME UC D\u00c9BALL\u00c9 (EN DM3)\u00a0:\u00a0<\/strong><span class=\"ProductPage-caracText\">123.085<\/span><\/li>\n<li class=\"ProductPage-caracLine\"><strong class=\"ProductPage-caracLabel\">PR\u00c9CAUTIONS D&rsquo;USAGE\u00a0:\u00a0<\/strong><span class=\"ProductPage-caracText\">Voir la notice (disponible \u00e9galement sur notre site sauter-confort.com)<\/span><\/li>\n<li class=\"ProductPage-caracLine\"><strong class=\"ProductPage-caracLabel\">POIDS UC D\u00c9BALL\u00c9 (EN KG)\u00a0:\u00a0<\/strong><span class=\"ProductPage-caracText\">18.000<\/span><\/li>\n<li class=\"ProductPage-caracLine\"><strong class=\"ProductPage-caracLabel\">HAUTEUR UC D\u00c9BALL\u00c9 (EN CM)\u00a0:\u00a0<\/strong><span class=\"ProductPage-caracText\">60.70<\/span><\/li>\n<li class=\"ProductPage-caracLine\"><strong class=\"ProductPage-caracLabel\">PROFONDEUR UC D\u00c9BALL\u00c9 (EN CM)\u00a0:\u00a0<\/strong><span class=\"ProductPage-caracText\">14.50<\/span><\/li>\n<li class=\"ProductPage-caracLine\"><strong class=\"ProductPage-caracLabel\">MARQUE COMMERCIALE\u00a0:\u00a0<\/strong><span class=\"ProductPage-caracText\">SAUTER<\/span><\/li>\n<li class=\"ProductPage-caracLine\"><strong class=\"ProductPage-caracLabel\">DISPONIBILIT\u00c9 DES PI\u00c8CES D\u00c9TACH\u00c9ES EN MOIS\u00a0:\u00a0<\/strong><span class=\"ProductPage-caracText\">84<\/span><\/li>\n<li class=\"ProductPage-caracLine\"><strong class=\"ProductPage-caracLabel\">PUISSANCE RADIATEUR \u00c9LECTRIQUES\u00a0:\u00a0<\/strong><span class=\"ProductPage-caracText\">1000W<\/span><\/li>\n<li class=\"ProductPage-caracLine\"><strong class=\"ProductPage-caracLabel\">TYPE RADIATEURS \u00c9LECTRIQUES\u00a0:\u00a0<\/strong><span class=\"ProductPage-caracText\">A inertie fonte<\/span><\/li>\n<li class=\"ProductPage-caracLine\"><strong class=\"ProductPage-caracLabel\">SURFACE CHAUFFANTE \u00c9LECTRIQUES\u00a0:\u00a0<\/strong><span class=\"ProductPage-caracText\">Entre 6 et 10 m\u00b2<\/span><\/li>\n<li class=\"ProductPage-caracLine\"><strong class=\"ProductPage-caracLabel\">FORMAT RADIATEURS \u00c9LECTRIQUES\u00a0:\u00a0<\/strong><span class=\"ProductPage-caracText\">Horizontal<\/span><\/li>\n<li class=\"ProductPage-caracLine\"><strong class=\"ProductPage-caracLabel\">MARQUE RADIATEURS \u00c9LECTRIQUES\u00a0:\u00a0<\/strong><span class=\"ProductPage-caracText\">SAUTER<\/span><\/li>\n<li class=\"ProductPage-caracLine\"><strong class=\"ProductPage-caracLabel\">HAUTEUR RADIATEURS \u00c9LECTRIQUES\u00a0:\u00a0<\/strong><span class=\"ProductPage-caracText\">De 40 \u00e0 60 cm<\/span><\/li>\n<li class=\"ProductPage-caracLine\"><strong class=\"ProductPage-caracLabel\">THERMOSTAT RADIATEURS \u00c9LECTRIQUES\u00a0:\u00a0<\/strong><span class=\"ProductPage-caracText\">Electronique<\/span><\/li>\n<li class=\"ProductPage-caracLine\"><strong class=\"ProductPage-caracLabel\">TYPES ACCESSOIRES\u00a0:\u00a0<\/strong><span class=\"ProductPage-caracText\">Box connect\u00e9e<\/span><\/li>\n<li class=\"ProductPage-caracLine\"><strong class=\"ProductPage-caracLabel\">COULEUR RADIATEUR \u00c9LECTRIQUES\u00a0:\u00a0<\/strong><span class=\"ProductPage-caracText\">Blanc<\/span><\/li>\n<li class=\"ProductPage-caracLine\"><strong class=\"ProductPage-caracLabel\">DISPONIBILIT\u00c9 DES PI\u00c8CES D\u00c9TACH\u00c9ES NON COMMUNIQU\u00c9E\u00a0:\u00a0<\/strong><span class=\"ProductPage-caracText\">Garantie 3 ans pi\u00e8ces \u00e9lectriques, main-d&rsquo;oeuvre et d\u00e9placement<\/span><\/li>\n<\/ul>\n<p>**Points forts :** Puissant, silencieux et \u00e9conomique.<br \/>\n**Pourquoi choisir ce produit ?** Pour un confort optimal toute l\u2019ann\u00e9e.<\/p>\n","protected":false},"excerpt":{"rendered":"<ul>\n<li>Puissance calorifique : 1000 W<\/li>\n<li>Type de chauffe : Double syst\u00e8me de chauffe<\/li>\n<li>Programmation : Oui<\/li>\n<li>Electrique<\/li>\n<li>Confortable avec le double corps de chauffe : fonte et fa\u00e7ade chauffante, Economique : jusqu&rsquo;\u00e0 30% d&rsquo;\u00e9conomie sur votre facture de chauffage gr\u00e2ce \u00e0 son syst\u00e8me intelligent i, nt\u00e9gr\u00e9, D\u00e9tecteur automatique d&rsquo;ouverture et fermeture de fen\u00eatre, Programmation libre, Indicateur de consommation, Radiateur communiquant : pilotage des r\u00e9glages par zone \u00e0 partir d&rsquo;un seul radiateur, Radiateur connect\u00e9 : pilotable \u00e0 distance via Smartphone ou tablette (accessoire n\u00e9cessaire : bridge, Cozytouch vendu s\u00e9par\u00e9ment)<\/li>\n<\/ul>\n<div class=\"jsFpBulletPointMore\">\n<ul>\n<li>Classe d&rsquo;isolation : Classe 2 : Double isolation sans terre<\/li>\n<\/ul>\n<\/div>\n<p> Con\u00e7u pour le confort, la puissance et la faible consommation.<\/p>\n","protected":false},"featured_media":3196,"comment_status":"closed","ping_status":"closed","template":"","meta":[],"product_brand":[],"product_cat":[156],"product_tag":[],"class_list":{"0":"post-3195","1":"product","2":"type-product","3":"status-publish","6":"product_cat-chauffage-et-plomberie","8":"first","9":"instock","10":"taxable","11":"shipping-taxable","12":"purchasable","13":"product-type-simple"},"_links":{"self":[{"href":"https:\/\/menagers-holding.fr\/index.php?rest_route=\/wp\/v2\/product\/3195","targetHints":{"allow":["GET"]}}],"collection":[{"href":"https:\/\/menagers-holding.fr\/index.php?rest_route=\/wp\/v2\/product"}],"about":[{"href":"https:\/\/menagers-holding.fr\/index.php?rest_route=\/wp\/v2\/types\/product"}],"replies":[{"embeddable":true,"href":"https:\/\/menagers-holding.fr\/index.php?rest_route=%2Fwp%2Fv2%2Fcomments&post=3195"}],"wp:featuredmedia":[{"embeddable":true,"href":"https:\/\/menagers-holding.fr\/index.php?rest_route=\/wp\/v2\/media\/3196"}],"wp:attachment":[{"href":"https:\/\/menagers-holding.fr\/index.php?rest_route=%2Fwp%2Fv2%2Fmedia&parent=3195"}],"wp:term":[{"taxonomy":"product_brand","embeddable":true,"href":"https:\/\/menagers-holding.fr\/index.php?rest_route=%2Fwp%2Fv2%2Fproduct_brand&post=3195"},{"taxonomy":"product_cat","embeddable":true,"href":"https:\/\/menagers-holding.fr\/index.php?rest_route=%2Fwp%2Fv2%2Fproduct_cat&post=3195"},{"taxonomy":"product_tag","embeddable":true,"href":"https:\/\/menagers-holding.fr\/index.php?rest_route=%2Fwp%2Fv2%2Fproduct_tag&post=3195"}],"curies":[{"name":"wp","href":"https:\/\/api.w.org\/{rel}","templated":true}]}}