{"id":3136,"date":"2022-09-03T21:33:28","date_gmt":"2022-09-03T21:33:28","guid":{"rendered":"https:\/\/menagers-holding.fr\/?post_type=product&#038;p=3136"},"modified":"2025-09-23T08:43:54","modified_gmt":"2025-09-23T08:43:54","slug":"delonghi-climatiseur-portatif-pac-ex130-cst-wifi-blanc","status":"publish","type":"product","link":"https:\/\/menagers-holding.fr\/?product=delonghi-climatiseur-portatif-pac-ex130-cst-wifi-blanc","title":{"rendered":"Delonghi Climatiseur Portatif Pac Ex130 Cst Wifi Blanc Split"},"content":{"rendered":"<p>Description Delonghi Climatiseur Portatif PAC EX130 CST WIFI Penguin Care4Me, le climatiseur intelligent qui fait du confort id\u00e9al une affaire personnelle. Profitez d&rsquo;un confort id\u00e9al avec les climatiseurs Penguin Care4Me. Ils s&rsquo;adaptent \u00e0 vos sensations personnelles et selon vos activit\u00e9s gr\u00e2ce \u00e0 la technologie exclusive MyEcoRealFeel, tout en \u00e9conomisant jusqu&rsquo;\u00e0 30% d&rsquo;\u00e9nergie 3 . La technologie CST garantit une zone de confort optimale autour de vous, gr\u00e2ce \u00e0 l&#8217;emplacement de la t\u00e9l\u00e9commande. Profitez de l&rsquo;air frais dans votre maison avec jusqu&rsquo;\u00e0 50 % de bruit en moins 5 gr\u00e2ce \u00e0 la fonction Silent. Enfin, les climatiseurs mobiles Penguin Care4Me sont imm\u00e9diatement op\u00e9rationnels et peuvent fonctionner en ventilation seule ou en d\u00e9shumidificateur. Contr\u00f4lez et programmez votre climatiseur depuis chez vous ou en d\u00e9placement via l&rsquo;application De&rsquo;Longhi Comfort ou les assistants vocaux. Refroidissement puissant (BTU\/H 13 000 1 \u2013 3,3 kW 2 ) S&rsquo;adapte aux sensations personnelles et \u00e9conomise jusqu&rsquo;\u00e0 30% 3 d&rsquo;\u00e9nergie gr\u00e2ce \u00e0 MyEcoRealFeel Technologie CST : localise la t\u00e9l\u00e9commande pour une zone de confort autour de vous Appareil 3 en 1 avec ventilateur uniquement et fonction d\u00e9shumidificateur (jusqu&rsquo;\u00e0 36L\/24h) Technologie MyEcoRealFeel : Cette technologie contr\u00f4le et r\u00e9gule automatiquement les niveaux de temp\u00e9rature et d&rsquo;humidit\u00e9 pour un confort optimal. Le nouveau mode My Eco Real Feel s&rsquo;adapte \u00e9galement \u00e0 vos ressentis personnels, via l&rsquo;application o\u00f9 plusieurs profils peuvent enregistrer leurs pr\u00e9f\u00e9rences. Il maintient ensuite les diff\u00e9rents r\u00e9glages pour un confort continu, tout en \u00e9conomisant jusqu&rsquo;\u00e0 30 % d&rsquo;\u00e9nergie. Confort \u00e0 l&rsquo;arriv\u00e9e : Gr\u00e2ce \u00e0 la g\u00e9olocalisation, le climatiseur s&rsquo;allume ou s&rsquo;\u00e9teint automatiquement lorsque vous vous approchez ou vous \u00e9loignez de votre domicile. R\u00e9glez votre climatiseur depuis l&rsquo;application De&rsquo;Longhi Comfort pour profiter de l&rsquo;air frais d\u00e8s votre arriv\u00e9e \u00e0 la maison, ou pour \u00e9viter de gaspiller de l&rsquo;\u00e9nergie en partant. Compatible avec les assistants vocaux : Votre climatiseur Penguin est compatible avec les assistants vocaux Alexa et Google Home, pour une utilisation simplifi\u00e9e. Contr\u00f4lez votre climatiseur de n&rsquo;importe o\u00f9 avec l&rsquo;application De\u00b4Longhi Comfort. Technologie Cool Surround : La technologie CST de De\u00b4Longhi garantit une zone de confort optimale autour de vous (temp\u00e9rature et humidit\u00e9). Une fois activ\u00e9, le climatiseur localise la t\u00e9l\u00e9commande puis calcule et g\u00e8re une zone de confort id\u00e9ale. Caract\u00e9ristiques principales: Puissance de refroidissement\u00a0: Avec 3 vitesses de ventilation, une capacit\u00e9 de refroidissement de 13 000 BTU\/H et une puissance de 3,3 kW, profitez d&rsquo;un air frais et d&rsquo;un confort id\u00e9al dans des pi\u00e8ces jusqu&rsquo;\u00e0 120 m3. Ecran LED: Le panneau de commande dispose d&rsquo;un affichage LED et d&rsquo;indicateurs lumineux de couleur, pour un fonctionnement plus facile et plus visible.<\/p>\n<p>**Points forts :** Puissant, silencieux et \u00e9conomique.<br \/>\n**Pourquoi choisir ce produit ?** Pour un confort optimal toute l\u2019ann\u00e9e.<\/p>\n","protected":false},"excerpt":{"rendered":"<h3>Delonghi Climatiseur Portatif PAC EX130 CST WIFI<\/h3>\n<div class=\"cuadros\">\n<div class=\"cuadro leftmargen\">\n<div>\n<div><\/div>\n<div class=\"izq\">R\u00e9f: 385EMP5D54M<\/div>\n<div class=\"izq\">Couleur<\/div>\n<div class=\"der\">Blanc<\/div>\n<\/div>\n<div>\n<div class=\"izq\">Cat\u00e9gorie \u00e9nerg\u00e9tique<\/div>\n<div class=\"der\">Non Sp\u00e9cifi\u00e9<\/div>\n<div>Disponible en stock<\/div>\n<div>Livraison gratuite 2 \u00e0 3 jours<\/div>\n<div>Garantie 3ans<\/div>\n<\/div>\n<\/div>\n<\/div>\n<p> Con\u00e7u pour le confort, la puissance et la faible consommation.<\/p>\n","protected":false},"featured_media":3137,"comment_status":"closed","ping_status":"closed","template":"","meta":[],"product_brand":[],"product_cat":[165,180],"product_tag":[],"class_list":{"0":"post-3136","1":"product","2":"type-product","3":"status-publish","6":"product_cat-climatiseur","7":"product_cat-electromenagers","9":"first","10":"instock","11":"sale","12":"taxable","13":"shipping-taxable","14":"purchasable","15":"product-type-simple"},"_links":{"self":[{"href":"https:\/\/menagers-holding.fr\/index.php?rest_route=\/wp\/v2\/product\/3136","targetHints":{"allow":["GET"]}}],"collection":[{"href":"https:\/\/menagers-holding.fr\/index.php?rest_route=\/wp\/v2\/product"}],"about":[{"href":"https:\/\/menagers-holding.fr\/index.php?rest_route=\/wp\/v2\/types\/product"}],"replies":[{"embeddable":true,"href":"https:\/\/menagers-holding.fr\/index.php?rest_route=%2Fwp%2Fv2%2Fcomments&post=3136"}],"wp:featuredmedia":[{"embeddable":true,"href":"https:\/\/menagers-holding.fr\/index.php?rest_route=\/wp\/v2\/media\/3137"}],"wp:attachment":[{"href":"https:\/\/menagers-holding.fr\/index.php?rest_route=%2Fwp%2Fv2%2Fmedia&parent=3136"}],"wp:term":[{"taxonomy":"product_brand","embeddable":true,"href":"https:\/\/menagers-holding.fr\/index.php?rest_route=%2Fwp%2Fv2%2Fproduct_brand&post=3136"},{"taxonomy":"product_cat","embeddable":true,"href":"https:\/\/menagers-holding.fr\/index.php?rest_route=%2Fwp%2Fv2%2Fproduct_cat&post=3136"},{"taxonomy":"product_tag","embeddable":true,"href":"https:\/\/menagers-holding.fr\/index.php?rest_route=%2Fwp%2Fv2%2Fproduct_tag&post=3136"}],"curies":[{"name":"wp","href":"https:\/\/api.w.org\/{rel}","templated":true}]}}