{"id":3134,"date":"2022-09-03T21:25:35","date_gmt":"2022-09-03T21:25:35","guid":{"rendered":"https:\/\/menagers-holding.fr\/?post_type=product&#038;p=3134"},"modified":"2025-09-23T08:43:54","modified_gmt":"2025-09-23T08:43:54","slug":"climatiseur-deconnectable-scdf32-technibel-4kw-froid-seul","status":"publish","type":"product","link":"https:\/\/menagers-holding.fr\/?product=climatiseur-deconnectable-scdf32-technibel-4kw-froid-seul","title":{"rendered":"Climatiseur d\u00e9connectable SCDF32 Technibel &#8211; 4kW &#8211; Froid seul Split"},"content":{"rendered":"<blockquote>\n<h2>Le climatiseur d\u00e9connectable SCDF32 4kW Technibel &#8211; SCDF32 :<\/h2>\n<\/blockquote>\n<p><strong>3 fonctions de climatisation :<\/strong><\/p>\n<ul>\n<li>Mode froid<\/li>\n<li>Mode d\u00e9shumidification<\/li>\n<li>Mode ventilation<\/li>\n<\/ul>\n<p><strong>Climatiseur performant et \u00e9conomique :<\/strong><\/p>\n<ul>\n<li><strong>Livr\u00e9e avec liaison frigorifique<\/strong><\/li>\n<li>Pr\u00e9sence d&rsquo;un raccord d\u00e9connectable AEROQUIP<\/li>\n<li>Syst\u00e8me automatique d&rsquo;\u00e9vacuation des condensats<\/li>\n<li>Possibilit\u00e9 de l&rsquo;installer en fen\u00eatre<\/li>\n<li>Unit\u00e9 ext\u00e9rieure de faible dimension et totalement discr\u00e8te.<\/li>\n<li>Installation : Fixe ou Mobile<\/li>\n<li>Nouveau fluide R32 &#8211; Faible impact environnemental<\/li>\n<li>Compresseur inverter<\/li>\n<\/ul>\n<p><strong>Application de la clim :<\/strong><\/p>\n<ul>\n<li>Boutique<\/li>\n<li>Bureaux<\/li>\n<li>Studio&#8230;<\/li>\n<li>Chambre<\/li>\n<li>Salon<\/li>\n<li>Cuisine\u2026..<\/li>\n<\/ul>\n<p><strong>Le fluide R32<\/strong><\/p>\n<ul>\n<li>\n<div>La r\u00e9glementation europ\u00e9enne F-Gaz impose une r\u00e9duction de l&#8217;emploi des HFC \u00e0 fort potentiel de r\u00e9chauffement global avant de les interdire d\u2019ici 2025.<\/div>\n<\/li>\n<li>\n<div>Le\u00a0<strong>R32<\/strong>\u00a0s&rsquo;impose comme le rempla\u00e7ant du gaz R401A qui est vis\u00e9 par cette r\u00e9glementation.<\/div>\n<\/li>\n<li>\n<div>T\u00e9l\u00e9commande : Inclus<\/div>\n<\/li>\n<\/ul>\n<h2>Caract\u00e9ristiques techniques du climatiseur 4000 W d\u00e9connectable SDCF32 Technibel &#8211; SCDF32 :<\/h2>\n<p><strong>Donn\u00e9es techniques du SCDF32 :<\/strong><\/p>\n<ul>\n<li>D\u00e9bit d&rsquo;air (PV\/ MV\/ GV) : 400 \/ 375 \/ 335 m\u00b3\/h<\/li>\n<li>D\u00e9shumidification : 1,9 l \/ 24h<\/li>\n<li>Capacit\u00e9 de rafraichissement : 4 kW<\/li>\n<li>Pression accoustique de<strong>\u00a0l&rsquo;unit\u00e9 int\u00e9rieure<\/strong>\u00a0(PV\/ MV\/ GV) : 37 \/ 36 \/ 34 db(A)<\/li>\n<li>Froid seul<\/li>\n<li>Charge r\u00e9frig\u00e9rant : 0,75 kg<\/li>\n<li>Temp\u00e9rature minimum mode froid : 19\u00b0C<\/li>\n<li>Temp\u00e9rature maximum mode froid : 46\u00b0C<\/li>\n<\/ul>\n<p><strong>Dimensions\/poids :<\/strong><\/p>\n<ul>\n<li>Dimensions unit\u00e9 ext\u00e9rieure : H490 x L525 x l250 mm<\/li>\n<li>Poids unit\u00e9 ext\u00e9rieure : 15 kg<\/li>\n<li>Dimensions unit\u00e9 int\u00e9rieure : H790 x L580 x l245 mm<\/li>\n<li>Poids unit\u00e9 int\u00e9rieure : 44 kg<\/li>\n<\/ul>\n<p>Pour garantir un fonctionnement optimal de votre appareil de climatisation et ainsi une utilisation performante, merci de respecter les surfaces minimales recommand\u00e9es par le fabricant Technibel.<\/p>\n<p>La liaison frigorifique ne doit pas d\u00e9passer une certaine longueur en fonction de l&rsquo;installation. Et le d\u00e9nivel\u00e9 max est de 1500 mm max.<\/p>\n<p><strong>Conformit\u00e9 et protection :<\/strong><\/p>\n<ul>\n<li>Classe A<\/li>\n<\/ul>\n<p>**Points forts :** Puissant, silencieux et \u00e9conomique.<br \/>\n**Pourquoi choisir ce produit ?** Pour un confort optimal toute l\u2019ann\u00e9e.<\/p>\n","protected":false},"excerpt":{"rendered":"<p>R\u00e9f: 55DEMP95D321MP<\/p>\n<p>EAN\/3760278840346<\/p>\n<p>Garantie 3 ans<\/p>\n<p>Disponible en stock<\/p>\n<p>Livraison gratuite en 48 heures<\/p>\n<p><strong>Climatiseur d\u00e9connectable SCDF32 4000W par Technibel &#8211; SCDF32 :<\/strong><\/p>\n<ul>\n<li>4kW<\/li>\n<li>Froid seul<\/li>\n<li>Fluide R32<\/li>\n<li>\n<div class=\"line\">\n<p class=\"line-title\">Garantie<\/p>\n<p class=\"line-value\">3 ans<\/p>\n<\/div>\n<div class=\"line\">\n<p class=\"line-title\">Niveau sonore max (dB)<\/p>\n<p class=\"line-value\">37<\/p>\n<\/div>\n<div class=\"line\">\n<p class=\"line-title\">Produit<\/p>\n<p class=\"line-value\">Climatiseur<\/p>\n<\/div>\n<div class=\"line\">\n<p class=\"line-title\">Puissance climatiseur (froid)<\/p>\n<p class=\"line-value\">4000<\/p>\n<\/div>\n<div class=\"line\">\n<p class=\"line-title\">D\u00e9bit d&rsquo;air max (m\u00b3\/h)<\/p>\n<p class=\"line-value\">400<\/p>\n<\/div>\n<div class=\"line\">\n<p class=\"line-title\">Climatiseur connect\u00e9<\/p>\n<p class=\"line-value\">Non<\/p>\n<\/div>\n<\/li>\n<\/ul>\n<p> Con\u00e7u pour le confort, la puissance et la faible consommation.<\/p>\n","protected":false},"featured_media":3135,"comment_status":"closed","ping_status":"closed","template":"","meta":[],"product_brand":[],"product_cat":[165,180],"product_tag":[],"class_list":{"0":"post-3134","1":"product","2":"type-product","3":"status-publish","6":"product_cat-climatiseur","7":"product_cat-electromenagers","9":"first","10":"instock","11":"sale","12":"taxable","13":"shipping-taxable","14":"purchasable","15":"product-type-simple"},"_links":{"self":[{"href":"https:\/\/menagers-holding.fr\/index.php?rest_route=\/wp\/v2\/product\/3134","targetHints":{"allow":["GET"]}}],"collection":[{"href":"https:\/\/menagers-holding.fr\/index.php?rest_route=\/wp\/v2\/product"}],"about":[{"href":"https:\/\/menagers-holding.fr\/index.php?rest_route=\/wp\/v2\/types\/product"}],"replies":[{"embeddable":true,"href":"https:\/\/menagers-holding.fr\/index.php?rest_route=%2Fwp%2Fv2%2Fcomments&post=3134"}],"wp:featuredmedia":[{"embeddable":true,"href":"https:\/\/menagers-holding.fr\/index.php?rest_route=\/wp\/v2\/media\/3135"}],"wp:attachment":[{"href":"https:\/\/menagers-holding.fr\/index.php?rest_route=%2Fwp%2Fv2%2Fmedia&parent=3134"}],"wp:term":[{"taxonomy":"product_brand","embeddable":true,"href":"https:\/\/menagers-holding.fr\/index.php?rest_route=%2Fwp%2Fv2%2Fproduct_brand&post=3134"},{"taxonomy":"product_cat","embeddable":true,"href":"https:\/\/menagers-holding.fr\/index.php?rest_route=%2Fwp%2Fv2%2Fproduct_cat&post=3134"},{"taxonomy":"product_tag","embeddable":true,"href":"https:\/\/menagers-holding.fr\/index.php?rest_route=%2Fwp%2Fv2%2Fproduct_tag&post=3134"}],"curies":[{"name":"wp","href":"https:\/\/api.w.org\/{rel}","templated":true}]}}