{"id":3052,"date":"2022-08-28T12:34:47","date_gmt":"2022-08-28T12:34:47","guid":{"rendered":"https:\/\/menagers-holding.fr\/?post_type=product&#038;p=3052"},"modified":"2025-09-23T08:46:19","modified_gmt":"2025-09-23T08:46:19","slug":"samsung-rs50n3803bc-frigo-americain-autoportante-535-l-f-noir","status":"publish","type":"product","link":"https:\/\/menagers-holding.fr\/?product=samsung-rs50n3803bc-frigo-americain-autoportante-535-l-f-noir","title":{"rendered":"Samsung RS50N3803BC frigo am\u00e9ricain Autoportante 535 L F Noir \u00c9co-\u00e9nerg\u00e9tique"},"content":{"rendered":"<section id=\"wfm_product_navigation_description\" class=\"page-product-box clearfix\">\n<div class=\"rte\">Samsung RS50N3803BC. Placement de l&amp;quot;appareil: Autoportante, Couleur du produit: Noir, Conception du produit: Am\u00e9ricain. Capacit\u00e9 nette totale: 535 L, Classe climatique: SN-T, Classe d&amp;quot;\u00e9mission sonore: D. Capacit\u00e9 nette du r\u00e9frig\u00e9rateur: 360 L. Capacit\u00e9 net du cong\u00e9lateur: 175 L, Emplacement du compartiment \u00e0 glace: Plac\u00e9 lat\u00e9ralement, Capacit\u00e9 de cong\u00e9lation: 11 kg\/24h. Classe d&amp;quot;efficacit\u00e9 \u00e9nerg\u00e9tique: F, Consommation annuelle d&amp;quot;\u00e9nergie: 395 kWh, Plage d\u2019efficacit\u00e9 \u00e9nerg\u00e9tique: A \u00e0 G<\/div>\n<\/section>\n<section id=\"wfm_product_navigation_features\" class=\"page-product-box\">\n<h2 class=\"page-product-heading\">Caract\u00e9ristiques techniques<\/h2>\n<table class=\"table-data-sheet\">\n<tbody>\n<tr class=\"wfm_feature_category_name\">\n<td>Design<\/td>\n<td><\/td>\n<td><\/td>\n<\/tr>\n<tr>\n<td><\/td>\n<td class=\"wfm_td_first odd\"><strong>Placement de l&rsquo;appareil<\/strong><\/td>\n<td class=\"wfm_td_last odd\">Autoportante<\/td>\n<\/tr>\n<tr>\n<td><\/td>\n<td class=\"wfm_td_first even\"><strong>R\u00e9frig\u00e9ration moyenne<\/strong><\/td>\n<td class=\"wfm_td_last even\">R-600a<\/td>\n<\/tr>\n<tr>\n<td><\/td>\n<td class=\"wfm_td_first odd\"><strong>Conception du produit<\/strong><\/td>\n<td class=\"wfm_td_last odd\">Am\u00e9ricain<\/td>\n<\/tr>\n<tr>\n<td><\/td>\n<td class=\"wfm_td_first even\"><strong>\u00c9cran integr\u00e9<\/strong><\/td>\n<td class=\"wfm_td_last even\">Oui<\/td>\n<\/tr>\n<tr>\n<td><\/td>\n<td class=\"wfm_td_first odd\"><strong>Type de lampe<\/strong><\/td>\n<td class=\"wfm_td_last odd\">LED<\/td>\n<\/tr>\n<tr>\n<td><\/td>\n<td class=\"wfm_td_first even\"><strong>Position de l\u2019\u00e9cran<\/strong><\/td>\n<td class=\"wfm_td_last even\">Sur la porte<\/td>\n<\/tr>\n<tr>\n<td><\/td>\n<td class=\"wfm_td_first odd\"><strong>Couleur du produit<\/strong><\/td>\n<td class=\"wfm_td_last odd\">Noir<\/td>\n<\/tr>\n<tr>\n<td><\/td>\n<td class=\"wfm_td_first even\"><strong>Mat\u00e9riau \u00e9tag\u00e8res<\/strong><\/td>\n<td class=\"wfm_td_last even\">Verre tremp\u00e9<\/td>\n<\/tr>\n<tr class=\"wfm_feature_category_name\">\n<td>Repr\u00e9sentation \/ r\u00e9alisation<\/td>\n<td><\/td>\n<td><\/td>\n<\/tr>\n<tr>\n<td><\/td>\n<td class=\"wfm_td_first odd\"><strong>Capacit\u00e9 nette totale<\/strong><\/td>\n<td class=\"wfm_td_last odd\">535 L<\/td>\n<\/tr>\n<tr>\n<td><\/td>\n<td class=\"wfm_td_first even\"><strong>Classe climatique<\/strong><\/td>\n<td class=\"wfm_td_last even\">SN-T<\/td>\n<\/tr>\n<tr>\n<td><\/td>\n<td class=\"wfm_td_first odd\"><strong>Niveau sonore<\/strong><\/td>\n<td class=\"wfm_td_last odd\">42 dB<\/td>\n<\/tr>\n<tr>\n<td><\/td>\n<td class=\"wfm_td_first even\"><strong>Classe d&rsquo;\u00e9mission sonore<\/strong><\/td>\n<td class=\"wfm_td_last even\">D<\/td>\n<\/tr>\n<tr>\n<td><\/td>\n<td class=\"wfm_td_first odd\"><strong>Fonction vacances<\/strong><\/td>\n<td class=\"wfm_td_last odd\">Oui<\/td>\n<\/tr>\n<tr>\n<td><\/td>\n<td class=\"wfm_td_first even\"><strong>Machine \u00e0 gla\u00e7ons<\/strong><\/td>\n<td class=\"wfm_td_last even\">Oui<\/td>\n<\/tr>\n<tr>\n<td><\/td>\n<td class=\"wfm_td_first odd\"><strong>Distributeur de glace<\/strong><\/td>\n<td class=\"wfm_td_last odd\">Oui<\/td>\n<\/tr>\n<tr>\n<td><\/td>\n<td class=\"wfm_td_first even\"><strong>Distributeur d&rsquo;eau<\/strong><\/td>\n<td class=\"wfm_td_last even\">Oui<\/td>\n<\/tr>\n<tr class=\"wfm_feature_category_name\">\n<td>R\u00e9frig\u00e9rateur<\/td>\n<td><\/td>\n<td><\/td>\n<\/tr>\n<tr>\n<td><\/td>\n<td class=\"wfm_td_first odd\"><strong>Compartiment \u00e0 \u0153ufs<\/strong><\/td>\n<td class=\"wfm_td_last odd\">Oui<\/td>\n<\/tr>\n<tr>\n<td><\/td>\n<td class=\"wfm_td_first even\"><strong>Nombre de tiroirs \u00e0 l\u00e9gumes<\/strong><\/td>\n<td class=\"wfm_td_last even\">2<\/td>\n<\/tr>\n<tr>\n<td><\/td>\n<td class=\"wfm_td_first odd\"><strong>Pas de givre (r\u00e9frig\u00e9rateur)<\/strong><\/td>\n<td class=\"wfm_td_last odd\">Oui<\/td>\n<\/tr>\n<tr>\n<td><\/td>\n<td class=\"wfm_td_first even\"><strong>Compartiments de la porte du r\u00e9frig\u00e9rateur<\/strong><\/td>\n<td class=\"wfm_td_last even\">4<\/td>\n<\/tr>\n<tr>\n<td><\/td>\n<td class=\"wfm_td_first odd\"><strong>Nombre de clayettes\/bacs du r\u00e9frig\u00e9rateur<\/strong><\/td>\n<td class=\"wfm_td_last odd\">5<\/td>\n<\/tr>\n<tr>\n<td><\/td>\n<td class=\"wfm_td_first even\"><strong>Lumi\u00e8re int\u00e9rieure du r\u00e9frig\u00e9rateur<\/strong><\/td>\n<td class=\"wfm_td_last even\">Oui<\/td>\n<\/tr>\n<tr>\n<td><\/td>\n<td class=\"wfm_td_first odd\"><strong>Capacit\u00e9 nette du r\u00e9frig\u00e9rateur<\/strong><\/td>\n<td class=\"wfm_td_last odd\">360 L<\/td>\n<\/tr>\n<tr>\n<td><\/td>\n<td class=\"wfm_td_first even\"><strong>Syst\u00e8me \u00e0 plusieurs flux d&rsquo;air (r\u00e9frig\u00e9rateur)<\/strong><\/td>\n<td class=\"wfm_td_last even\">Oui<\/td>\n<\/tr>\n<tr class=\"wfm_feature_category_name\">\n<td>Cong\u00e9lateur<\/td>\n<td><\/td>\n<td><\/td>\n<\/tr>\n<tr>\n<td><\/td>\n<td class=\"wfm_td_first odd\"><strong>Capacit\u00e9 net du cong\u00e9lateur<\/strong><\/td>\n<td class=\"wfm_td_last odd\">175 L<\/td>\n<\/tr>\n<tr>\n<td><\/td>\n<td class=\"wfm_td_first even\"><strong>Pas de givre (freezer)<\/strong><\/td>\n<td class=\"wfm_td_last even\">Oui<\/td>\n<\/tr>\n<tr>\n<td><\/td>\n<td class=\"wfm_td_first odd\"><strong>Nombre d&rsquo;\u00e9toiles (indique les possibilit\u00e9s de conservation)<\/strong><\/td>\n<td class=\"wfm_td_last odd\">4*<\/td>\n<\/tr>\n<tr>\n<td><\/td>\n<td class=\"wfm_td_first even\"><strong>Nombre de porte du freezer<\/strong><\/td>\n<td class=\"wfm_td_last even\">1<\/td>\n<\/tr>\n<tr>\n<td><\/td>\n<td class=\"wfm_td_first odd\"><strong>Nombre de clayettes\/bacs du cong\u00e9lateur<\/strong><\/td>\n<td class=\"wfm_td_last odd\">3<\/td>\n<\/tr>\n<tr>\n<td><\/td>\n<td class=\"wfm_td_first even\"><strong>Lumi\u00e8re int\u00e9rieure du freezer<\/strong><\/td>\n<td class=\"wfm_td_last even\">Oui<\/td>\n<\/tr>\n<tr>\n<td><\/td>\n<td class=\"wfm_td_first odd\"><strong>Compartiments de la porte du freezer<\/strong><\/td>\n<td class=\"wfm_td_last odd\">3<\/td>\n<\/tr>\n<tr>\n<td><\/td>\n<td class=\"wfm_td_first even\"><strong>Capacit\u00e9 de cong\u00e9lation<\/strong><\/td>\n<td class=\"wfm_td_last even\">11 kg\/24h<\/td>\n<\/tr>\n<tr>\n<td><\/td>\n<td class=\"wfm_td_first odd\"><strong>Autonomie en cas de panne de courant<\/strong><\/td>\n<td class=\"wfm_td_last odd\">6 h<\/td>\n<\/tr>\n<tr>\n<td><\/td>\n<td class=\"wfm_td_first even\"><strong>Emplacement du compartiment \u00e0 glace<\/strong><\/td>\n<td class=\"wfm_td_last even\">Plac\u00e9 lat\u00e9ralement<\/td>\n<\/tr>\n<tr class=\"wfm_feature_category_name\">\n<td>Ergonomie<\/td>\n<td><\/td>\n<td><\/td>\n<\/tr>\n<tr>\n<td><\/td>\n<td class=\"wfm_td_first odd\"><strong>S\u00e9curit\u00e9 alarme porte ouverte<\/strong><\/td>\n<td class=\"wfm_td_last odd\">Oui<\/td>\n<\/tr>\n<tr class=\"wfm_feature_category_name\">\n<td>Puissance<\/td>\n<td><\/td>\n<td><\/td>\n<\/tr>\n<tr>\n<td><\/td>\n<td class=\"wfm_td_first odd\"><strong>Classe d&rsquo;efficacit\u00e9 \u00e9nerg\u00e9tique<\/strong><\/td>\n<td class=\"wfm_td_last odd\">F<\/td>\n<\/tr>\n<tr>\n<td><\/td>\n<td class=\"wfm_td_first even\"><strong>Plage d\u2019efficacit\u00e9 \u00e9nerg\u00e9tique<\/strong><\/td>\n<td class=\"wfm_td_last even\">A \u00e0 G<\/td>\n<\/tr>\n<tr>\n<td><\/td>\n<td class=\"wfm_td_first odd\"><strong>Consommation annuelle d&rsquo;\u00e9nergie<\/strong><\/td>\n<td class=\"wfm_td_last odd\">395 kWh<\/td>\n<\/tr>\n<tr class=\"wfm_feature_category_name\">\n<td>Poids et dimensions<\/td>\n<td><\/td>\n<td><\/td>\n<\/tr>\n<tr>\n<td><\/td>\n<td class=\"wfm_td_first odd\"><strong>Profondeur sans poign\u00e9e<\/strong><\/td>\n<td class=\"wfm_td_last odd\">67,2 cm<\/td>\n<\/tr>\n<tr>\n<td><\/td>\n<td class=\"wfm_td_first even\"><strong>Largeur<\/strong><\/td>\n<td class=\"wfm_td_last even\">912 mm<\/td>\n<\/tr>\n<tr>\n<td><\/td>\n<td class=\"wfm_td_first odd\"><strong>Hauteur<\/strong><\/td>\n<td class=\"wfm_td_last odd\">1789 mm<\/td>\n<\/tr>\n<tr>\n<td><\/td>\n<td class=\"wfm_td_first even\"><strong>Largeur du colis<\/strong><\/td>\n<td class=\"wfm_td_last even\">974 mm<\/td>\n<\/tr>\n<tr>\n<td><\/td>\n<td class=\"wfm_td_first odd\"><strong>Poids du paquet<\/strong><\/td>\n<td class=\"wfm_td_last odd\">113 kg<\/td>\n<\/tr>\n<tr>\n<td><\/td>\n<td class=\"wfm_td_first even\"><strong>Hauteur du colis<\/strong><\/td>\n<td class=\"wfm_td_last even\">1907 mm<\/td>\n<\/tr>\n<tr>\n<td><\/td>\n<td class=\"wfm_td_first odd\"><strong>Poids<\/strong><\/td>\n<td class=\"wfm_td_last odd\">106 kg<\/td>\n<\/tr>\n<tr>\n<td><\/td>\n<td class=\"wfm_td_first even\"><strong>Profondeur du colis<\/strong><\/td>\n<td class=\"wfm_td_last even\">776 mm<\/td>\n<\/tr>\n<tr>\n<td><\/td>\n<td class=\"wfm_td_first odd\"><strong>Profondeur<\/strong><\/td>\n<td class=\"wfm_td_last odd\">734 mm<\/td>\n<\/tr>\n<\/tbody>\n<\/table>\n<\/section>\n<p>**Points forts :** Technologie moderne, faible consommation, praticit\u00e9.<br \/>\n**Pourquoi choisir ce produit ?** Id\u00e9al pour un usage quotidien avec un excellent rapport qualit\u00e9-prix.<\/p>\n","protected":false},"excerpt":{"rendered":"<p>Samsung RS50N3803BC.<\/p>\n<p>Placement de appareil: Autoportante, Couleur du produit: Noir, Conception du produit: Am\u00e9ricain. Capacit\u00e9 nette totale: 535 L, Classe climatique: SN-T, \u00e9mission sonore: D. Capacit\u00e9 nette du r\u00e9frig\u00e9rateur: 360 L. Capacit\u00e9 net du cong\u00e9lateur: 175 L, Emplacement du compartiment \u00e0 glace: Plac\u00e9 lat\u00e9ralement, Capacit\u00e9 de cong\u00e9lation: 11 kg\/24h. Classe ;efficacit\u00e9 \u00e9nerg\u00e9tique: F, Consommation annuelle \u00e9nergie: 395 kWh, Plage d\u2019efficacit\u00e9 \u00e9nerg\u00e9tique: A \u00e0 G<\/p>\n<p>Disponible en stock<\/p>\n<p>Livraison gratuite 2 \u00e0 3 jours<\/p>\n<p>&nbsp; Compact, \u00e9co-\u00e9nerg\u00e9tique et facile \u00e0 utiliser.<\/p>\n","protected":false},"featured_media":3053,"comment_status":"closed","ping_status":"closed","template":"","meta":[],"product_brand":[],"product_cat":[180,164],"product_tag":[],"class_list":{"0":"post-3052","1":"product","2":"type-product","3":"status-publish","6":"product_cat-electromenagers","7":"product_cat-refrigerateur","9":"first","10":"instock","11":"sale","12":"taxable","13":"shipping-taxable","14":"purchasable","15":"product-type-simple"},"_links":{"self":[{"href":"https:\/\/menagers-holding.fr\/index.php?rest_route=\/wp\/v2\/product\/3052","targetHints":{"allow":["GET"]}}],"collection":[{"href":"https:\/\/menagers-holding.fr\/index.php?rest_route=\/wp\/v2\/product"}],"about":[{"href":"https:\/\/menagers-holding.fr\/index.php?rest_route=\/wp\/v2\/types\/product"}],"replies":[{"embeddable":true,"href":"https:\/\/menagers-holding.fr\/index.php?rest_route=%2Fwp%2Fv2%2Fcomments&post=3052"}],"wp:featuredmedia":[{"embeddable":true,"href":"https:\/\/menagers-holding.fr\/index.php?rest_route=\/wp\/v2\/media\/3053"}],"wp:attachment":[{"href":"https:\/\/menagers-holding.fr\/index.php?rest_route=%2Fwp%2Fv2%2Fmedia&parent=3052"}],"wp:term":[{"taxonomy":"product_brand","embeddable":true,"href":"https:\/\/menagers-holding.fr\/index.php?rest_route=%2Fwp%2Fv2%2Fproduct_brand&post=3052"},{"taxonomy":"product_cat","embeddable":true,"href":"https:\/\/menagers-holding.fr\/index.php?rest_route=%2Fwp%2Fv2%2Fproduct_cat&post=3052"},{"taxonomy":"product_tag","embeddable":true,"href":"https:\/\/menagers-holding.fr\/index.php?rest_route=%2Fwp%2Fv2%2Fproduct_tag&post=3052"}],"curies":[{"name":"wp","href":"https:\/\/api.w.org\/{rel}","templated":true}]}}