{"id":2947,"date":"2022-08-26T10:07:10","date_gmt":"2022-08-26T10:07:10","guid":{"rendered":"https:\/\/menagers-holding.fr\/?post_type=product&#038;p=2947"},"modified":"2025-09-23T08:41:02","modified_gmt":"2025-09-23T08:41:02","slug":"xiaomi-roborock-s7","status":"publish","type":"product","link":"https:\/\/menagers-holding.fr\/?product=xiaomi-roborock-s7","title":{"rendered":"Xiaomi Roborock S7a"},"content":{"rendered":"<h1>Xiaomi Roborock S7<\/h1>\n<h3>Excellent pouvoir nettoyant<\/h3>\n<p>Le super puissant Xiaomi Roborock S7 est \u00e9quip\u00e9 du syst\u00e8me d&rsquo;aspiration HyperForce du Roborock et utilise pas moins de 2 500 Pa de puissance d&rsquo;aspiration pour \u00e9liminer tous les types de poussi\u00e8re et de salet\u00e9. Il aspire sans effort la salet\u00e9 des sols durs, des tapis et d&rsquo;autres types de surfaces. La nouvelle brosse principale flottante suit exactement le sol, m\u00eame sur les surfaces irr\u00e9guli\u00e8res. Les ailettes en caoutchouc permettent d&rsquo;atteindre tous les coins. L&rsquo;aspirateur peut \u00eatre contr\u00f4l\u00e9 via l&rsquo;application pratique Roborock ou avec votre voix via Amazon Alexa, Google Home, Homey Pro et Siri ! Le Xiaomi Roborock S7 est \u00e9quip\u00e9 d&rsquo;une poubelle de 470 ml qui stocke la salet\u00e9 de plusieurs jours sans effort.<\/p>\n<p>En plus de passer l&rsquo;aspirateur, le robot aspirateur est \u00e9galement capable de passer une serpilli\u00e8re en profondeur gr\u00e2ce \u00e0 la technologie de vibration Sonic. Le mop frotte jusqu&rsquo;\u00e0 3 000 fois par minute pour \u00e9liminer toutes les salet\u00e9s tenaces. M\u00eame les taches de caf\u00e9 tenaces et les traces de pas boueuses sont \u00e9limin\u00e9es par le Roborock S7. Gr\u00e2ce aux ultrasons, le Xiaomi Roborock S7 reconna\u00eet parfaitement les tapis. D\u00e8s que l&rsquo;appareil d\u00e9tecte un tapis, le balai remonte automatiquement \u00e0 5 mm pour prot\u00e9ger les sols en tissu. L&rsquo;aspirateur dispose d&rsquo;un r\u00e9servoir d&rsquo;eau de 300 ml qui lui permet de passer une serpilli\u00e8re en profondeur jusqu&rsquo;\u00e0 200 m\u00b2.<\/p>\n<h3>Nettoyage efficace<\/h3>\n<p>Gr\u00e2ce \u00e0 sa puissante batterie de 5 200 mAh, l&rsquo;appareil peut nettoyer pendant au moins 3 heures sans avoir \u00e0 se recharger entre deux. Une fois le nettoyage termin\u00e9, l&rsquo;aspirateur se rel\u00e8ve automatiquement pour \u00e9viter les traces sur le sol. Il ne raye pas non plus le sol car il est fabriqu\u00e9 \u00e0 partir de mat\u00e9riaux durables. Le Roborock S7 est \u00e9galement tr\u00e8s silencieux, il ne sera donc pas audible de fa\u00e7on d\u00e9rangeante pendant son utilisation.<\/p>\n<p>L&rsquo;aspirateur utilise la navigation LiDAR pour cr\u00e9er des cartes d\u00e9taill\u00e9es de la maison et identifier toutes les pi\u00e8ces sur quatre niveaux. Il cr\u00e9e ensuite des parcours intelligents dans la maison pour nettoyer le plus efficacement possible. Dans l&rsquo;application, vous pouvez directement visualiser la carte cr\u00e9\u00e9e de la maison et ajuster de nombreux param\u00e8tres. Par exemple, choisissez si le Roborock S7 doit \u00e9viter le tapis d\u00e9tect\u00e9 ou passer l&rsquo;aspirateur, mais en passant la serpilli\u00e8re. Vous pouvez \u00e9galement r\u00e9gler l&rsquo;intensit\u00e9 de l&rsquo;aspiration et de la puissance de balayage pour chaque pi\u00e8ce, par exemple pour aspirer \u00e0 fond le salon et passer un coup de balai suppl\u00e9mentaire dans la cuisine. Vous pouvez \u00e9galement d\u00e9finir facilement des zones interdites et des murs invisibles pour \u00e9viter certaines zones de la maison. Enfin, vous pouvez \u00e9galement \u00e9tablir des horaires pour que certaines zones soient nettoy\u00e9es \u00e0 certaines heures, ce qui est parfait pour le travail \u00e0 domicile !<\/p>\n<ul>\n<li>\n<ul>\n<li>2500 Pa de puissance d&rsquo;aspiration<\/li>\n<li>Featured with a floating main brush that follows the surface.<\/li>\n<li>Range la salet\u00e9 pendant des jours dans le bac \u00e0 salet\u00e9 de 470ml.<\/li>\n<li>Essuie jusqu&rsquo;\u00e0 200m\u00b2 avec le r\u00e9servoir d&rsquo;eau de 300ml.<\/li>\n<li>Soulever le balai automatiquement lorsqu&rsquo;il d\u00e9tecte des tapis.<\/li>\n<li>3 heures de nettoyage gr\u00e2ce \u00e0 la batterie de 5 200mAh.<\/li>\n<li>Contr\u00f4l\u00e9 par une application tr\u00e8s conviviale.<\/li>\n<\/ul>\n<\/li>\n<\/ul>\n<p>**Points forts :** Technologie moderne, faible consommation, praticit\u00e9.<br \/>\n**Pourquoi choisir ce produit ?** Id\u00e9al pour un usage quotidien avec un excellent rapport qualit\u00e9-prix.<\/p>\n","protected":false},"excerpt":{"rendered":"<ul>\n<li>R\u00e9f: 226EMP9955MP036<\/li>\n<li>Disponible en stock<\/li>\n<li>D\u00e9lai de livraison 2 \u00e0 3 jours<\/li>\n<li>2500 Pa de puissance d&rsquo;aspiration<\/li>\n<li>Range la salet\u00e9 pendant des jours dans le bac \u00e0 salet\u00e9 de 470ml.<\/li>\n<li>Essuie jusqu&rsquo;\u00e0 200m\u00b2 avec le r\u00e9servoir d&rsquo;eau de 300ml.<\/li>\n<li>Soulever le balai automatiquement lorsqu&rsquo;il d\u00e9tecte des tapis.<\/li>\n<li>3 heures de nettoyage gr\u00e2ce \u00e0 la batterie de 5 200mAh.<\/li>\n<li>Contr\u00f4l\u00e9 par une application tr\u00e8s conviviale.<\/li>\n<\/ul>\n<p> Compact, \u00e9co-\u00e9nerg\u00e9tique et facile \u00e0 utiliser.<\/p>\n","protected":false},"featured_media":2948,"comment_status":"closed","ping_status":"closed","template":"","meta":[],"product_brand":[],"product_cat":[162,180],"product_tag":[],"class_list":{"0":"post-2947","1":"product","2":"type-product","3":"status-publish","6":"product_cat-aspirateur","7":"product_cat-electromenagers","9":"first","10":"instock","11":"sale","12":"taxable","13":"shipping-taxable","14":"purchasable","15":"product-type-simple"},"_links":{"self":[{"href":"https:\/\/menagers-holding.fr\/index.php?rest_route=\/wp\/v2\/product\/2947","targetHints":{"allow":["GET"]}}],"collection":[{"href":"https:\/\/menagers-holding.fr\/index.php?rest_route=\/wp\/v2\/product"}],"about":[{"href":"https:\/\/menagers-holding.fr\/index.php?rest_route=\/wp\/v2\/types\/product"}],"replies":[{"embeddable":true,"href":"https:\/\/menagers-holding.fr\/index.php?rest_route=%2Fwp%2Fv2%2Fcomments&post=2947"}],"wp:featuredmedia":[{"embeddable":true,"href":"https:\/\/menagers-holding.fr\/index.php?rest_route=\/wp\/v2\/media\/2948"}],"wp:attachment":[{"href":"https:\/\/menagers-holding.fr\/index.php?rest_route=%2Fwp%2Fv2%2Fmedia&parent=2947"}],"wp:term":[{"taxonomy":"product_brand","embeddable":true,"href":"https:\/\/menagers-holding.fr\/index.php?rest_route=%2Fwp%2Fv2%2Fproduct_brand&post=2947"},{"taxonomy":"product_cat","embeddable":true,"href":"https:\/\/menagers-holding.fr\/index.php?rest_route=%2Fwp%2Fv2%2Fproduct_cat&post=2947"},{"taxonomy":"product_tag","embeddable":true,"href":"https:\/\/menagers-holding.fr\/index.php?rest_route=%2Fwp%2Fv2%2Fproduct_tag&post=2947"}],"curies":[{"name":"wp","href":"https:\/\/api.w.org\/{rel}","templated":true}]}}