{"id":2908,"date":"2022-08-26T07:30:18","date_gmt":"2022-08-26T07:30:18","guid":{"rendered":"https:\/\/menagers-holding.fr\/?post_type=product&#038;p=2908"},"modified":"2025-09-21T04:31:32","modified_gmt":"2025-09-21T04:31:32","slug":"chauffe-eau-thermodynamique-aeromax-5-250l-stable-2450w","status":"publish","type":"product","link":"https:\/\/menagers-holding.fr\/?product=chauffe-eau-thermodynamique-aeromax-5-250l-stable-2450w","title":{"rendered":"Chauffe-eau thermodynamique A\u00e9romax 5 &#8211; 250L &#8211; Stable &#8211; 2450W"},"content":{"rendered":"<p>Un chauffe-eau thermodynamique est un ballon d&rsquo;eau chaude muni d&rsquo;une pompe \u00e0 chaleur. Au lieu d&rsquo;\u00eatre chauff\u00e9e par une r\u00e9sistance \u00e9lectrique comme les chauffe-eau classiques, l&rsquo;eau sanitaire monte en temp\u00e9rature gr\u00e2ce \u00e0 une pompe \u00e0 chaleur qui r\u00e9cup\u00e8re les calories de l&rsquo;air ambiant, ou bien de l&rsquo;air ext\u00e9rieur. Une source d&rsquo;\u00e9nergie gratuite et in\u00e9puisable&#8230; Ce syst\u00e8me permet de faire de consid\u00e9rables \u00e9conomies.<\/p>\n<p><strong>Le chauffe-eau Aeromax 5 VS (vertical stable) peut-\u00eatre command\u00e9 par application, et propose la fonction pilotage intelligent, qui adapte automatiquement son fonctionnement aux besoins du m\u00e9nage. Il se d\u00e9cline en volume 200 et 250L.<br \/>\n<\/strong><\/p>\n<p>L&rsquo;Aeromax 5 VS vient remplacer le chauffe-eau Aeromax 4 et le Aeromax RT+. Il est \u00e9galement propos\u00e9 en version Vertical Mural, dans les volumes 100 et 150L.<\/p>\n<p><strong>Garantie<\/strong> 3 ans la pompe \u00e0 chaleur et 5 ans pour la cuve<\/p>\n<p>2 volumes disponibles : 200 et 250L<\/p>\n<p><strong>Livr\u00e9 avec :<\/strong><br \/>\n&#8211; raccord di\u00e9lectrique tournant 3\/4&Prime;,<br \/>\n&#8211; tube d\u2019\u00e9vacuation des condensats<br \/>\n&#8211; raccord pour gaine x2<\/p>\n<p>&nbsp;<\/p>\n<p><strong>Mise en oeuvre :<\/strong><\/p>\n<p><img fetchpriority=\"high\" decoding=\"async\" src=\"httpss:\/\/media.e.ma-cdn.com\/wysiwyg\/Thermor\/aeromax-5-vs-meo.png\" alt=\"aeromax 5 vs thermor mise en oeuvre\" width=\"372\" height=\"419\" \/><\/p>\n<p>**Points forts :** Puissant, silencieux et \u00e9conomique.<br \/>\n**Pourquoi choisir ce produit ?** Pour un confort optimal toute l\u2019ann\u00e9e.<\/p>\n","protected":false},"excerpt":{"rendered":"<p>Chauffe-eau thermodynamique connect\u00e9 pour installation au sol. Volumes 200 et 250L. Possibilit\u00e9 de pilotage visualisation des donn\u00e9es \u00e0 distance gr\u00e2ce \u00e0 l&rsquo;application Cozytouch.<\/p>\n<ul class=\"dl\">\n<li><span class=\"dt\">EAN :<\/span>\u00a0<span class=\"dd\">3546332860396<\/span><\/li>\n<li>R\u00e9f: 35EMP5874MP87<\/li>\n<li>Disponible en stock<\/li>\n<li>d\u00e9lai de livraison 2 \u00e0 3 jours<\/li>\n<li class=\"KgL16d\">Dimensions de 1929 x 602 mm (H x \u00d8)<\/li>\n<li class=\"KgL16d\">Capacit\u00e9 de 250 l<\/li>\n<li class=\"KgL16d\">De type chauffe-eau<\/li>\n<li class=\"KgL16d\">Technologie thermodynamique<\/li>\n<li class=\"KgL16d\">Pilotage \u00e0 distance<\/li>\n<li><\/li>\n<\/ul>\n<p> Con\u00e7u pour le confort, la puissance et la faible consommation.<\/p>\n","protected":false},"featured_media":2909,"comment_status":"closed","ping_status":"closed","template":"","meta":[],"product_brand":[],"product_cat":[156],"product_tag":[],"class_list":{"0":"post-2908","1":"product","2":"type-product","3":"status-publish","6":"product_cat-chauffage-et-plomberie","8":"first","9":"instock","10":"sale","11":"taxable","12":"shipping-taxable","13":"purchasable","14":"product-type-simple"},"_links":{"self":[{"href":"https:\/\/menagers-holding.fr\/index.php?rest_route=\/wp\/v2\/product\/2908","targetHints":{"allow":["GET"]}}],"collection":[{"href":"https:\/\/menagers-holding.fr\/index.php?rest_route=\/wp\/v2\/product"}],"about":[{"href":"https:\/\/menagers-holding.fr\/index.php?rest_route=\/wp\/v2\/types\/product"}],"replies":[{"embeddable":true,"href":"https:\/\/menagers-holding.fr\/index.php?rest_route=%2Fwp%2Fv2%2Fcomments&post=2908"}],"wp:featuredmedia":[{"embeddable":true,"href":"https:\/\/menagers-holding.fr\/index.php?rest_route=\/wp\/v2\/media\/2909"}],"wp:attachment":[{"href":"https:\/\/menagers-holding.fr\/index.php?rest_route=%2Fwp%2Fv2%2Fmedia&parent=2908"}],"wp:term":[{"taxonomy":"product_brand","embeddable":true,"href":"https:\/\/menagers-holding.fr\/index.php?rest_route=%2Fwp%2Fv2%2Fproduct_brand&post=2908"},{"taxonomy":"product_cat","embeddable":true,"href":"https:\/\/menagers-holding.fr\/index.php?rest_route=%2Fwp%2Fv2%2Fproduct_cat&post=2908"},{"taxonomy":"product_tag","embeddable":true,"href":"https:\/\/menagers-holding.fr\/index.php?rest_route=%2Fwp%2Fv2%2Fproduct_tag&post=2908"}],"curies":[{"name":"wp","href":"https:\/\/api.w.org\/{rel}","templated":true}]}}