{"id":2657,"date":"2021-12-09T11:43:52","date_gmt":"2021-12-09T11:43:52","guid":{"rendered":"https:\/\/menagers-holding.fr\/?post_type=product&#038;p=2657"},"modified":"2025-09-23T08:44:38","modified_gmt":"2025-09-23T08:44:38","slug":"philips-s9711-32-rasoir-electrique-series-9000-2","status":"publish","type":"product","link":"https:\/\/menagers-holding.fr\/?product=philips-s9711-32-rasoir-electrique-series-9000-2","title":{"rendered":"PHILIPS S9711\/32 Rasoir \u00e9lectrique S\u00e9ries 9000"},"content":{"rendered":"<h1 class=\"\">PHILIPS S9711\/32 Rasoir \u00e9lectrique S\u00e9ries 9000   Tondeuse \u00e0 barbe &#8211; Syst\u00e8me de nettoyage Smart Clean &#8211; 100% Etanche.<\/h1>\n<p>**Points forts :** Fiabilit\u00e9, praticit\u00e9 et prix abordable.<br \/>\n**Pourquoi choisir ce produit ?** Convient \u00e0 divers besoins du quotidien.<\/p>\n","protected":false},"excerpt":{"rendered":"<ul>\n<li>Puissance \u00e9lectrique : 9 Watt<\/li>\n<li>Couleur : Chrome bross\u00e9<\/li>\n<li>Type de Produit : Rasoir \u00e9lectrique &#8211; sans fil<\/li>\n<li>T\u00eate lavable : oui<\/li>\n<li>Syst\u00e8me de coupe tr\u00e8s pr\u00e9cis et d\u00e9tection des contours, Etanche, 3 modes de rasage, tondeuse barbe SmartClick, SmartClean<\/li>\n<\/ul>\n<div class=\"jsFpBulletPointMore\">\n<ul>\n<li>Alimentation : 100 &#8211; 240 V<\/li>\n<li>Caract\u00e9ristiques particuli\u00e8res : Etanche, Recharge rapide<\/li>\n<\/ul>\n<\/div>\n<p> Fiable et adapt\u00e9 \u00e0 vos besoins quotidiens.<\/p>\n","protected":false},"featured_media":2658,"comment_status":"closed","ping_status":"closed","template":"","meta":[],"product_brand":[],"product_cat":[153,180],"product_tag":[],"class_list":{"0":"post-2657","1":"product","2":"type-product","3":"status-publish","6":"product_cat-electricite-et-domotique","7":"product_cat-electromenagers","9":"first","10":"instock","11":"sale","12":"taxable","13":"shipping-taxable","14":"purchasable","15":"product-type-simple"},"_links":{"self":[{"href":"https:\/\/menagers-holding.fr\/index.php?rest_route=\/wp\/v2\/product\/2657","targetHints":{"allow":["GET"]}}],"collection":[{"href":"https:\/\/menagers-holding.fr\/index.php?rest_route=\/wp\/v2\/product"}],"about":[{"href":"https:\/\/menagers-holding.fr\/index.php?rest_route=\/wp\/v2\/types\/product"}],"replies":[{"embeddable":true,"href":"https:\/\/menagers-holding.fr\/index.php?rest_route=%2Fwp%2Fv2%2Fcomments&post=2657"}],"wp:featuredmedia":[{"embeddable":true,"href":"https:\/\/menagers-holding.fr\/index.php?rest_route=\/wp\/v2\/media\/2658"}],"wp:attachment":[{"href":"https:\/\/menagers-holding.fr\/index.php?rest_route=%2Fwp%2Fv2%2Fmedia&parent=2657"}],"wp:term":[{"taxonomy":"product_brand","embeddable":true,"href":"https:\/\/menagers-holding.fr\/index.php?rest_route=%2Fwp%2Fv2%2Fproduct_brand&post=2657"},{"taxonomy":"product_cat","embeddable":true,"href":"https:\/\/menagers-holding.fr\/index.php?rest_route=%2Fwp%2Fv2%2Fproduct_cat&post=2657"},{"taxonomy":"product_tag","embeddable":true,"href":"https:\/\/menagers-holding.fr\/index.php?rest_route=%2Fwp%2Fv2%2Fproduct_tag&post=2657"}],"curies":[{"name":"wp","href":"https:\/\/api.w.org\/{rel}","templated":true}]}}