{"id":2609,"date":"2022-07-20T19:29:29","date_gmt":"2022-07-20T19:29:29","guid":{"rendered":"https:\/\/menagers-holding.fr\/?post_type=product&#038;p=2609"},"modified":"2025-09-21T04:31:30","modified_gmt":"2025-09-21T04:31:30","slug":"crepiere-fonte-40cm-3000w-vert-cebpa4ao-krampouz","status":"publish","type":"product","link":"https:\/\/menagers-holding.fr\/?product=crepiere-fonte-40cm-3000w-vert-cebpa4ao-krampouz","title":{"rendered":"Cr\u00eapi\u00e8re fonte 40cm 3000w vert &#8211; cebpa4ao &#8211; krampouz"},"content":{"rendered":"<p>cr\u00eapi\u00e8re fonte 40cm 3000w vert &#8211; Destin\u00e9e \u00e0 un usage familial, cette cr\u00eapi\u00e8re traditionnelle con\u00e7ue sur la base de nos mat\u00e9riels professionnels a particip\u00e9 depuis plus de 30 ans \u00e0 la r\u00e9putation de Krampouz.<br \/>\n&#8211; Puissance : 3000 W en 230\/240 V monophas\u00e9<br \/>\nPlaque : \u00f8 40 cm<br \/>\nCh\u00e2ssis en acier<br \/>\nPlaque en fonte d&rsquo;acier usin\u00e9e certifi\u00e9e contact alimentaire<br \/>\nThermostat r\u00e9glable<br \/>\nT\u00e9moin de chauffe<br \/>\nR\u00e9sistance en serpentin int\u00e9gr\u00e9e dans la plaque de cuisson garantissant une diffusion uniforme de la chaleur au coeur de la fonte: un proc\u00e9d\u00e9 exclusif Krampouz<br \/>\nR\u00e9gulation thermostatique de 50 \u00e0 300\u00b0C<br \/>\nAccessoires inclus :<br \/>\n&#8211; Une spatule en bois<br \/>\n&#8211; Un r\u00e2teau en bois<br \/>\nPoids : 16 kg<\/p>\n<p><strong>Caract\u00e9ristiques<\/strong><\/p>\n<p>Nombre de colis<br \/>\n1<br \/>\nMarque<br \/>\nKrampouz<br \/>\nEAN<br \/>\n3563880000050<br \/>\nRev\u00eatement<br \/>\nNon communiqu\u00e9<br \/>\nCouleur<br \/>\nVert<br \/>\nPuissance totale (en watts)<br \/>\n3000<br \/>\nGarantie l\u00e9gale de conformit\u00e9<br \/>\n24 mois pour les produits neufs, 12 mois pour les produits d&rsquo;occasion<br \/>\nPoids<br \/>\n17.1<br \/>\nGarantie constructeur<br \/>\n2<br \/>\nDisponibilit\u00e9 des pi\u00e8ces d\u00e9tach\u00e9es<br \/>\nNon Communiqu\u00e9e<br \/>\nReprise DEEE<br \/>\nEn savoir plus<br \/>\nR\u00e9f\u00e9rence fabricant<br \/>\ncebpa4ao<\/p>\n<p>**Points forts :** Puissant, silencieux et \u00e9conomique.<br \/>\n**Pourquoi choisir ce produit ?** Pour un confort optimal toute l\u2019ann\u00e9e.<\/p>\n","protected":false},"excerpt":{"rendered":"<p>cr\u00eapi\u00e8re fonte 40cm 3000w vert &#8211; Destin\u00e9e \u00e0 un usage familial, cette cr\u00eapi\u00e8re traditionnelle con\u00e7ue sur la base de nos mat\u00e9riels professionnels a particip\u00e9 depuis plus de 30 ans \u00e0 la r\u00e9putation de Krampouz.<br \/>\n&#8211; Puissance : 3000 W en 230\/240 V monophas\u00e9<br \/>\nPlaque : \u00f8 40 cm<br \/>\nCh\u00e2ssis en acier<br \/>\nPlaque en fonte d&rsquo;acier usin\u00e9e certifi\u00e9e contact alimentaire<br \/>\nThermostat r\u00e9glable<br \/>\nT\u00e9moin de chauffe<br \/>\nR\u00e9sistance en serpentin int\u00e9gr\u00e9e dans la plaque de cuisson garantissant une diffusion uniforme de la chaleur au coeur de la fonte: un proc\u00e9d\u00e9 exclusif Krampouz<br \/>\nR\u00e9gulation thermostatique de 50 \u00e0 300\u00b0C<br \/>\nAccessoires inclus :<br \/>\n&#8211; Une spatule en bois<br \/>\n&#8211; Un r\u00e2teau en bois<br \/>\nPoids : 16 kg Con\u00e7u pour le confort, la puissance et la faible consommation.<\/p>\n","protected":false},"featured_media":2610,"comment_status":"closed","ping_status":"closed","template":"","meta":[],"product_brand":[],"product_cat":[156],"product_tag":[],"class_list":{"0":"post-2609","1":"product","2":"type-product","3":"status-publish","6":"product_cat-chauffage-et-plomberie","8":"first","9":"instock","10":"sale","11":"taxable","12":"shipping-taxable","13":"purchasable","14":"product-type-simple"},"_links":{"self":[{"href":"https:\/\/menagers-holding.fr\/index.php?rest_route=\/wp\/v2\/product\/2609","targetHints":{"allow":["GET"]}}],"collection":[{"href":"https:\/\/menagers-holding.fr\/index.php?rest_route=\/wp\/v2\/product"}],"about":[{"href":"https:\/\/menagers-holding.fr\/index.php?rest_route=\/wp\/v2\/types\/product"}],"replies":[{"embeddable":true,"href":"https:\/\/menagers-holding.fr\/index.php?rest_route=%2Fwp%2Fv2%2Fcomments&post=2609"}],"wp:featuredmedia":[{"embeddable":true,"href":"https:\/\/menagers-holding.fr\/index.php?rest_route=\/wp\/v2\/media\/2610"}],"wp:attachment":[{"href":"https:\/\/menagers-holding.fr\/index.php?rest_route=%2Fwp%2Fv2%2Fmedia&parent=2609"}],"wp:term":[{"taxonomy":"product_brand","embeddable":true,"href":"https:\/\/menagers-holding.fr\/index.php?rest_route=%2Fwp%2Fv2%2Fproduct_brand&post=2609"},{"taxonomy":"product_cat","embeddable":true,"href":"https:\/\/menagers-holding.fr\/index.php?rest_route=%2Fwp%2Fv2%2Fproduct_cat&post=2609"},{"taxonomy":"product_tag","embeddable":true,"href":"https:\/\/menagers-holding.fr\/index.php?rest_route=%2Fwp%2Fv2%2Fproduct_tag&post=2609"}],"curies":[{"name":"wp","href":"https:\/\/api.w.org\/{rel}","templated":true}]}}