{"id":2540,"date":"2021-12-09T14:34:14","date_gmt":"2021-12-09T14:34:14","guid":{"rendered":"https:\/\/menagers-holding.fr\/?post_type=product&#038;p=2540"},"modified":"2025-09-24T06:11:02","modified_gmt":"2025-09-24T06:11:02","slug":"coiffeuse-fille-dangle-avec-miroir-de-maquillage-lampe-miroir","status":"publish","type":"product","link":"https:\/\/menagers-holding.fr\/?product=coiffeuse-fille-dangle-avec-miroir-de-maquillage-lampe-miroir","title":{"rendered":"Coiffeuse fille d\u2019angle avec miroir de maquillage lampe miroir Design Moderne"},"content":{"rendered":"<p>Chende Miroir Maquillage Lumineux Hollywood pour Montage Mural, Miroir de Maquillage de \u00e9clair\u00e9 avec Conversion en 3 Couleurs pour Coiffeuse, Grand Miroir de Th\u00e9\u00e2tre professionnel avec Dimmable 12 LED<\/p>\n<p>**Points forts :** Confort, design \u00e9l\u00e9gant et robustesse.<br \/>\n**Pourquoi choisir ce produit ?** Il apporte style et praticit\u00e9 \u00e0 votre int\u00e9rieur.<\/p>\n","protected":false},"excerpt":{"rendered":"<p>Chende Miroir Maquillage Lumineux Hollywood pour Montage Mural, Miroir de Maquillage de \u00e9clair\u00e9 avec Conversion en 3 Couleurs pour Coiffeuse, Grand Miroir de Th\u00e9\u00e2tre professionnel avec Dimmable 12 LED Design moderne, confortable et durable.<\/p>\n","protected":false},"featured_media":5065,"comment_status":"closed","ping_status":"closed","template":"","meta":[],"product_brand":[],"product_cat":[155],"product_tag":[],"class_list":{"0":"post-2540","1":"product","2":"type-product","3":"status-publish","6":"product_cat-meuble","8":"first","9":"instock","10":"sale","11":"taxable","12":"shipping-taxable","13":"purchasable","14":"product-type-simple"},"_links":{"self":[{"href":"https:\/\/menagers-holding.fr\/index.php?rest_route=\/wp\/v2\/product\/2540","targetHints":{"allow":["GET"]}}],"collection":[{"href":"https:\/\/menagers-holding.fr\/index.php?rest_route=\/wp\/v2\/product"}],"about":[{"href":"https:\/\/menagers-holding.fr\/index.php?rest_route=\/wp\/v2\/types\/product"}],"replies":[{"embeddable":true,"href":"https:\/\/menagers-holding.fr\/index.php?rest_route=%2Fwp%2Fv2%2Fcomments&post=2540"}],"wp:featuredmedia":[{"embeddable":true,"href":"https:\/\/menagers-holding.fr\/index.php?rest_route=\/wp\/v2\/media\/5065"}],"wp:attachment":[{"href":"https:\/\/menagers-holding.fr\/index.php?rest_route=%2Fwp%2Fv2%2Fmedia&parent=2540"}],"wp:term":[{"taxonomy":"product_brand","embeddable":true,"href":"https:\/\/menagers-holding.fr\/index.php?rest_route=%2Fwp%2Fv2%2Fproduct_brand&post=2540"},{"taxonomy":"product_cat","embeddable":true,"href":"https:\/\/menagers-holding.fr\/index.php?rest_route=%2Fwp%2Fv2%2Fproduct_cat&post=2540"},{"taxonomy":"product_tag","embeddable":true,"href":"https:\/\/menagers-holding.fr\/index.php?rest_route=%2Fwp%2Fv2%2Fproduct_tag&post=2540"}],"curies":[{"name":"wp","href":"https:\/\/api.w.org\/{rel}","templated":true}]}}