{"id":2490,"date":"2021-11-01T16:18:16","date_gmt":"2021-11-01T16:18:16","guid":{"rendered":"https:\/\/menagers-holding.fr\/?post_type=product&#038;p=2490"},"modified":"2025-09-21T04:31:28","modified_gmt":"2025-09-21T04:31:28","slug":"intex-ensemble-de-piscine-ronde-ultra-xtr-frame-732-x-132-cm-26340gn-2","status":"publish","type":"product","link":"https:\/\/menagers-holding.fr\/?product=intex-ensemble-de-piscine-ronde-ultra-xtr-frame-732-x-132-cm-26340gn-2","title":{"rendered":"INTEX Ensemble De Piscine Ronde Ultra Xtr Frame 732 X 132 Cm 26340gn"},"content":{"rendered":"<p>Ensemble de Piscine Ronde Ultra Xtr Frame INTEX fabriqu\u00e9 avec des mat\u00e9riaux durables ,cette piscine est \u00e9l\u00e9gante et peut contenir jusqu&rsquo;\u00e0 47241 litres .La piscine peut \u00eatre intall\u00e9e rapidement et facilement .<\/p>\n<p>**Points forts :** R\u00e9sistant aux conditions ext\u00e9rieures, facile d\u2019entretien.<br \/>\n**Pourquoi choisir ce produit ?** Parfait pour profiter de votre ext\u00e9rieur en toute s\u00e9r\u00e9nit\u00e9.<\/p>\n","protected":false},"excerpt":{"rendered":"<p>Ensemble de Piscine Ronde Ultra Xtr Frame INTEX fabriqu\u00e9 avec des mat\u00e9riaux durables ,cette piscine est \u00e9l\u00e9gante et peut contenir jusqu&rsquo;\u00e0 47241 litres .La piscine peut \u00eatre intall\u00e9e rapidement et facilement . Robuste, pratique et adapt\u00e9 \u00e0 l\u2019ext\u00e9rieur.<\/p>\n","protected":false},"featured_media":2491,"comment_status":"closed","ping_status":"closed","template":"","meta":[],"product_brand":[],"product_cat":[158,157],"product_tag":[],"class_list":{"0":"post-2490","1":"product","2":"type-product","3":"status-publish","6":"product_cat-piscine","7":"product_cat-terrasse-et-jardin","9":"first","10":"instock","11":"sale","12":"taxable","13":"shipping-taxable","14":"purchasable","15":"product-type-simple"},"_links":{"self":[{"href":"https:\/\/menagers-holding.fr\/index.php?rest_route=\/wp\/v2\/product\/2490","targetHints":{"allow":["GET"]}}],"collection":[{"href":"https:\/\/menagers-holding.fr\/index.php?rest_route=\/wp\/v2\/product"}],"about":[{"href":"https:\/\/menagers-holding.fr\/index.php?rest_route=\/wp\/v2\/types\/product"}],"replies":[{"embeddable":true,"href":"https:\/\/menagers-holding.fr\/index.php?rest_route=%2Fwp%2Fv2%2Fcomments&post=2490"}],"wp:featuredmedia":[{"embeddable":true,"href":"https:\/\/menagers-holding.fr\/index.php?rest_route=\/wp\/v2\/media\/2491"}],"wp:attachment":[{"href":"https:\/\/menagers-holding.fr\/index.php?rest_route=%2Fwp%2Fv2%2Fmedia&parent=2490"}],"wp:term":[{"taxonomy":"product_brand","embeddable":true,"href":"https:\/\/menagers-holding.fr\/index.php?rest_route=%2Fwp%2Fv2%2Fproduct_brand&post=2490"},{"taxonomy":"product_cat","embeddable":true,"href":"https:\/\/menagers-holding.fr\/index.php?rest_route=%2Fwp%2Fv2%2Fproduct_cat&post=2490"},{"taxonomy":"product_tag","embeddable":true,"href":"https:\/\/menagers-holding.fr\/index.php?rest_route=%2Fwp%2Fv2%2Fproduct_tag&post=2490"}],"curies":[{"name":"wp","href":"https:\/\/api.w.org\/{rel}","templated":true}]}}