{"id":2305,"date":"2021-10-28T14:58:11","date_gmt":"2021-10-28T14:58:11","guid":{"rendered":"https:\/\/menagers-holding.fr\/?post_type=product&#038;p=2305"},"modified":"2025-09-24T06:36:22","modified_gmt":"2025-09-24T06:36:22","slug":"lidl-climatiseur-3en1-comfee","status":"publish","type":"product","link":"https:\/\/menagers-holding.fr\/?product=lidl-climatiseur-3en1-comfee","title":{"rendered":"Lidl Climatiseur 3en1 Comfee Split"},"content":{"rendered":"<p>Avec sa puissance frigorifique\u00a0 de 7000 BTU\/h , le climatiseur Lidl rafraichie ais\u00e9ment et d\u00e9gage de l&rsquo;air frais. Il d\u00e9shumidifie et ventile l&rsquo;air int\u00e9rieur.<\/p>\n<p>**Points forts :** Puissant, silencieux et \u00e9conomique.<br \/>\n**Pourquoi choisir ce produit ?** Pour un confort optimal toute l\u2019ann\u00e9e.<\/p>\n","protected":false},"excerpt":{"rendered":"<p>Avec sa puissance frigorifique\u00a0 de 7000 BTU\/h , le climatiseur Lidl rafraichie ais\u00e9ment et d\u00e9gage de l&rsquo;air frais. Il d\u00e9shumidifie et ventile l&rsquo;air int\u00e9rieur. Con\u00e7u pour le confort, la puissance et la faible consommation.<\/p>\n","protected":false},"featured_media":5072,"comment_status":"closed","ping_status":"closed","template":"","meta":[],"product_brand":[],"product_cat":[165,180],"product_tag":[],"class_list":{"0":"post-2305","1":"product","2":"type-product","3":"status-publish","6":"product_cat-climatiseur","7":"product_cat-electromenagers","9":"first","10":"instock","11":"sale","12":"taxable","13":"shipping-taxable","14":"purchasable","15":"product-type-simple"},"_links":{"self":[{"href":"https:\/\/menagers-holding.fr\/index.php?rest_route=\/wp\/v2\/product\/2305","targetHints":{"allow":["GET"]}}],"collection":[{"href":"https:\/\/menagers-holding.fr\/index.php?rest_route=\/wp\/v2\/product"}],"about":[{"href":"https:\/\/menagers-holding.fr\/index.php?rest_route=\/wp\/v2\/types\/product"}],"replies":[{"embeddable":true,"href":"https:\/\/menagers-holding.fr\/index.php?rest_route=%2Fwp%2Fv2%2Fcomments&post=2305"}],"wp:featuredmedia":[{"embeddable":true,"href":"https:\/\/menagers-holding.fr\/index.php?rest_route=\/wp\/v2\/media\/5072"}],"wp:attachment":[{"href":"https:\/\/menagers-holding.fr\/index.php?rest_route=%2Fwp%2Fv2%2Fmedia&parent=2305"}],"wp:term":[{"taxonomy":"product_brand","embeddable":true,"href":"https:\/\/menagers-holding.fr\/index.php?rest_route=%2Fwp%2Fv2%2Fproduct_brand&post=2305"},{"taxonomy":"product_cat","embeddable":true,"href":"https:\/\/menagers-holding.fr\/index.php?rest_route=%2Fwp%2Fv2%2Fproduct_cat&post=2305"},{"taxonomy":"product_tag","embeddable":true,"href":"https:\/\/menagers-holding.fr\/index.php?rest_route=%2Fwp%2Fv2%2Fproduct_tag&post=2305"}],"curies":[{"name":"wp","href":"https:\/\/api.w.org\/{rel}","templated":true}]}}